{"id":2681,"date":"2021-04-29T11:12:30","date_gmt":"2021-04-29T11:12:30","guid":{"rendered":"http:\/\/ludzie.fundacja-pih.pl\/?post_type=product&#038;p=2681"},"modified":"2025-05-16T14:19:09","modified_gmt":"2025-05-16T14:19:09","slug":"krotlinski-jaroslaw","status":"publish","type":"product","link":"http:\/\/ludzie.fundacja-pih.pl\/index.php\/product\/krotlinski-jaroslaw\/","title":{"rendered":"Krotli\u0144ski Jaros\u0142aw"},"content":{"rendered":"<p>Urodzi\u0142 si\u0119 12 czerwca 1968 roku we Wroc\u0142awiu.<\/p>\n<p>Po wprowadzeniu stanu wojennego przy\u0142\u0105czy\u0142 si\u0119 do dzia\u0142alno\u015bci konspiracyjnej, w ramach kt\u00f3rej uczestniczy\u0142 w akcjach ulotkowych oraz akcjach malowania antyre\u017cimowych hase\u0142 na murach. Bra\u0142 udzia\u0142 w organizacji antyrz\u0105dowej demonstracji, kt\u00f3ra mia\u0142a miejsce w K\u0142odzku 31 sierpnia 1982 roku. Uczestniczy\u0142 tak\u017ce w manifestacjach antykomunistycznych na ulicach Wroc\u0142awia. W 1984 roku nawi\u0105za\u0142 wsp\u00f3\u0142prac\u0119 z \u201eSolidarno\u015bci\u0105 Walcz\u0105c\u0105\u201d. W latach 1984 \u2013 1986, podczas wyjazd\u00f3w zagranicznych do RFN, wype\u0142nia\u0142 zadania kurierskie. W Monachium kontaktowa\u0142 si\u0119 z Radiem Wolna Europa. W 1987 roku zacz\u0105\u0142 kierowa\u0107 dzia\u0142alno\u015bci\u0105 wroc\u0142awskich Grup Wykonawczych \u201eSolidarno\u015bci Walcz\u0105cej\u201d. W tym samym roku zosta\u0142 cz\u0142onkiem Niezale\u017cnego Zrzeszenia Student\u00f3w na Uniwersytecie Wroc\u0142awskim. W czasie studi\u00f3w wsp\u00f3\u0142tworzy\u0142 Akcj\u0119 Studenck\u0105 \u201eSolidarno\u015bci Walcz\u0105cej\u201d i czasopismo pt. \u201eKontra\u201d. Bra\u0142 udzia\u0142 w przerzucie sprz\u0119tu poligraficznego z Norwegii do Polski. Podczas strajku na Uniwersytecie Wroc\u0142awskim w 1988 roku prowadzi\u0142 nas\u0142uch radiowy na cz\u0119stotliwo\u015bciach wykorzystywanych przez funkcjonariuszy SB. W latach 1988 &#8211; 1989 wsp\u00f3\u0142organizowa\u0142 kilka demonstracji we Wroc\u0142awiu. W okresie lat 1989 \u2013 1990 wsp\u00f3\u0142organizator, autor programu i przewodnicz\u0105cy Klubu My\u015bli Politycznej Wolni i Solidarni, W latach 1990 \u2013 1991 nale\u017ca\u0142 do Partii Wolno\u015bci, Od 1994 do 2002 prowadzi\u0142 w\u0142asn\u0105 dzia\u0142alno\u015b\u0107 gospodarcz\u0105. W latach 1998 \u2013 2002 odby\u0142 aplikacj\u0119 adwokack\u0105, a od 2002 roku zacz\u0105\u0142 prowadzi\u0107 w\u0142asn\u0105 kancelari\u0119 adwokack\u0105. Za swoj\u0105 dzia\u0142alno\u015b\u0107 konspiracyjn\u0105 w 2016 roku otrzyma\u0142 Krzy\u017c Wolno\u015bci i Solidarno\u015bci, a rok p\u00f3\u017aniej, decyzj\u0105 Prezydenta RP nr 223\/2017, otrzyma\u0142 Krzy\u017c Oficerski Orderu Odrodzenia Polski.<\/p>\n","protected":false},"excerpt":{"rendered":"<p>Urodzi\u0142 si\u0119 12 czerwca 1968 roku we Wroc\u0142awiu. Po wprowadzeniu stanu wojennego przy\u0142\u0105czy\u0142 si\u0119 do dzia\u0142alno\u015bci konspiracyjnej, w ramach kt\u00f3rej uczestniczy\u0142 w akcjach ulotkowych oraz akcjach malowania antyre\u017cimowych hase\u0142 na murach. Bra\u0142 udzia\u0142 w organizacji antyrz\u0105dowej demonstracji, kt\u00f3ra mia\u0142a miejsce w K\u0142odzku 31 sierpnia 1982 roku. Uczestniczy\u0142 tak\u017ce w manifestacjach antykomunistycznych na ulicach Wroc\u0142awia. W [&hellip;]<\/p>\n","protected":false},"featured_media":2682,"template":"","meta":[],"_links":{"self":[{"href":"http:\/\/ludzie.fundacja-pih.pl\/index.php\/wp-json\/wp\/v2\/product\/2681"}],"collection":[{"href":"http:\/\/ludzie.fundacja-pih.pl\/index.php\/wp-json\/wp\/v2\/product"}],"about":[{"href":"http:\/\/ludzie.fundacja-pih.pl\/index.php\/wp-json\/wp\/v2\/types\/product"}],"wp:featuredmedia":[{"embeddable":true,"href":"http:\/\/ludzie.fundacja-pih.pl\/index.php\/wp-json\/wp\/v2\/media\/2682"}],"wp:attachment":[{"href":"http:\/\/ludzie.fundacja-pih.pl\/index.php\/wp-json\/wp\/v2\/media?parent=2681"}],"curies":[{"name":"wp","href":"https:\/\/api.w.org\/{rel}","templated":true}]}}

Krotliński Jarosław

<p>Urodził się 12 czerwca 1968 roku we Wrocławiu.</p>
<p>Po wprowadzeniu stanu wojennego przyłączył się do działalności konspiracyjnej, w ramach której uczestniczył w akcjach ulotkowych oraz akcjach malowania antyreżimowych haseł na murach. Brał udział w organizacji antyrządowej demonstracji, która miała miejsce w Kłodzku 31 sierpnia 1982 roku. Uczestniczył także w manifestacjach antykomunistycznych na ulicach Wrocławia. W 1984 roku nawiązał współpracę z „Solidarnością Walczącą”. W latach 1984 – 1986, podczas wyjazdów zagranicznych do RFN, wypełniał zadania kurierskie. W Monachium kontaktował się z Radiem Wolna Europa. W 1987 roku zaczął kierować działalnością wrocławskich Grup Wykonawczych „Solidarności Walczącej”. W tym samym roku został członkiem Niezależnego Zrzeszenia Studentów na Uniwersytecie Wrocławskim. W czasie studiów współtworzył Akcję Studencką „Solidarności Walczącej” i czasopismo pt. „Kontra”. Brał udział w przerzucie sprzętu poligraficznego z Norwegii do Polski. Podczas strajku na Uniwersytecie Wrocławskim w 1988 roku prowadził nasłuch radiowy na częstotliwościach wykorzystywanych przez funkcjonariuszy SB. W latach 1988 &#8211; 1989 współorganizował kilka demonstracji we Wrocławiu. W okresie lat 1989 – 1990 współorganizator, autor programu i przewodniczący Klubu Myśli Politycznej Wolni i Solidarni, W latach 1990 – 1991 należał do Partii Wolności, Od 1994 do 2002 prowadził własną działalność gospodarczą. W latach 1998 – 2002 odbył aplikację adwokacką, a od 2002 roku zaczął prowadzić własną kancelarię adwokacką. Za swoją działalność konspiracyjną w 2016 roku otrzymał Krzyż Wolności i Solidarności, a rok później, decyzją Prezydenta RP nr 223/2017, otrzymał Krzyż Oficerski Orderu Odrodzenia Polski.</p>

<p>Urodził się 12 czerwca 1968 roku we Wrocławiu. Po wprowadzeniu stanu wojennego przyłączył się do działalności konspiracyjnej, w ramach której uczestniczył w akcjach ulotkowych oraz akcjach malowania antyreżimowych haseł na murach. Brał udział w organizacji antyrządowej demonstracji, która miała miejsce w Kłodzku 31 sierpnia 1982 roku. Uczestniczył także w manifestacjach antykomunistycznych na ulicach Wrocławia. W [&hellip;]</p>
