{"id":2703,"date":"2021-04-29T11:28:03","date_gmt":"2021-04-29T11:28:03","guid":{"rendered":"http:\/\/ludzie.fundacja-pih.pl\/?post_type=product&#038;p=2703"},"modified":"2025-05-16T14:19:14","modified_gmt":"2025-05-16T14:19:14","slug":"dziubanski-maciej","status":"publish","type":"product","link":"http:\/\/ludzie.fundacja-pih.pl\/index.php\/product\/dziubanski-maciej\/","title":{"rendered":"Dziuba\u0144ski Maciej"},"content":{"rendered":"<p>Nale\u017ca\u0142 do  Narodowo \u2013 Wyzwole\u0144czej Organizacji \u201eLechia\u2019\u2019, kt\u00f3ra powsta\u0142a w 1981 i wydawa\u0142a w\u0142asne pisma i program polityczny, p\u00f3\u017aniej dzia\u0142acz i kolporter Solidarno\u015bci Walcz\u0105cej odzia\u0142 Wroc\u0142aw.<\/p>\n","protected":false},"excerpt":{"rendered":"<p>Nale\u017ca\u0142 do Narodowo \u2013 Wyzwole\u0144czej Organizacji \u201eLechia\u2019\u2019, kt\u00f3ra powsta\u0142a w 1981 i wydawa\u0142a w\u0142asne pisma i program polityczny, p\u00f3\u017aniej dzia\u0142acz i kolporter Solidarno\u015bci Walcz\u0105cej odzia\u0142 Wroc\u0142aw.<\/p>\n","protected":false},"featured_media":2704,"template":"","meta":[],"_links":{"self":[{"href":"http:\/\/ludzie.fundacja-pih.pl\/index.php\/wp-json\/wp\/v2\/product\/2703"}],"collection":[{"href":"http:\/\/ludzie.fundacja-pih.pl\/index.php\/wp-json\/wp\/v2\/product"}],"about":[{"href":"http:\/\/ludzie.fundacja-pih.pl\/index.php\/wp-json\/wp\/v2\/types\/product"}],"wp:featuredmedia":[{"embeddable":true,"href":"http:\/\/ludzie.fundacja-pih.pl\/index.php\/wp-json\/wp\/v2\/media\/2704"}],"wp:attachment":[{"href":"http:\/\/ludzie.fundacja-pih.pl\/index.php\/wp-json\/wp\/v2\/media?parent=2703"}],"curies":[{"name":"wp","href":"https:\/\/api.w.org\/{rel}","templated":true}]}}