{"id":2717,"date":"2021-04-29T11:36:09","date_gmt":"2021-04-29T11:36:09","guid":{"rendered":"http:\/\/ludzie.fundacja-pih.pl\/?post_type=product&#038;p=2717"},"modified":"2025-05-16T14:19:17","modified_gmt":"2025-05-16T14:19:17","slug":"gnieciak-jerzy","status":"publish","type":"product","link":"http:\/\/ludzie.fundacja-pih.pl\/index.php\/product\/gnieciak-jerzy\/","title":{"rendered":"Gnieciak Jerzy"},"content":{"rendered":"<p>Urodzi\u0142 si\u0119 6 grudnia 1947 roku w Paczkowie.<\/p>\n<p>W 1965 roku uko\u0144czy\u0142 IV LO w Opolu. W latach 1965 \u2013 1968 prowadzi\u0142 dzia\u0142alno\u015b\u0107 gospodarcz\u0105. W latach 1968 \u2013 1970 odbywa\u0142 zasadnicz\u0105 s\u0142u\u017cb\u0119 wojskow\u0105. W latach 1970 \u2013 1971 ponownie prowadzi\u0142 dzia\u0142alno\u015b\u0107 gospodarcz\u0105. W latach 1971 \u2013 1972 by\u0142 w\u0142a\u015bcicielem kiosku z warzywami w Gogolinie, a w latach 1972 \u2013 1974 w Opolu. W latach 1975 \u2013 1989 by\u0142 w\u0142a\u015bcicielem fermy drobiu w Czarnow\u0105sach  k. Opola. W latach 1982 \u2013 1986 hodowl\u0119 zawieszono z powodu zakazu jej prowadzenia przez SB. W dniach 27 \u2013 28 sierpnia 1980 roku przebywa\u0142 w Gda\u0144sku i Gdyni, w tym m.in. w Stoczni Gda\u0144skiej. Dostarcza\u0142 ulotki i wydawnictwa strajkowe do Opola i zajmowa\u0142 si\u0119 ich kolporta\u017cem. We wrze\u015bniu 1980 roku wst\u0105pi\u0142 do NSZZ \u201eSolidarno\u015b\u0107\u201d. By\u0142 g\u0142\u00f3wnym organizatorem rolniczej \u201eSolidarno\u015bci\u201d w wojew\u00f3dztwie opolskim, kolejno przewodnicz\u0105cym Tymczasowego Komitetu Za\u0142o\u017cycielskiego NSZZ Indywidualnych Producent\u00f3w Rolnych \u201eSolidarno\u015b\u0107 Wiejska\u201d, Tymczasowej Rady Wojew\u00f3dzkiej \u201eSolidarno\u015b\u0107 Ch\u0142opska\u201d, wiceprzewodnicz\u0105cym prezydium Wojew\u00f3dzkiego Komitetu Za\u0142o\u017cycielskiego \u201eS\u201d RI w Opolu. 28 stycznia 1981 roku wsp\u00f3\u0142organizowa\u0142 demonstracj\u0119 i poch\u00f3d rolnik\u00f3w w Opolu ws. postulat\u00f3w rolnik\u00f3w strajkuj\u0105cych w Ustrzykach Dolnych i Rzeszowie oraz g\u0142oduj\u0105cych z NSZZ \u201eSCh\u201d Wojew\u00f3dztwa Wa\u0142brzyskiego w \u015awidnicy. W dniach 8 \u2013 9 marca 1981 roku bra\u0142 udzia\u0142 w zje\u017adzie zjednoczeniowym zwi\u0105zk\u00f3w zawodowych rolnik\u00f3w indywidualnych w Poznaniu. W latach 1980 \u2013 1981 zorganizowa\u0142 biblioteki niezale\u017cnych wydawnictw w siedzibie MKZ w Opolu\/ZR \u015al\u0105ska Opolskiego, punkt kolporta\u017cu i sprzeda\u017cy ksi\u0105\u017cek niezale\u017cnych oraz niezale\u017cnych pism, m.in. \u201eSygna\u0142\u00f3w\u201d, \u201eSolidarno\u015bci Opolszczyzny\u201d, \u201eTygodnika Solidarno\u015b\u0107\u201d. Zorganizowa\u0142 r\u00f3wnie\u017c sie\u0107 kolporta\u017cu w wojew\u00f3dztwie (m.in. przez kolporter\u00f3w Macieja Nowickiego i Arkadiusza Ch\u0142apa). W dniach 24 \u2013 30 marca 1981 roku nale\u017ca\u0142 do Wojew\u00f3dzkiego Komitetu Strajkowego w Opolu. Na prze\u0142omie marca i kwietnia 1981 roku uczestniczy\u0142 w strajku w siedzibie ZSL w Bydgoszczy. 17 kwietnia tego samego roku by\u0142 pomys\u0142odawc\u0105 i organizatorem g\u0142od\u00f3wki rolnik\u00f3w na Jasnej G\u00f3rze ws. rejestracji \u201eS\u201d RI. 25 maja 1981 roku by\u0142 delegatem na II WZD K\u00f3\u0142 Wiejskich \u201eS\u201d RI w Opolu. Od 25 maja do 27 listopada 1981 roku wiceprzewodnicz\u0105cym Tymczasowego Zarz\u0105du WKZ \u201eS\u201d RI w Opolu, 27 listopada tego samego roku  delegatem na I Wojew\u00f3dzki Zjazd Wyborczy \u201eS\u201d RI w Opolu. Od 27 listopada 1981 roku pe\u0142ni\u0142 funkcj\u0119 przewodnicz\u0105cego Zarz\u0105du Wojew\u00f3dzkiego \u201eS\u201d RI. W listopadzie i grudniu  1980 roku zosta\u0142 za\u0142o\u017cycielem, a nast\u0119pnie by\u0142 tak\u017ce autorem, redaktorem i organizatorem druku niezale\u017cnego pisma \u201eSolidarno\u015b\u0107 Wiejska\u201d, a w okresie od stycznia do pa\u017adziernika 1981 roku czasopisma \u201eSolidarno\u015b\u0107 Ch\u0142opska\u201d. Od jesieni 1981 roku nale\u017ca\u0142 do opolskiego oddzia\u0142u KPN w Opolu. Po wprowadzeniu stanu wojennego, od 13 grudnia 1981 roku do 15 sierpnia 1982 roku, ukrywa\u0142 si\u0119 w Opolu i we Wroc\u0142awiu. By\u0142 poszukiwany listem go\u0144czym. Od grudnia 1981 roku do stycznia 1982 by\u0142 autorem i drukarzem trzech ulotek Komitet Obrony Solidarno\u015bci adresowanych do w\u0142adz wojew\u00f3dztwa opolskiego i miasta Opola, w kt\u00f3rych zaapelowa\u0142 m.in. o przerwanie represji wobec spo\u0142ecze\u0144stwa. 1 i 3 maja 1982 roku uczestniczy\u0142 w demonstracji i walkach ulicznych w Warszawie, za\u015b  13 i 28 czerwca 1982 roku we Wroc\u0142awiu.  W latach 1982 \u2013 1989, wraz z \u017con\u0105 Danut\u0105, organizowa\u0142 sieci kolporta\u017cu (Warszawa\u2013Opole\u2013Wroc\u0142aw\u2013Krak\u00f3w) g\u0142\u00f3wnie ksi\u0105\u017cek podziemnych wydawnictw \u201eNOW-ej\u201d i \u201eKr\u0119gu\u201d. Kolportowa\u0142 podziemne pisma, m.in. \u201eTygodnika Mazowsze\u201d, \u201eVacatu\u201d, \u201eSolidarno\u015b\u0107 Walcz\u0105ca\u201d, \u201eKOS\u201d, \u201eSolidarno\u015b\u0107 Rolnik\u00f3w\u201d, \u201eSolidarno\u015b\u0107 OKOR\u201d, \u201eBIS\u201d, \u201eReplika\u201d, \u201eBiuletyn Dolno\u015bl\u0105ski\u201d, \u201eWola\u201d, \u201eSolidarno\u015b\u0107 Dolno\u015bl\u0105ska\u201d oraz ulotki, znaczki poczt podziemnych, kasety magnetofonowe i wideo, kalendarze, banknoty, kartki \u015bwi\u0105teczne, cegie\u0142ki i inne. W latach 1982 \u2013 1990 wsp\u00f3\u0142zak\u0142ada\u0142, a tak\u017ce by\u0142 zaprzysi\u0119\u017conym cz\u0142onkiem opolskiego oddzia\u0142u \u201eSolidarno\u015bci Walcz\u0105cej\u201d. W latach 1982 \u2013 1983 nale\u017ca\u0142 do Rady Politycznej SW (ps. Rolnik). By\u0142 wsp\u00f3\u0142pracownikiem m.in. Kornela Morawieckiego, Zbigniewa Oziewicza, Jana Paw\u0142owskiego, Paw\u0142a Falickiego i Marii Koziebrodzkiej. W lipcu i sierpniu 1982 roku redagowa\u0142, by\u0142 autorem i organizatorem druku 2 nr. podziemnego pisma \u201eSolidarno\u015b\u0107 Ch\u0142opska. Biuletyn Wojenny\u201d. 15 sierpnia 1982 roku zosta\u0142 zatrzymany. 17 sierpnia tego samego roku zosta\u0142  internowany i osadzony w areszcie KW MO w Opolu, a nast\u0119pnie w O\u015brodkach Odosobnienia w Uhercach, Grodkowie, Nysie, Strzelinie (gdzie podj\u0105\u0142 g\u0142od\u00f3wk\u0119) i ponownie w Grodkowie. Z Grodkowa zosta\u0142 przeniesiony do szpitala we Wroc\u0142awiu ze wzgl\u0119du na z\u0142y stan zdrowia. 10 grudnia 1982 roku zosta\u0142 formalnie zwolniony z internowania, a 15 grudnia tego samego roku opu\u015bci\u0142 szpital. Od lutego 1983 roku do roku 1989 wsp\u00f3\u0142organizowa\u0142 Duszpasterstwa Rolnik\u00f3w przy Kurii Diecezji Opolskiej, a tak\u017ce by\u0142 ich dzia\u0142aczem. Organizowa\u0142 wyk\u0142ady dla rolnik\u00f3w. W 1983 roku nale\u017ca\u0142 do Duszpasterstwa Ludzi Pracy przy parafii \u015bw. Aposto\u0142\u00f3w Piotra i Paw\u0142a w Opolu, organizowa\u0142 tam msze za Ojczyzn\u0119. 1 maja 1983 roku zorganizowa\u0142 manifestacj\u0119 pod pomnikiem Adama Mickiewicza w Opolu. 15 \u2013 16 kwietnia 1983 roku zorganizowa\u0142 w Domu Zakonnym oo. Redemptoryst\u00f3w w Bardzie \u015al\u0105skim spotkania-rekolekcji dla dzia\u0142aczy \u201eS\u201d RI i \u201eSCh\u201d z wojew\u00f3dztw opolskiego, wroc\u0142awskiego, wa\u0142brzyskiego i katowickiego. 10 czerwca 1983 roku zosta\u0142 zatrzymany, 11 czerwca tego samego roku aresztowany pod zarzutami wyg\u0142oszenia 23 maja 1983 roku przem\u00f3wienia do rolnik\u00f3w w ko\u015bciele Narodzenia Naj\u015bwi\u0119tszej Maryi Panny w G\u0142ubczycach oraz rzekomego przyw\u0142aszczenia pieni\u0119dzy ZW \u201eS\u201d RI w Opolu i osadzony w areszcie KW MO i Areszcie \u015al\u0105skim w Opolu. Podj\u0105\u0142 tam 15-dniow\u0105 g\u0142od\u00f3wk\u0119. 27 lipca 1983 roku zosta\u0142 zwolniony na mocy amnestii. 10 sierpnia 1983 roku S\u0105d Rejonowy w Opolu umorzy\u0142 spraw\u0119 wobec niego. 12 pa\u017adziernika 1983 roku S\u0105d Wojew\u00f3dzki umorzy\u0142 post\u0119powanie z braku dowod\u00f3w w sprawie przyw\u0142aszczenia pieni\u0119dzy ZW \u201eS\u201d RI. 14 grudnia 1983 roku poddano rewizji mieszkanie Jerzego Gnieciaka. Skonfiskowano w\u00f3wczas archiwum  podziemnych wydawnictwa, ulotki itp. Jerzy Gnieciak zosta\u0142 zatrzymany i przes\u0142uchany. 16 grudnia 1983 roku postawiono mu zarzut posiadania i udost\u0119pniania podziemnych wydawnictw. Od grudnia 1983 do lipca 1984 roku pozostawa\u0142 w ukryciu we Wroc\u0142awiu, w \u0141odzi i w Warszawie. By\u0142 poszukiwany listem go\u0144czym. 24 sierpnia 1984 roku \u015bledztwo wobec niego umorzono na mocy amnestii. W listopadzie 1984 roku zosta\u0142 zatrzymany w Brzegu przez funkcjonariuszy ORMO i fa\u0142szywie oskar\u017cony o ich zniewa\u017cenie. 4 listopada 1984 roku zosta\u0142 skazany przez S\u0105d Rejonowy w Brzegu w trybie przyspieszonym na rok pozbawienia wolno\u015bci w zawieszeniu. Do lipca 1985 roku Jerzy Gnieciak ukrywa\u0142 si\u0119 w Warszawie. W latach 1984 \u2013 1986 by\u0142 wsp\u00f3\u0142pracownikiem \u201eNOW-ej\u201d, wsp\u00f3\u0142pracowa\u0142 z Piotrem Szwajcerem i Adamem Szulczewskim oraz z Andrzejem Rosnerem. Od 13 pa\u017adziernika 1986 do lutego 1989 roku wchodzi\u0142 w sk\u0142ad jawnej Tymczasowej Rady Regionalnej \u201eS\u201d \u015al\u0105ska Opolskiego. W latach 1988 \u2013 1989 organizowa\u0142 odbudow\u0119 struktur \u201eS\u201d RI w wojew\u00f3dztwie opolskim. W latach 1982 \u2013 1989 by\u0142 wielokrotnie zatrzymywany i przes\u0142uchiwany, siedmiokrotnie poddawano rewizji jego mieszkanie. By\u0142 karany grzywnami przez kolegium ds. wykrocze\u0144.<br \/>\nW 1989 roku przewodniczy\u0142 \u201eS\u201d RI w Opolu. Po roku 1990 by\u0142 w\u0142a\u015bcicielem zak\u0142adu krawieckiego i sklep\u00f3w odzie\u017cowych oraz zak\u0142adu produkuj\u0105cego urz\u0105dzenia ch\u0142odnicze. W 2007 roku zosta\u0142 odznaczony Krzy\u017cem Oficerskim Orderu Odrodzenia Polski.<br \/>\nOd 10 stycznia 1981 do 10 listopada 1989 roku by\u0142 rozpracowywany przez Wydz. IIIA\/Wydz. IV KW MO\/Wydz. IV\/Wydz. VI WUSW w Opolu w ramach SOS\/SOR o kryptonimie \u201ePrzyw\u00f3dca\u201d<\/p>\n","protected":false},"excerpt":{"rendered":"<p>Urodzi\u0142 si\u0119 6 grudnia 1947 roku w Paczkowie. W 1965 roku uko\u0144czy\u0142 IV LO w Opolu. W latach 1965 \u2013 1968 prowadzi\u0142 dzia\u0142alno\u015b\u0107 gospodarcz\u0105. W latach 1968 \u2013 1970 odbywa\u0142 zasadnicz\u0105 s\u0142u\u017cb\u0119 wojskow\u0105. W latach 1970 \u2013 1971 ponownie prowadzi\u0142 dzia\u0142alno\u015b\u0107 gospodarcz\u0105. W latach 1971 \u2013 1972 by\u0142 w\u0142a\u015bcicielem kiosku z warzywami w Gogolinie, a [&hellip;]<\/p>\n","protected":false},"featured_media":2718,"template":"","meta":[],"_links":{"self":[{"href":"http:\/\/ludzie.fundacja-pih.pl\/index.php\/wp-json\/wp\/v2\/product\/2717"}],"collection":[{"href":"http:\/\/ludzie.fundacja-pih.pl\/index.php\/wp-json\/wp\/v2\/product"}],"about":[{"href":"http:\/\/ludzie.fundacja-pih.pl\/index.php\/wp-json\/wp\/v2\/types\/product"}],"wp:featuredmedia":[{"embeddable":true,"href":"http:\/\/ludzie.fundacja-pih.pl\/index.php\/wp-json\/wp\/v2\/media\/2718"}],"wp:attachment":[{"href":"http:\/\/ludzie.fundacja-pih.pl\/index.php\/wp-json\/wp\/v2\/media?parent=2717"}],"curies":[{"name":"wp","href":"https:\/\/api.w.org\/{rel}","templated":true}]}}