{"id":2722,"date":"2021-04-29T11:38:17","date_gmt":"2021-04-29T11:38:17","guid":{"rendered":"http:\/\/ludzie.fundacja-pih.pl\/?post_type=product&#038;p=2722"},"modified":"2025-05-16T14:19:19","modified_gmt":"2025-05-16T14:19:19","slug":"grzegorzewski-andrzej","status":"publish","type":"product","link":"http:\/\/ludzie.fundacja-pih.pl\/index.php\/product\/grzegorzewski-andrzej\/","title":{"rendered":"Grzegorzewski Andrzej"},"content":{"rendered":"<p>Dzia\u0142acz Solidarno\u015bci Walcz\u0105cej odzia\u0142 Tr\u00f3jmiasto, w\u0142a\u015bciciel lokalu gdzie dzia\u0142a\u0142a drukarnia SW.<\/p>\n","protected":false},"excerpt":{"rendered":"<p>Dzia\u0142acz Solidarno\u015bci Walcz\u0105cej odzia\u0142 Tr\u00f3jmiasto, w\u0142a\u015bciciel lokalu gdzie dzia\u0142a\u0142a drukarnia SW.<\/p>\n","protected":false},"featured_media":2723,"template":"","meta":[],"_links":{"self":[{"href":"http:\/\/ludzie.fundacja-pih.pl\/index.php\/wp-json\/wp\/v2\/product\/2722"}],"collection":[{"href":"http:\/\/ludzie.fundacja-pih.pl\/index.php\/wp-json\/wp\/v2\/product"}],"about":[{"href":"http:\/\/ludzie.fundacja-pih.pl\/index.php\/wp-json\/wp\/v2\/types\/product"}],"wp:featuredmedia":[{"embeddable":true,"href":"http:\/\/ludzie.fundacja-pih.pl\/index.php\/wp-json\/wp\/v2\/media\/2723"}],"wp:attachment":[{"href":"http:\/\/ludzie.fundacja-pih.pl\/index.php\/wp-json\/wp\/v2\/media?parent=2722"}],"curies":[{"name":"wp","href":"https:\/\/api.w.org\/{rel}","templated":true}]}}

<p>Działacz Solidarności Walczącej odział Trójmiasto, właściciel lokalu gdzie działała drukarnia SW.</p>
