{"id":2741,"date":"2021-04-29T11:49:40","date_gmt":"2021-04-29T11:49:40","guid":{"rendered":"http:\/\/ludzie.fundacja-pih.pl\/?post_type=product&#038;p=2741"},"modified":"2025-05-16T14:19:22","modified_gmt":"2025-05-16T14:19:22","slug":"kalinowski-aleksander","status":"publish","type":"product","link":"http:\/\/ludzie.fundacja-pih.pl\/index.php\/product\/kalinowski-aleksander\/","title":{"rendered":"Kalinowski Aleksander"},"content":{"rendered":"<p>Pseudonim \u201eLeszek\u201d. Dzia\u0142a\u0142 w strukturach wroc\u0142awskiego oddzia\u0142u \u201eSolidarno\u015bci Walcz\u0105cej\u201d w latach 1982 \u2013 1989. Drukowa\u0142 czasopismo \u201eSolidarno\u015b\u0107 Walcz\u0105ca\u201d i pismo \u201eMa\u0142y Konspirator\u201d, a tak\u017ce inne podziemne wydawnictwa. Dzi\u0119ki jego osobistym staraniom mi\u0119dzy 1982 a 1989 rokiem ukaza\u0142o si\u0119 oko\u0142o 20 ksi\u0105\u017cek i broszur. Organizowa\u0142 druk, a tak\u017ce przewozi\u0142 gotowe materia\u0142y do miejsca gdzie by\u0142y sk\u0142adane, a nast\u0119pnie do specjalnie wynaj\u0119tego gara\u017cu, z kt\u00f3rego ksi\u0105\u017cki trafia\u0142y do kolporter\u00f3w. Aktywnie dzia\u0142a\u0142 tak\u017ce  NSZZ \u201eSolidarno\u015b\u0107\u201d. Pomaga\u0142 w budowie struktur podziemnych. W 2007 roku zosta\u0142 odznaczony Krzy\u017cem Kawalerskim Orderu Odrodzenia Polski<\/p>\n","protected":false},"excerpt":{"rendered":"<p>Pseudonim \u201eLeszek\u201d. Dzia\u0142a\u0142 w strukturach wroc\u0142awskiego oddzia\u0142u \u201eSolidarno\u015bci Walcz\u0105cej\u201d w latach 1982 \u2013 1989. Drukowa\u0142 czasopismo \u201eSolidarno\u015b\u0107 Walcz\u0105ca\u201d i pismo \u201eMa\u0142y Konspirator\u201d, a tak\u017ce inne podziemne wydawnictwa. Dzi\u0119ki jego osobistym staraniom mi\u0119dzy 1982 a 1989 rokiem ukaza\u0142o si\u0119 oko\u0142o 20 ksi\u0105\u017cek i broszur. Organizowa\u0142 druk, a tak\u017ce przewozi\u0142 gotowe materia\u0142y do miejsca gdzie by\u0142y sk\u0142adane, [&hellip;]<\/p>\n","protected":false},"featured_media":2742,"template":"","meta":[],"_links":{"self":[{"href":"http:\/\/ludzie.fundacja-pih.pl\/index.php\/wp-json\/wp\/v2\/product\/2741"}],"collection":[{"href":"http:\/\/ludzie.fundacja-pih.pl\/index.php\/wp-json\/wp\/v2\/product"}],"about":[{"href":"http:\/\/ludzie.fundacja-pih.pl\/index.php\/wp-json\/wp\/v2\/types\/product"}],"wp:featuredmedia":[{"embeddable":true,"href":"http:\/\/ludzie.fundacja-pih.pl\/index.php\/wp-json\/wp\/v2\/media\/2742"}],"wp:attachment":[{"href":"http:\/\/ludzie.fundacja-pih.pl\/index.php\/wp-json\/wp\/v2\/media?parent=2741"}],"curies":[{"name":"wp","href":"https:\/\/api.w.org\/{rel}","templated":true}]}}

<p>Pseudonim „Leszek”. Działał w strukturach wrocławskiego oddziału „Solidarności Walczącej” w latach 1982 – 1989. Drukował czasopismo „Solidarność Walcząca” i pismo „Mały Konspirator”, a także inne podziemne wydawnictwa. Dzięki jego osobistym staraniom między 1982 a 1989 rokiem ukazało się około 20 książek i broszur. Organizował druk, a także przewoził gotowe materiały do miejsca gdzie były składane, a następnie do specjalnie wynajętego garażu, z którego książki trafiały do kolporterów. Aktywnie działał także  NSZZ „Solidarność”. Pomagał w budowie struktur podziemnych. W 2007 roku został odznaczony Krzyżem Kawalerskim Orderu Odrodzenia Polski</p>

<p>Pseudonim „Leszek”. Działał w strukturach wrocławskiego oddziału „Solidarności Walczącej” w latach 1982 – 1989. Drukował czasopismo „Solidarność Walcząca” i pismo „Mały Konspirator”, a także inne podziemne wydawnictwa. Dzięki jego osobistym staraniom między 1982 a 1989 rokiem ukazało się około 20 książek i broszur. Organizował druk, a także przewoził gotowe materiały do miejsca gdzie były składane, [&hellip;]</p>
