{"id":2749,"date":"2021-04-29T11:55:49","date_gmt":"2021-04-29T11:55:49","guid":{"rendered":"http:\/\/ludzie.fundacja-pih.pl\/?post_type=product&#038;p=2749"},"modified":"2025-05-16T14:19:23","modified_gmt":"2025-05-16T14:19:23","slug":"kopec-alicja","status":"publish","type":"product","link":"http:\/\/ludzie.fundacja-pih.pl\/index.php\/product\/kopec-alicja\/","title":{"rendered":"Kope\u0107 Alicja"},"content":{"rendered":"<p>Urodzi\u0142a si\u0119 25 listopada 1939 roku w Che\u0142mie Lubelskim. <\/p>\n<p>Wi\u0119kszo\u015b\u0107 \u017cycia sp\u0119dzi\u0142a we Wroc\u0142awiu. Pracowa\u0142a jako architekt, g\u0142\u00f3wnie przy konserwacji oraz renowacji zabytkowych budynk\u00f3w. Nale\u017ca\u0142a do NSZZ \u201eSolidarno\u015b\u0107\u201d. W 1982 roku zosta\u0142a cz\u0142onkiem  \u201eSolidarno\u015bci Walcz\u0105cej\u201d. Udost\u0119pnia\u0142a swoje mieszkanie celem spotka\u0144 kierownictwa SW. Przez klika lat by\u0142a dublerk\u0105 Hanny \u0141ukowskiej-Karniej. Otrzyma\u0142a Krzy\u017c Solidarno\u015bci Walcz\u0105cej, a tak\u017ce Krzy\u017c Oficerski Orderu Odrodzenia Polski.<\/p>\n","protected":false},"excerpt":{"rendered":"<p>Urodzi\u0142a si\u0119 25 listopada 1939 roku w Che\u0142mie Lubelskim. Wi\u0119kszo\u015b\u0107 \u017cycia sp\u0119dzi\u0142a we Wroc\u0142awiu. Pracowa\u0142a jako architekt, g\u0142\u00f3wnie przy konserwacji oraz renowacji zabytkowych budynk\u00f3w. Nale\u017ca\u0142a do NSZZ \u201eSolidarno\u015b\u0107\u201d. W 1982 roku zosta\u0142a cz\u0142onkiem \u201eSolidarno\u015bci Walcz\u0105cej\u201d. Udost\u0119pnia\u0142a swoje mieszkanie celem spotka\u0144 kierownictwa SW. Przez klika lat by\u0142a dublerk\u0105 Hanny \u0141ukowskiej-Karniej. Otrzyma\u0142a Krzy\u017c Solidarno\u015bci Walcz\u0105cej, a tak\u017ce [&hellip;]<\/p>\n","protected":false},"featured_media":2750,"template":"","meta":[],"_links":{"self":[{"href":"http:\/\/ludzie.fundacja-pih.pl\/index.php\/wp-json\/wp\/v2\/product\/2749"}],"collection":[{"href":"http:\/\/ludzie.fundacja-pih.pl\/index.php\/wp-json\/wp\/v2\/product"}],"about":[{"href":"http:\/\/ludzie.fundacja-pih.pl\/index.php\/wp-json\/wp\/v2\/types\/product"}],"wp:featuredmedia":[{"embeddable":true,"href":"http:\/\/ludzie.fundacja-pih.pl\/index.php\/wp-json\/wp\/v2\/media\/2750"}],"wp:attachment":[{"href":"http:\/\/ludzie.fundacja-pih.pl\/index.php\/wp-json\/wp\/v2\/media?parent=2749"}],"curies":[{"name":"wp","href":"https:\/\/api.w.org\/{rel}","templated":true}]}}

Kopeć Alicja

<p>Urodziła się 25 listopada 1939 roku w Chełmie Lubelskim. </p>
<p>Większość życia spędziła we Wrocławiu. Pracowała jako architekt, głównie przy konserwacji oraz renowacji zabytkowych budynków. Należała do NSZZ „Solidarność”. W 1982 roku została członkiem  „Solidarności Walczącej”. Udostępniała swoje mieszkanie celem spotkań kierownictwa SW. Przez klika lat była dublerką Hanny Łukowskiej-Karniej. Otrzymała Krzyż Solidarności Walczącej, a także Krzyż Oficerski Orderu Odrodzenia Polski.</p>

<p>Urodziła się 25 listopada 1939 roku w Chełmie Lubelskim. Większość życia spędziła we Wrocławiu. Pracowała jako architekt, głównie przy konserwacji oraz renowacji zabytkowych budynków. Należała do NSZZ „Solidarność”. W 1982 roku została członkiem „Solidarności Walczącej”. Udostępniała swoje mieszkanie celem spotkań kierownictwa SW. Przez klika lat była dublerką Hanny Łukowskiej-Karniej. Otrzymała Krzyż Solidarności Walczącej, a także [&hellip;]</p>
