{"id":2779,"date":"2021-04-29T12:30:23","date_gmt":"2021-04-29T12:30:23","guid":{"rendered":"http:\/\/ludzie.fundacja-pih.pl\/?post_type=product&#038;p=2779"},"modified":"2025-05-16T14:19:28","modified_gmt":"2025-05-16T14:19:28","slug":"lotocki-adam","status":"publish","type":"product","link":"http:\/\/ludzie.fundacja-pih.pl\/index.php\/product\/lotocki-adam\/","title":{"rendered":"\u0141otocki Adam"},"content":{"rendered":"<p>Urodzi\u0142 si\u0119 w 1952 roku we Wroc\u0142awiu, zm. 21 listopada 2021 roku we Wroc\u0142awiu.<\/p>\n<p>Z zawodu in\u017cynier elektronik. Pracowa\u0142 w Instytucie Automatyki System\u00f3w Energetycznych, w Zak\u0142adzie Produkcji Urz\u0105dze\u0144 Automatyki, INCO. Od 1978 roku by\u0142 zaanga\u017cowany w kolporta\u017c \u201eBiuletynu Dolno\u015bl\u0105skiego\u201d. Od grudnia 1981 roku drukowa\u0142 i kolportowa\u0142 podziemne czasopismo \u201eZ Dnia na Dzie\u0144\u201d, a od po\u0142owy 1982 roku czasopismo \u201eSolidarno\u015b\u0107 Walcz\u0105ca\u201d. Zajmowa\u0142 si\u0119 r\u00f3wnie\u017c kolporta\u017cem i drukowaniem innych podziemnych wydawnictw.  W styczniu 1984 roku zosta\u0142 organizatorem strajku w Zak\u0142adzie Produkcji Urz\u0105dze\u0144 Automatyki przy ul. T\u0119czowej we Wroc\u0142awiu. Nale\u017ca\u0142 do redakcji pisma \u201eAUT\u201d. Kilkakrotnie by\u0142 zatrzymywany przez SB. Bra\u0142 udzia\u0142 w wielu akcjach maj\u0105cych na celu niedopuszczenie do przej\u0119cia przez SB nak\u0142ad\u00f3w i wydruk\u00f3w wydawnictw podziemnych.<\/p>\n","protected":false},"excerpt":{"rendered":"<p>Urodzi\u0142 si\u0119 w 1952 roku we Wroc\u0142awiu, zm. 21 listopada 2021 roku we Wroc\u0142awiu. Z zawodu in\u017cynier elektronik. Pracowa\u0142 w Instytucie Automatyki System\u00f3w Energetycznych, w Zak\u0142adzie Produkcji Urz\u0105dze\u0144 Automatyki, INCO. Od 1978 roku by\u0142 zaanga\u017cowany w kolporta\u017c \u201eBiuletynu Dolno\u015bl\u0105skiego\u201d. Od grudnia 1981 roku drukowa\u0142 i kolportowa\u0142 podziemne czasopismo \u201eZ Dnia na Dzie\u0144\u201d, a od po\u0142owy [&hellip;]<\/p>\n","protected":false},"featured_media":3355,"template":"","meta":[],"_links":{"self":[{"href":"http:\/\/ludzie.fundacja-pih.pl\/index.php\/wp-json\/wp\/v2\/product\/2779"}],"collection":[{"href":"http:\/\/ludzie.fundacja-pih.pl\/index.php\/wp-json\/wp\/v2\/product"}],"about":[{"href":"http:\/\/ludzie.fundacja-pih.pl\/index.php\/wp-json\/wp\/v2\/types\/product"}],"wp:featuredmedia":[{"embeddable":true,"href":"http:\/\/ludzie.fundacja-pih.pl\/index.php\/wp-json\/wp\/v2\/media\/3355"}],"wp:attachment":[{"href":"http:\/\/ludzie.fundacja-pih.pl\/index.php\/wp-json\/wp\/v2\/media?parent=2779"}],"curies":[{"name":"wp","href":"https:\/\/api.w.org\/{rel}","templated":true}]}}