{"id":2793,"date":"2021-04-29T12:37:22","date_gmt":"2021-04-29T12:37:22","guid":{"rendered":"http:\/\/ludzie.fundacja-pih.pl\/?post_type=product&#038;p=2793"},"modified":"2025-05-16T14:19:31","modified_gmt":"2025-05-16T14:19:31","slug":"mieszkalski-mariusz","status":"publish","type":"product","link":"http:\/\/ludzie.fundacja-pih.pl\/index.php\/product\/mieszkalski-mariusz\/","title":{"rendered":"Mieszkalski Mariusz"},"content":{"rendered":"<p>Urodzi\u0142 si\u0119 25 kwietnia 1967 r. w Wieluniu.<\/p>\n<p>W 1985 roku zosta\u0142 cz\u0142onkiem wroc\u0142awskiego oddzia\u0142u \u201eSolidarno\u015bci Walcz\u0105cej\u201d, wcze\u015bniej z ni\u0105 wsp\u00f3\u0142pracuj\u0105c. W ramach dzia\u0142alno\u015bci ww. organizacji zajmowa\u0142 si\u0119 g\u0142\u00f3wnie drukowaniem podziemnych czasopism. By\u0142 te\u017c zarz\u0105dc\u0105 sieci kilku podziemnych drukarni.<br \/>\nWkr\u00f3tce po osi\u0105gni\u0119ciu pe\u0142noletno\u015bci, sp\u0119dzi\u0142 p\u00f3\u0142 roku w wi\u0119zieniu. Po wyj\u015bciu na wolno\u015b\u0107 mia\u0142 problemy ze znalezieniem pracy. Mariusz Miszkalski pracuje obecnie na Politechnice Wroc\u0142awskiej.\t<\/p>\n","protected":false},"excerpt":{"rendered":"<p>Urodzi\u0142 si\u0119 25 kwietnia 1967 r. w Wieluniu. W 1985 roku zosta\u0142 cz\u0142onkiem wroc\u0142awskiego oddzia\u0142u \u201eSolidarno\u015bci Walcz\u0105cej\u201d, wcze\u015bniej z ni\u0105 wsp\u00f3\u0142pracuj\u0105c. W ramach dzia\u0142alno\u015bci ww. organizacji zajmowa\u0142 si\u0119 g\u0142\u00f3wnie drukowaniem podziemnych czasopism. By\u0142 te\u017c zarz\u0105dc\u0105 sieci kilku podziemnych drukarni. Wkr\u00f3tce po osi\u0105gni\u0119ciu pe\u0142noletno\u015bci, sp\u0119dzi\u0142 p\u00f3\u0142 roku w wi\u0119zieniu. Po wyj\u015bciu na wolno\u015b\u0107 mia\u0142 problemy ze [&hellip;]<\/p>\n","protected":false},"featured_media":2794,"template":"","meta":[],"_links":{"self":[{"href":"http:\/\/ludzie.fundacja-pih.pl\/index.php\/wp-json\/wp\/v2\/product\/2793"}],"collection":[{"href":"http:\/\/ludzie.fundacja-pih.pl\/index.php\/wp-json\/wp\/v2\/product"}],"about":[{"href":"http:\/\/ludzie.fundacja-pih.pl\/index.php\/wp-json\/wp\/v2\/types\/product"}],"wp:featuredmedia":[{"embeddable":true,"href":"http:\/\/ludzie.fundacja-pih.pl\/index.php\/wp-json\/wp\/v2\/media\/2794"}],"wp:attachment":[{"href":"http:\/\/ludzie.fundacja-pih.pl\/index.php\/wp-json\/wp\/v2\/media?parent=2793"}],"curies":[{"name":"wp","href":"https:\/\/api.w.org\/{rel}","templated":true}]}}