{"id":2807,"date":"2021-04-29T16:13:18","date_gmt":"2021-04-29T16:13:18","guid":{"rendered":"http:\/\/ludzie.fundacja-pih.pl\/?post_type=product&#038;p=2807"},"modified":"2025-05-16T14:19:32","modified_gmt":"2025-05-16T14:19:32","slug":"ammas-andres","status":"publish","type":"product","link":"http:\/\/ludzie.fundacja-pih.pl\/index.php\/product\/ammas-andres\/","title":{"rendered":"Ammas Andres (Estonia)"},"content":{"rendered":"<p>Urodzi\u0142 si\u0119 25 lutego 1962 roku w Tallinie, zm. 4 kwietnia 2018 roku.<\/p>\n<p>W 1979 roku uko\u0144czy\u0142 I Liceum Og\u00f3lnokszta\u0142c\u0105ce w Haapsalu. W 1984 roku uko\u0144czy\u0142 studia w Pa\u0144stwowym Konserwatorium w Tallinie na wydziale pedagogiki muzycznej, a w 1993 roku zosta\u0142 absolwentem wydzia\u0142u dziennikarstwa na Uniwersytecie w Tartu. W latach 1982 \u2013 1986 oraz 1988 &#8211; 1990 by\u0142 zatrudniony jako nauczyciel w I Liceum Og\u00f3lnokszta\u0142c\u0105cym w Haapsalu. W latach 1986 &#8211; 1987 pracowa\u0142 jako dyrektor w tej samej szkole. Od 1987 do 1988 szefowa\u0142 dzia\u0142owi kultury Komitetu Wykonawczego Haapsalu RSN. W latach 1992 &#8211; 1995 i 1996 &#8211; 1999 pracowa\u0142 jako redaktor naczelny gazety \u201eL\u00e4\u00e4ne Elu\u201d. Wspiera\u0142 \u201eSolidarno\u015b\u0107 Walcz\u0105c\u0105\u201d po 1990 roku. <\/p>\n","protected":false},"excerpt":{"rendered":"<p>Urodzi\u0142 si\u0119 25 lutego 1962 roku w Tallinie, zm. 4 kwietnia 2018 roku. W 1979 roku uko\u0144czy\u0142 I Liceum Og\u00f3lnokszta\u0142c\u0105ce w Haapsalu. W 1984 roku uko\u0144czy\u0142 studia w Pa\u0144stwowym Konserwatorium w Tallinie na wydziale pedagogiki muzycznej, a w 1993 roku zosta\u0142 absolwentem wydzia\u0142u dziennikarstwa na Uniwersytecie w Tartu. W latach 1982 \u2013 1986 oraz 1988 [&hellip;]<\/p>\n","protected":false},"featured_media":2808,"template":"","meta":[],"_links":{"self":[{"href":"http:\/\/ludzie.fundacja-pih.pl\/index.php\/wp-json\/wp\/v2\/product\/2807"}],"collection":[{"href":"http:\/\/ludzie.fundacja-pih.pl\/index.php\/wp-json\/wp\/v2\/product"}],"about":[{"href":"http:\/\/ludzie.fundacja-pih.pl\/index.php\/wp-json\/wp\/v2\/types\/product"}],"wp:featuredmedia":[{"embeddable":true,"href":"http:\/\/ludzie.fundacja-pih.pl\/index.php\/wp-json\/wp\/v2\/media\/2808"}],"wp:attachment":[{"href":"http:\/\/ludzie.fundacja-pih.pl\/index.php\/wp-json\/wp\/v2\/media?parent=2807"}],"curies":[{"name":"wp","href":"https:\/\/api.w.org\/{rel}","templated":true}]}}

<p>Urodził się 25 lutego 1962 roku w Tallinie, zm. 4 kwietnia 2018 roku.</p>
<p>W 1979 roku ukończył I Liceum Ogólnokształcące w Haapsalu. W 1984 roku ukończył studia w Państwowym Konserwatorium w Tallinie na wydziale pedagogiki muzycznej, a w 1993 roku został absolwentem wydziału dziennikarstwa na Uniwersytecie w Tartu. W latach 1982 – 1986 oraz 1988 &#8211; 1990 był zatrudniony jako nauczyciel w I Liceum Ogólnokształcącym w Haapsalu. W latach 1986 &#8211; 1987 pracował jako dyrektor w tej samej szkole. Od 1987 do 1988 szefował działowi kultury Komitetu Wykonawczego Haapsalu RSN. W latach 1992 &#8211; 1995 i 1996 &#8211; 1999 pracował jako redaktor naczelny gazety „Lääne Elu”. Wspierał „Solidarność Walczącą” po 1990 roku. </p>

<p>Urodził się 25 lutego 1962 roku w Tallinie, zm. 4 kwietnia 2018 roku. W 1979 roku ukończył I Liceum Ogólnokształcące w Haapsalu. W 1984 roku ukończył studia w Państwowym Konserwatorium w Tallinie na wydziale pedagogiki muzycznej, a w 1993 roku został absolwentem wydziału dziennikarstwa na Uniwersytecie w Tartu. W latach 1982 – 1986 oraz 1988 [&hellip;]</p>
