{"id":2813,"date":"2021-04-29T16:17:40","date_gmt":"2021-04-29T16:17:40","guid":{"rendered":"http:\/\/ludzie.fundacja-pih.pl\/?post_type=product&#038;p=2813"},"modified":"2025-05-16T14:19:34","modified_gmt":"2025-05-16T14:19:34","slug":"bak-janina-nowa-sol","status":"publish","type":"product","link":"http:\/\/ludzie.fundacja-pih.pl\/index.php\/product\/bak-janina-nowa-sol\/","title":{"rendered":"B\u0105k Janina (Nowa S\u00f3l)"},"content":{"rendered":"<p>Dzia\u0142aczka Solidarno\u015bci Walcz\u0105cej, \u017cona Szczepan B\u0105ka. 11 grudnia 2010, we Wroc\u0142awiu, otrzyma\u0142a Krzy\u017c Solidarno\u015bci Walcz\u0105cej  i przyznany przez premiera Mateusza Morawieckiego Medaly Stulecia Odzyskania Niepodleg\u0142o\u015bci.<\/p>\n<p>U rodzi\u0142am si\u0119 1 wrze\u015bnia 1939 roku w Warszawie, tata Boles\u0142aw mama Anna Pop\u0142awska.<\/p>\n<p>Po uko\u0144czeniu Liceum Pedagogicznego Wychowawczy\u0144 Przedszkolnych w Warszawie z nakazu pracy w 1956 pracowa\u0142am w Wodynie w przedszkolu a nast\u0119pnie w latach 1959-1960 w Kamiennej G\u00f3rze, jako kierownik przedszkola.<\/p>\n<p>W 1960 roku wychodz\u0119 za m\u0105\u017c za Szczepana B\u0105k. W roku nast\u0119pnym przychodzi na \u015bwiat nasza jedyna c\u00f3rka, Dorota i przeprowadzamy si\u0119 do Nowej Soli gdzie pracowa\u0142am w aptece a od 1972 w Dolno\u015bl\u0105skich Zak\u0142adach Metalurgicznych DOZAMET.<\/p>\n<p>W 1996 roku otrzymuj\u0119 rent\u0119 rodzinn\u0105 po zmar\u0142ym w 1989 roku m\u0119\u017cu kt\u00f3r\u0105 otrzymuj\u0119 do dzisiaj. Obecnie jestem rencistk\u0105, z rent\u0105 poni\u017cej \u015bredniej krajowej i mam pi\u0119cioro wnuk\u00f3w i trzech prawnuk\u00f3w.<\/p>\n<p>W sierpniu i wrze\u015bniu 1980 roku gdy w kraju strajkowa\u0142y liczne zak\u0142ady pracy m\u00f3j ma\u0142\u017conek pracuj\u0105cy tak\u017ce w Dolno\u015bl\u0105skich Zak\u0142adach Metalurgicznych zak\u0142ada Niezale\u017cne Samorz\u0105dne Zwi\u0105zki Zawodowe w naszym przedsi\u0119biorstwie licz\u0105cym cztery tysi\u0105ce pracownik\u00f3w. Wspomagam ma\u0142\u017conka z ca\u0142ych si\u0142.<\/p>\n<p>Po 13 grudnia poszukuj\u0119 m\u0119\u017ca w komisariacie milicji w Nowej Soli, w Areszcie \u015aledczym w Zielonej G\u00f3rze a\u017c znalaz\u0142am Go w wi\u0119zieniu w G\u0142ogowie gdy\u017c podst\u0119pnie jeszcze przed p\u00f3\u0142noc\u0105 zosta\u0142 wywabiony z domu.<\/p>\n<p>Po uwolnieniu Szczepana z internowania kontynuujemy dzia\u0142alno\u015b\u0107 zwi\u0105zkow\u0105 w podziemiu. Zostaj\u0119 kolporterem prasy podziemnej mi\u0119dzy Wroc\u0142awiem a Now\u0105 Sol\u0105. Wsp\u00f3lnie z m\u0119\u017cem organizujemy spotkania konspiracyjne w naszym mieszkaniu, przepisuj\u0119 teksty do prasy podziemnej na maszynie do pisania, Przez siostr\u0119 w Warszawie zapraszamy znanych i lubianych polskich artyst\u00f3w na prelekcje organizowane przy okazji Mszy \u015aw. w intencji Ojczyzny czy Dni Kultury Chrze\u015bcija\u0144skiej. Tak dzia\u0142amy do \u015bmierci Szczepana, kt\u00f3ry nie doczeka\u0142 wolno\u015bci i zmar\u0142 28 kwietnia 1989r.<\/p>\n<p>Jestem zaprzysi\u0119\u017conym cz\u0142onkiem Solidarno\u015bci Walcz\u0105cej<\/p>\n","protected":false},"excerpt":{"rendered":"<p>Dzia\u0142aczka Solidarno\u015bci Walcz\u0105cej, \u017cona Szczepan B\u0105ka. 11 grudnia 2010, we Wroc\u0142awiu, otrzyma\u0142a Krzy\u017c Solidarno\u015bci Walcz\u0105cej i przyznany przez premiera Mateusza Morawieckiego Medaly Stulecia Odzyskania Niepodleg\u0142o\u015bci. U rodzi\u0142am si\u0119 1 wrze\u015bnia 1939 roku w Warszawie, tata Boles\u0142aw mama Anna Pop\u0142awska. Po uko\u0144czeniu Liceum Pedagogicznego Wychowawczy\u0144 Przedszkolnych w Warszawie z nakazu pracy w 1956 pracowa\u0142am w Wodynie [&hellip;]<\/p>\n","protected":false},"featured_media":2814,"template":"","meta":[],"_links":{"self":[{"href":"http:\/\/ludzie.fundacja-pih.pl\/index.php\/wp-json\/wp\/v2\/product\/2813"}],"collection":[{"href":"http:\/\/ludzie.fundacja-pih.pl\/index.php\/wp-json\/wp\/v2\/product"}],"about":[{"href":"http:\/\/ludzie.fundacja-pih.pl\/index.php\/wp-json\/wp\/v2\/types\/product"}],"wp:featuredmedia":[{"embeddable":true,"href":"http:\/\/ludzie.fundacja-pih.pl\/index.php\/wp-json\/wp\/v2\/media\/2814"}],"wp:attachment":[{"href":"http:\/\/ludzie.fundacja-pih.pl\/index.php\/wp-json\/wp\/v2\/media?parent=2813"}],"curies":[{"name":"wp","href":"https:\/\/api.w.org\/{rel}","templated":true}]}}

Bąk Janina (Nowa Sól)

<p>Działaczka Solidarności Walczącej, żona Szczepan Bąka. 11 grudnia 2010, we Wrocławiu, otrzymała Krzyż Solidarności Walczącej  i przyznany przez premiera Mateusza Morawieckiego Medaly Stulecia Odzyskania Niepodległości.</p>
<p>U rodziłam się 1 września 1939 roku w Warszawie, tata Bolesław mama Anna Popławska.</p>
<p>Po ukończeniu Liceum Pedagogicznego Wychowawczyń Przedszkolnych w Warszawie z nakazu pracy w 1956 pracowałam w Wodynie w przedszkolu a następnie w latach 1959-1960 w Kamiennej Górze, jako kierownik przedszkola.</p>
<p>W 1960 roku wychodzę za mąż za Szczepana Bąk. W roku następnym przychodzi na świat nasza jedyna córka, Dorota i przeprowadzamy się do Nowej Soli gdzie pracowałam w aptece a od 1972 w Dolnośląskich Zakładach Metalurgicznych DOZAMET.</p>
<p>W 1996 roku otrzymuję rentę rodzinną po zmarłym w 1989 roku mężu którą otrzymuję do dzisiaj. Obecnie jestem rencistką, z rentą poniżej średniej krajowej i mam pięcioro wnuków i trzech prawnuków.</p>
<p>W sierpniu i wrześniu 1980 roku gdy w kraju strajkowały liczne zakłady pracy mój małżonek pracujący także w Dolnośląskich Zakładach Metalurgicznych zakłada Niezależne Samorządne Związki Zawodowe w naszym przedsiębiorstwie liczącym cztery tysiące pracowników. Wspomagam małżonka z całych sił.</p>
<p>Po 13 grudnia poszukuję męża w komisariacie milicji w Nowej Soli, w Areszcie Śledczym w Zielonej Górze aż znalazłam Go w więzieniu w Głogowie gdyż podstępnie jeszcze przed północą został wywabiony z domu.</p>
<p>Po uwolnieniu Szczepana z internowania kontynuujemy działalność związkową w podziemiu. Zostaję kolporterem prasy podziemnej między Wrocławiem a Nową Solą. Wspólnie z mężem organizujemy spotkania konspiracyjne w naszym mieszkaniu, przepisuję teksty do prasy podziemnej na maszynie do pisania, Przez siostrę w Warszawie zapraszamy znanych i lubianych polskich artystów na prelekcje organizowane przy okazji Mszy Św. w intencji Ojczyzny czy Dni Kultury Chrześcijańskiej. Tak działamy do śmierci Szczepana, który nie doczekał wolności i zmarł 28 kwietnia 1989r.</p>
<p>Jestem zaprzysiężonym członkiem Solidarności Walczącej</p>

<p>Działaczka Solidarności Walczącej, żona Szczepan Bąka. 11 grudnia 2010, we Wrocławiu, otrzymała Krzyż Solidarności Walczącej i przyznany przez premiera Mateusza Morawieckiego Medaly Stulecia Odzyskania Niepodległości. U rodziłam się 1 września 1939 roku w Warszawie, tata Bolesław mama Anna Popławska. Po ukończeniu Liceum Pedagogicznego Wychowawczyń Przedszkolnych w Warszawie z nakazu pracy w 1956 pracowałam w Wodynie [&hellip;]</p>
