{"id":2859,"date":"2021-04-29T16:52:21","date_gmt":"2021-04-29T16:52:21","guid":{"rendered":"http:\/\/ludzie.fundacja-pih.pl\/?post_type=product&#038;p=2859"},"modified":"2025-05-16T14:19:44","modified_gmt":"2025-05-16T14:19:44","slug":"dzemilew-mustafa","status":"publish","type":"product","link":"http:\/\/ludzie.fundacja-pih.pl\/index.php\/product\/dzemilew-mustafa\/","title":{"rendered":"D\u017cemilew Mustafa (Krym)"},"content":{"rendered":"<p>W maju 1944 wraz z ca\u0142\u0105 rodzin\u0105 zosta\u0142 deportowany do Uzbekistanu. Od 16 roku \u017cycia zarabia\u0142 na \u017cycie jako tokarz, \u015blusarz i elektro\u015blusarz. W 1962 rozpocz\u0105\u0142 nauk\u0119 w Instytucie In\u017cynier\u00f3w Irygacji i Melioracji Gospodarstwa Wiejskiego w Taszkencie, jednak po trzech latach skre\u015blono go z listy student\u00f3w za \u201eniew\u0142a\u015bciwe zachowanie\u201d.<br \/>\nW 1961 znalaz\u0142 si\u0119 w\u015br\u00f3d za\u0142o\u017cycieli Zwi\u0105zku M\u0142odzie\u017cy Krymskotatarskiej w Taszkencie. W 1969 nale\u017ca\u0142 do za\u0142o\u017cycieli Grupy Inicjatywnej na rzecz Ochrony Praw Cz\u0142owieka w ZSRR. By\u0142 siedmiokrotnie skazywany, \u0142\u0105cznie sp\u0119dzi\u0142 15 lat w wi\u0119zieniu za \u201eszerzenie pogl\u0105d\u00f3w kwestionuj\u0105cych \u0142ad radziecki\u201d. W latach 1975\u20131976 zorganizowa\u0142 trwaj\u0105c\u0105 303 dni g\u0142od\u00f3wk\u0119 w wi\u0119zieniu w Omsku. W 1983 za\u0142o\u017cy\u0142 i redagowa\u0142 nielegalny \u201eBiuletyn Informacyjny Grupy Inicjatywnej Tatar\u00f3w Krymskich im. Musy Mamuta\u201d. Od 1987 do 1989 pe\u0142ni\u0142 obowi\u0105zki przyw\u00f3dcy Centralnej Grupy Inicjatywnej Narodowego Ruchu Tatar\u00f3w Krymskich, a w latach 1989\u20131991 sta\u0142 na czele Organizacji Krymskotatarskiego Ruchu Narodowego.<br \/>\nW 1987 zamieszka\u0142 w Bachczysaraju. W czerwcu 1991 wybrano go na przewodnicz\u0105cego Med\u017clisu Tatar\u00f3w Krymskich. W maju 1999 zosta\u0142 przewodnicz\u0105cym Rady Przedstawicieli Narodu Krymskotatarskiego.<br \/>\nW 1998 po raz pierwszy uzyska\u0142 mandat deputowanego do Rady Najwy\u017cszej Ukrainy (z ramienia Ludowego Ruchu Ukrainy), p\u00f3\u017aniej by\u0142 wybierany w 2002 i 2006 (z listy Bloku Nasza Ukraina), 2007 (z listy Nasza Ukraina-Ludowa Samoobrona), 2012 (z listy Batkiwszczyny), 2014 i 2019 (z ramienia ugrupowania Petra Poroszenki).<br \/>\nStan\u0105\u0142 na czele Fundacji \u201eKrym\u201d. Opr\u00f3cz j\u0119zyka pa\u0144stwowego i ojczystego deklaruje znajomo\u015b\u0107 rosyjskiego, angielskiego i tureckiego. Jest \u017conaty z Safinanr (przewodnicz\u0105c\u0105 Ligi Kobiet Krymskotatarskich), maj\u0105 razem 2 syn\u00f3w i c\u00f3rk\u0119<\/p>\n<p>W marcu 2013 r. na zaproszenie Kornela Morawieckiego przyby\u0142 z delegacj\u0105 Med\u017clisu Tatar\u00f3w Krymskich do Wroc\u0142awia, gdzie zosta\u0142 odznaczony Krzy\u017cem Solidarno\u015bci Walcz\u0105cej.<\/p>\n","protected":false},"excerpt":{"rendered":"<p>W maju 1944 wraz z ca\u0142\u0105 rodzin\u0105 zosta\u0142 deportowany do Uzbekistanu. Od 16 roku \u017cycia zarabia\u0142 na \u017cycie jako tokarz, \u015blusarz i elektro\u015blusarz. W 1962 rozpocz\u0105\u0142 nauk\u0119 w Instytucie In\u017cynier\u00f3w Irygacji i Melioracji Gospodarstwa Wiejskiego w Taszkencie, jednak po trzech latach skre\u015blono go z listy student\u00f3w za \u201eniew\u0142a\u015bciwe zachowanie\u201d. W 1961 znalaz\u0142 si\u0119 w\u015br\u00f3d za\u0142o\u017cycieli [&hellip;]<\/p>\n","protected":false},"featured_media":3144,"template":"","meta":[],"_links":{"self":[{"href":"http:\/\/ludzie.fundacja-pih.pl\/index.php\/wp-json\/wp\/v2\/product\/2859"}],"collection":[{"href":"http:\/\/ludzie.fundacja-pih.pl\/index.php\/wp-json\/wp\/v2\/product"}],"about":[{"href":"http:\/\/ludzie.fundacja-pih.pl\/index.php\/wp-json\/wp\/v2\/types\/product"}],"wp:featuredmedia":[{"embeddable":true,"href":"http:\/\/ludzie.fundacja-pih.pl\/index.php\/wp-json\/wp\/v2\/media\/3144"}],"wp:attachment":[{"href":"http:\/\/ludzie.fundacja-pih.pl\/index.php\/wp-json\/wp\/v2\/media?parent=2859"}],"curies":[{"name":"wp","href":"https:\/\/api.w.org\/{rel}","templated":true}]}}

Dżemilew Mustafa (Krym)

<p>W maju 1944 wraz z całą rodziną został deportowany do Uzbekistanu. Od 16 roku życia zarabiał na życie jako tokarz, ślusarz i elektroślusarz. W 1962 rozpoczął naukę w Instytucie Inżynierów Irygacji i Melioracji Gospodarstwa Wiejskiego w Taszkencie, jednak po trzech latach skreślono go z listy studentów za „niewłaściwe zachowanie”.<br />
W 1961 znalazł się wśród założycieli Związku Młodzieży Krymskotatarskiej w Taszkencie. W 1969 należał do założycieli Grupy Inicjatywnej na rzecz Ochrony Praw Człowieka w ZSRR. Był siedmiokrotnie skazywany, łącznie spędził 15 lat w więzieniu za „szerzenie poglądów kwestionujących ład radziecki”. W latach 1975–1976 zorganizował trwającą 303 dni głodówkę w więzieniu w Omsku. W 1983 założył i redagował nielegalny „Biuletyn Informacyjny Grupy Inicjatywnej Tatarów Krymskich im. Musy Mamuta”. Od 1987 do 1989 pełnił obowiązki przywódcy Centralnej Grupy Inicjatywnej Narodowego Ruchu Tatarów Krymskich, a w latach 1989–1991 stał na czele Organizacji Krymskotatarskiego Ruchu Narodowego.<br />
W 1987 zamieszkał w Bachczysaraju. W czerwcu 1991 wybrano go na przewodniczącego Medżlisu Tatarów Krymskich. W maju 1999 został przewodniczącym Rady Przedstawicieli Narodu Krymskotatarskiego.<br />
W 1998 po raz pierwszy uzyskał mandat deputowanego do Rady Najwyższej Ukrainy (z ramienia Ludowego Ruchu Ukrainy), później był wybierany w 2002 i 2006 (z listy Bloku Nasza Ukraina), 2007 (z listy Nasza Ukraina-Ludowa Samoobrona), 2012 (z listy Batkiwszczyny), 2014 i 2019 (z ramienia ugrupowania Petra Poroszenki).<br />
Stanął na czele Fundacji „Krym”. Oprócz języka państwowego i ojczystego deklaruje znajomość rosyjskiego, angielskiego i tureckiego. Jest żonaty z Safinanr (przewodniczącą Ligi Kobiet Krymskotatarskich), mają razem 2 synów i córkę</p>
<p>W marcu 2013 r. na zaproszenie Kornela Morawieckiego przybył z delegacją Medżlisu Tatarów Krymskich do Wrocławia, gdzie został odznaczony Krzyżem Solidarności Walczącej.</p>

<p>W maju 1944 wraz z całą rodziną został deportowany do Uzbekistanu. Od 16 roku życia zarabiał na życie jako tokarz, ślusarz i elektroślusarz. W 1962 rozpoczął naukę w Instytucie Inżynierów Irygacji i Melioracji Gospodarstwa Wiejskiego w Taszkencie, jednak po trzech latach skreślono go z listy studentów za „niewłaściwe zachowanie”. W 1961 znalazł się wśród założycieli [&hellip;]</p>
