{"id":2886,"date":"2021-04-29T17:03:44","date_gmt":"2021-04-29T17:03:44","guid":{"rendered":"http:\/\/ludzie.fundacja-pih.pl\/?post_type=product&#038;p=2886"},"modified":"2025-05-16T14:19:49","modified_gmt":"2025-05-16T14:19:49","slug":"isakowicz-zaleski-tadeusz","status":"publish","type":"product","link":"http:\/\/ludzie.fundacja-pih.pl\/index.php\/product\/isakowicz-zaleski-tadeusz\/","title":{"rendered":"Isakowicz-Zaleski Tadeusz"},"content":{"rendered":"<p>Urodzi\u0142 si\u0119 7 wrze\u015bnia 1956 roku w Krakowie.<\/p>\n<p>Ksi\u0105dz katolicki obrz\u0105dk\u00f3w ormia\u0144skiego i \u0142aci\u0144skiego. W okresie PRL by\u0142 dzia\u0142aczem opozycji antykomunistycznej oraz kapelanem podziemnej \u201eSolidarno\u015bci\u201d. W 1975 roku Tadeusz Isakowicz-Zaleski wst\u0105pi\u0142 do seminarium duchownego, kt\u00f3re uko\u0144czy\u0142 po przymusowej dwuletniej przerwie na odbycie s\u0142u\u017cby wojskowej. W 1983 r. przyj\u0105\u0142 \u015bwi\u0119cenia kap\u0142a\u0144skie. W czasie studi\u00f3w zwi\u0105zany z opozycj\u0105 demokratyczn\u0105, m.in. Studenckim Komitetem Solidarno\u015bci, a nast\u0119pnie z podziemn\u0105 \u201eSolidarno\u015bci\u0105\u201d i \u201eSolidarno\u015bci\u0105 Walcz\u0105c\u0105\u201d. Kolportowa\u0142 w\u015br\u00f3d duchownych pisma drugiego obiegu, wsp\u00f3\u0142redagowa\u0142 \u201eKrzy\u017c Nowohucki\u201d (jako Jacek Partyka). Dzia\u0142a\u0142 w prowadzonym przez ks. Kazimierza Jancarza Duszpasterstwie Ludzi Pracy w Nowej Hucie\u2013Mistrzejowicach. W 1985 roku zosta\u0142 dwukrotnie pobity przez funkcjonariuszy SB. W 1988 roku pos\u0142ugiwa\u0142 jako kapelan w strajku w Hucie im. Lenina. Anga\u017cowa\u0142 si\u0119 te\u017c w dzia\u0142alno\u015b\u0107 dobroczynn\u0105 i pomoc niepe\u0142nosprawnym. W 1987 roku by\u0142 wsp\u00f3\u0142za\u0142o\u017cycielem Fundacji im. Brata Alberta, zajmuj\u0105cej si\u0119 osobami upo\u015bledzonymi umys\u0142owo, prowadz\u0105cej schronisko w podkrakowskich Radwanowicach. W 2006 roku zosta\u0142 odznaczony Krzy\u017cem Komandorskim Orderu Odrodzenia Polski. W 2007 roku zosta\u0142 laureatem Nagrody Rzecznika Praw Obywatelskich im. Paw\u0142a W\u0142odkowica i nagrody \u201eNiezale\u017cnej Gazety Polskiej\u201d im. \u015bw. Grzegorza I Wielkiego za \u201eszczeg\u00f3lny wk\u0142ad w obron\u0119 prawdy w \u017cyciu publicznym\u201d.<\/p>\n","protected":false},"excerpt":{"rendered":"<p>Urodzi\u0142 si\u0119 7 wrze\u015bnia 1956 roku w Krakowie. Ksi\u0105dz katolicki obrz\u0105dk\u00f3w ormia\u0144skiego i \u0142aci\u0144skiego. W okresie PRL by\u0142 dzia\u0142aczem opozycji antykomunistycznej oraz kapelanem podziemnej \u201eSolidarno\u015bci\u201d. W 1975 roku Tadeusz Isakowicz-Zaleski wst\u0105pi\u0142 do seminarium duchownego, kt\u00f3re uko\u0144czy\u0142 po przymusowej dwuletniej przerwie na odbycie s\u0142u\u017cby wojskowej. W 1983 r. przyj\u0105\u0142 \u015bwi\u0119cenia kap\u0142a\u0144skie. W czasie studi\u00f3w zwi\u0105zany z [&hellip;]<\/p>\n","protected":false},"featured_media":2887,"template":"","meta":[],"_links":{"self":[{"href":"http:\/\/ludzie.fundacja-pih.pl\/index.php\/wp-json\/wp\/v2\/product\/2886"}],"collection":[{"href":"http:\/\/ludzie.fundacja-pih.pl\/index.php\/wp-json\/wp\/v2\/product"}],"about":[{"href":"http:\/\/ludzie.fundacja-pih.pl\/index.php\/wp-json\/wp\/v2\/types\/product"}],"wp:featuredmedia":[{"embeddable":true,"href":"http:\/\/ludzie.fundacja-pih.pl\/index.php\/wp-json\/wp\/v2\/media\/2887"}],"wp:attachment":[{"href":"http:\/\/ludzie.fundacja-pih.pl\/index.php\/wp-json\/wp\/v2\/media?parent=2886"}],"curies":[{"name":"wp","href":"https:\/\/api.w.org\/{rel}","templated":true}]}}

<p>Urodził się 7 września 1956 roku w Krakowie.</p>
<p>Ksiądz katolicki obrządków ormiańskiego i łacińskiego. W okresie PRL był działaczem opozycji antykomunistycznej oraz kapelanem podziemnej „Solidarności”. W 1975 roku Tadeusz Isakowicz-Zaleski wstąpił do seminarium duchownego, które ukończył po przymusowej dwuletniej przerwie na odbycie służby wojskowej. W 1983 r. przyjął święcenia kapłańskie. W czasie studiów związany z opozycją demokratyczną, m.in. Studenckim Komitetem Solidarności, a następnie z podziemną „Solidarnością” i „Solidarnością Walczącą”. Kolportował wśród duchownych pisma drugiego obiegu, współredagował „Krzyż Nowohucki” (jako Jacek Partyka). Działał w prowadzonym przez ks. Kazimierza Jancarza Duszpasterstwie Ludzi Pracy w Nowej Hucie–Mistrzejowicach. W 1985 roku został dwukrotnie pobity przez funkcjonariuszy SB. W 1988 roku posługiwał jako kapelan w strajku w Hucie im. Lenina. Angażował się też w działalność dobroczynną i pomoc niepełnosprawnym. W 1987 roku był współzałożycielem Fundacji im. Brata Alberta, zajmującej się osobami upośledzonymi umysłowo, prowadzącej schronisko w podkrakowskich Radwanowicach. W 2006 roku został odznaczony Krzyżem Komandorskim Orderu Odrodzenia Polski. W 2007 roku został laureatem Nagrody Rzecznika Praw Obywatelskich im. Pawła Włodkowica i nagrody „Niezależnej Gazety Polskiej” im. św. Grzegorza I Wielkiego za „szczególny wkład w obronę prawdy w życiu publicznym”.</p>

<p>Urodził się 7 września 1956 roku w Krakowie. Ksiądz katolicki obrządków ormiańskiego i łacińskiego. W okresie PRL był działaczem opozycji antykomunistycznej oraz kapelanem podziemnej „Solidarności”. W 1975 roku Tadeusz Isakowicz-Zaleski wstąpił do seminarium duchownego, które ukończył po przymusowej dwuletniej przerwie na odbycie służby wojskowej. W 1983 r. przyjął święcenia kapłańskie. W czasie studiów związany z [&hellip;]</p>
