{"id":2903,"date":"2021-04-29T17:12:33","date_gmt":"2021-04-29T17:12:33","guid":{"rendered":"http:\/\/ludzie.fundacja-pih.pl\/?post_type=product&#038;p=2903"},"modified":"2025-05-16T14:19:53","modified_gmt":"2025-05-16T14:19:53","slug":"kierc-boguslaw","status":"publish","type":"product","link":"http:\/\/ludzie.fundacja-pih.pl\/index.php\/product\/kierc-boguslaw\/","title":{"rendered":"Kierc Bogus\u0142aw"},"content":{"rendered":"<p>Urodzi\u0142 si\u0119 22 stycznia 1943 roku w Bielsku-Bia\u0142ej.<\/p>\n<p>Aktor, re\u017cyser teatralny, dramaturg, poeta, eseista i krytyk literacki. W 1967 roku uko\u0144czy\u0142 studia na Wydziale Aktorskim w Pa\u0144stwowej Wy\u017cszej Szko\u0142y Teatralnej im. Ludwika Solskiego w Krakowie. W latach 1968\u20131980 nale\u017ca\u0142 do PZPR. W latach 1979 \u2013 1983 by\u0142 cz\u0142onkiem ZLP. W okresie od 1966 roku do 1972 roku publikowa\u0142 wiersze w \u201eOdrze\u201d i \u201ePoezji\u201d. W latach 1972 \u2013 1979 by\u0142 autorem i redaktorem w \u201eNowym Wyrazie\u201d. W latach 1973 \u2013 1976 by\u0142 autorem felieton\u00f3w w \u201eScenie\u201d. W latach 1967 \u2013 1972 pracowa\u0142 jako aktor w Teatrze Rozmaito\u015bci\/Teatrze Wsp\u00f3\u0142czesnym we Wroc\u0142awiu. W latach 1972 \u2013 1974 by\u0142 zatrudniony w Teatrze im. Wandy Siemaszkowej w Rzeszowie. W latach 1974 \u2013 1976 pracowa\u0142 w Lubuskim Teatrze im. Leona Kruczkowskiego w Zielonej G\u00f3rze. W latach 1976 \u2013 1984 ponownie zatrudniony w Teatrze Wsp\u00f3\u0142czesnym we Wroc\u0142awiu. W latach 1979 \u2013 1990 pracowa\u0142 jako re\u017cyser, w latach 1982 \u2013 1983 jako kierownik artystyczny Pa\u0144stwowego Teatru Lalki i Aktora w Wa\u0142brzychu. W latach 1968 \u2013 1990 by\u0142 wyk\u0142adowc\u0105 kolejno: w Studio Aktorskim Teatr\u00f3w Lalek we Wroc\u0142awiu, na Uniwersytecie Wroc\u0142awskim, Wydz. Wokalno\u2013Aktorskim w Pa\u0144stwowej Wy\u017cszej Szkole Muzycznej tam\u017ce oraz Wydz. Aktorskim i Lalkarskim PWST im. L. Solskiego w Krakowie Filia tam\u017ce. W latach 1968 \u2013 1972  pracowa\u0142 w Wy\u017cszej Szkole Oficerskiej Wojsk In\u017cynieryjnych tam\u017ce, by\u0142 tak\u017ce kierownikiem Teatru Poezji (po XII 1970 prezentuj\u0105cego wiersze poet\u00f3w nowofalowych m.in. Ryszarda Krynickiego i Stanis\u0142awa Bara\u0144czaka). 1980 \u2013 1982 wsp\u00f3\u0142za\u0142o\u017cyciel Teatru W\u0119druj\u0105cego (projekt artystyczny realizowany przy Teatrze Wsp\u00f3\u0142czesnym we wsiach dolno\u015bl\u0105skich), aktor w spektaklach Wesele bez panny m\u0142odej i Pielgrzymka do ziemi naszej (autor tekst\u00f3w pie\u015bni i wsp\u00f3\u0142autor scenariusza). 1982 \u2013 1989 dzia\u0142acz Duszpasterstwa Ludzi Pracy przy parafii \u015bw. Klemensa Dworzaka we Wroc\u0142awiu; wielokrotnie wyst\u0119powa\u0142 (m.in. w przedstawieniach wroc\u0142awskiej niezale\u017cnej grupy teatralnej Nie Samym Teatrem) w ramach Tygodni Kultury Chrze\u015bcija\u0144skiej w ko\u015bcio\u0142ach m.in. w Bydgoszczy, Nowej Rudzie, Krakowie, Warszawie i we Wroc\u0142awiu. 21 VI 1983 aktor i autor tekst\u00f3w pie\u015bni programu Pok\u00f3j Tobie Polsko, Ojczyzno moja zaprezentowanego podczas mszy Jana Paw\u0142a II we Wroc\u0142awiu-Partynicach. 5 VII 1984 zwolni\u0142 si\u0119 z Teatru Wsp\u00f3lczesnego na znak protestu przeciwko odwo\u0142aniu Kazimierza Brauna z funkcji dyr. 1983 \u2013 1987 wsp\u00f3\u0142za\u0142o\u017cyciel, re\u017cyser, scenarzysta i aktor niezale\u017cnej wroc\u0142awskiej grupy teatralnej NST. 1983 \u2013 1988 publikowa\u0142 wiersze w podziemnym pi\u015bmie \u201eObecno\u015b\u0107\u201d, a tak\u017ce zbiory wierszy w podziemnych wydawnictwach Modlitwa przeciw rozpaczy (Robotnicze Wydawnictwo Feniks, 1985), \u0141agodny, mi\u0142y: wiersze i ma\u0142a proza (RW Feniks, 1986), \u0179r\u00f3d\u0142o \u015bwiat\u0142a (Inicjatywa Wydawnicza Aspekt, 1988). 1983 \u2013 1989 wielokrotnie zatrzymywany (m.in. 30 IX 1985, 29 VI 1986, 19 III 1987), przes\u0142uchiwany, poddawany rewizjom, 29 VI i 11 XI 1987 ukarany grzywnami przez kolegium ds. wykrocze\u0144. Kolportowa\u0142 niezale\u017cn\u0105 pras\u0119 i wsp\u00f3\u0142pracowa\u0142 z \u201eSolidarno\u015bci\u0105 Walcz\u0105c\u0105\u201d. Od l. 80. re\u017cyser w Teatrze Lalek Banialuka w Bielsku-Bia\u0142ej. Od 1989 cz\u0142onek SPP (1992 \u2013 2003 w Zarz\u0105dzie G\u0142\u00f3wnym). 1990 \u2013 1992 dyr. artystyczny w Teatrze Wsp\u00f3\u0142czesnym w Szczecinie. 1992 \u2013 2010 ponownie wyk\u0142adowca w PWST im. L. Solskiego w Krakowie Filia we Wroc\u0142awiu, 1992 \u2013 2000 aktor w Teatrze Polskim tam\u017ce, 2000 \u2013 2008 we Wroc\u0142awskim Teatrze Wsp\u00f3lczenym; od 2008 na emeryturze (nadal go\u015bcinnie wyst\u0119puje w teatrach m.in. we Wroc\u0142awiu i Warszawie). Autor licznych ksi\u0105\u017cek poetyckich i eseistycznych oraz dramat\u00f3w i opracowa\u0144 literackich, m.in. poezje: Nago\u015b\u0107 stokrotna (1972), Ciemny chleb (1973), Niewinno\u015b\u0107 (1981), Sekundy (1994), Tyber z piaskiem (1997), Zaskroniec (2003), Rt\u0119\u0107 (2010), Manatki (2013); tomy szkic\u00f3w: Przybo\u015b i (1976), Wznios\u0142y upadek anio\u0142a (1992), Moje kochanki (2001), Cia\u0142o z mojego cia\u0142a (2005), Rafa\u0142 Wojaczek. Prawdziwe \u017cycie bohatera 2007; prozy poetycko-eseistyczne Bazgro\u0142y dla sk\u0142adacza modeli lataj\u0105cych (2010), Ci\u0119mno\u015b\u0107 (2014).<br \/>\nOdznaczony Krzy\u017cem Kawalerskim Orderu Odrodzenia Polski (2006), Z\u0142otym Krzy\u017cem Zas\u0142ugi (1978, 1996), Medalem Zas\u0142u\u017cony Kulturze Gloria Artis (2010), laureat nagrody Polcul Foundation (1986).<br \/>\n1975 \u2013 I 1990 rozpracowywany przez Wydz. III\/WOKPP KW MO\/WUSW we Wroc\u0142awiu w ramach SO krypt. Stars; 6 II 1985 \u2013 I 1989 przez Wydz. III WUSW w ramach SOR krypt. Habit.<\/p>\n","protected":false},"excerpt":{"rendered":"<p>Urodzi\u0142 si\u0119 22 stycznia 1943 roku w Bielsku-Bia\u0142ej. Aktor, re\u017cyser teatralny, dramaturg, poeta, eseista i krytyk literacki. W 1967 roku uko\u0144czy\u0142 studia na Wydziale Aktorskim w Pa\u0144stwowej Wy\u017cszej Szko\u0142y Teatralnej im. Ludwika Solskiego w Krakowie. W latach 1968\u20131980 nale\u017ca\u0142 do PZPR. W latach 1979 \u2013 1983 by\u0142 cz\u0142onkiem ZLP. W okresie od 1966 roku do [&hellip;]<\/p>\n","protected":false},"featured_media":2904,"template":"","meta":[],"_links":{"self":[{"href":"http:\/\/ludzie.fundacja-pih.pl\/index.php\/wp-json\/wp\/v2\/product\/2903"}],"collection":[{"href":"http:\/\/ludzie.fundacja-pih.pl\/index.php\/wp-json\/wp\/v2\/product"}],"about":[{"href":"http:\/\/ludzie.fundacja-pih.pl\/index.php\/wp-json\/wp\/v2\/types\/product"}],"wp:featuredmedia":[{"embeddable":true,"href":"http:\/\/ludzie.fundacja-pih.pl\/index.php\/wp-json\/wp\/v2\/media\/2904"}],"wp:attachment":[{"href":"http:\/\/ludzie.fundacja-pih.pl\/index.php\/wp-json\/wp\/v2\/media?parent=2903"}],"curies":[{"name":"wp","href":"https:\/\/api.w.org\/{rel}","templated":true}]}}