{"id":2935,"date":"2021-04-29T17:38:56","date_gmt":"2021-04-29T17:38:56","guid":{"rendered":"http:\/\/ludzie.fundacja-pih.pl\/?post_type=product&#038;p=2935"},"modified":"2025-05-16T14:20:00","modified_gmt":"2025-05-16T14:20:00","slug":"papkou-siarhiej-bialorus","status":"publish","type":"product","link":"http:\/\/ludzie.fundacja-pih.pl\/index.php\/product\/papkou-siarhiej-bialorus\/","title":{"rendered":"Papkou Siarhiej (Bialoru\u015b)"},"content":{"rendered":"<p>Urodzi\u0142 si\u0119 13 lutego 1940 r. w Nowaja Lala, obw. Swierd\u0142owski.<\/p>\n<p>In\u017cynier techniki rakietowej i obliczeniowej. W 1988 roku rozpocz\u0105\u0142 dzia\u0142alno\u015b\u0107 w ruchu niepodleg\u0142o\u015bciowym. W 1990 roku zosta\u0142 wybrany na cz\u0142onka Rady Najwy\u017cszej Bia\u0142orusi (Parlamentu Republiki) z ramienia Bia\u0142oruskiego Frontu Narodowego \u201eAdrad\u017ce\u0144nie\u201d. Bra\u0142 udzia\u0142 w opracowaniu i przyj\u0119ciu Deklaracji o Pa\u0144stwowej Suwerenno\u015bci Bia\u0142orusi oraz przygotowaniu projekt\u00f3w ustaw na nadzwyczajnej sesji Rady Najwy\u017cszej 24 \u2013 25 sierpnia 1991 roku, w czasie kt\u00f3rej og\u0142oszono akt niepodleg\u0142o\u015b\u0107 Bia\u0142orusi. By\u0142 wsp\u00f3\u0142autorem koncepcji przej\u015bcia Bia\u0142oruskiej SRR na gospodark\u0119 rynkow\u0105. Po 1991 nawi\u0105za\u0142 wsp\u00f3\u0142prac\u0119 z \u201eSolidarno\u015bci\u0105 Walcz\u0105c\u0105\u201d.<\/p>\n","protected":false},"excerpt":{"rendered":"<p>Urodzi\u0142 si\u0119 13 lutego 1940 r. w Nowaja Lala, obw. Swierd\u0142owski. In\u017cynier techniki rakietowej i obliczeniowej. W 1988 roku rozpocz\u0105\u0142 dzia\u0142alno\u015b\u0107 w ruchu niepodleg\u0142o\u015bciowym. W 1990 roku zosta\u0142 wybrany na cz\u0142onka Rady Najwy\u017cszej Bia\u0142orusi (Parlamentu Republiki) z ramienia Bia\u0142oruskiego Frontu Narodowego \u201eAdrad\u017ce\u0144nie\u201d. Bra\u0142 udzia\u0142 w opracowaniu i przyj\u0119ciu Deklaracji o Pa\u0144stwowej Suwerenno\u015bci Bia\u0142orusi oraz przygotowaniu [&hellip;]<\/p>\n","protected":false},"featured_media":2936,"template":"","meta":[],"_links":{"self":[{"href":"http:\/\/ludzie.fundacja-pih.pl\/index.php\/wp-json\/wp\/v2\/product\/2935"}],"collection":[{"href":"http:\/\/ludzie.fundacja-pih.pl\/index.php\/wp-json\/wp\/v2\/product"}],"about":[{"href":"http:\/\/ludzie.fundacja-pih.pl\/index.php\/wp-json\/wp\/v2\/types\/product"}],"wp:featuredmedia":[{"embeddable":true,"href":"http:\/\/ludzie.fundacja-pih.pl\/index.php\/wp-json\/wp\/v2\/media\/2936"}],"wp:attachment":[{"href":"http:\/\/ludzie.fundacja-pih.pl\/index.php\/wp-json\/wp\/v2\/media?parent=2935"}],"curies":[{"name":"wp","href":"https:\/\/api.w.org\/{rel}","templated":true}]}}

Papkou Siarhiej (Bialoruś)

<p>Urodził się 13 lutego 1940 r. w Nowaja Lala, obw. Swierdłowski.</p>
<p>Inżynier techniki rakietowej i obliczeniowej. W 1988 roku rozpoczął działalność w ruchu niepodległościowym. W 1990 roku został wybrany na członka Rady Najwyższej Białorusi (Parlamentu Republiki) z ramienia Białoruskiego Frontu Narodowego „Adradżeńnie”. Brał udział w opracowaniu i przyjęciu Deklaracji o Państwowej Suwerenności Białorusi oraz przygotowaniu projektów ustaw na nadzwyczajnej sesji Rady Najwyższej 24 – 25 sierpnia 1991 roku, w czasie której ogłoszono akt niepodległość Białorusi. Był współautorem koncepcji przejścia Białoruskiej SRR na gospodarkę rynkową. Po 1991 nawiązał współpracę z „Solidarnością Walczącą”.</p>

<p>Urodził się 13 lutego 1940 r. w Nowaja Lala, obw. Swierdłowski. Inżynier techniki rakietowej i obliczeniowej. W 1988 roku rozpoczął działalność w ruchu niepodległościowym. W 1990 roku został wybrany na członka Rady Najwyższej Białorusi (Parlamentu Republiki) z ramienia Białoruskiego Frontu Narodowego „Adradżeńnie”. Brał udział w opracowaniu i przyjęciu Deklaracji o Państwowej Suwerenności Białorusi oraz przygotowaniu [&hellip;]</p>
