{"id":2941,"date":"2021-04-29T17:41:50","date_gmt":"2021-04-29T17:41:50","guid":{"rendered":"http:\/\/ludzie.fundacja-pih.pl\/?post_type=product&#038;p=2941"},"modified":"2025-05-16T14:20:01","modified_gmt":"2025-05-16T14:20:01","slug":"pazniak-zianon-bialorus","status":"publish","type":"product","link":"http:\/\/ludzie.fundacja-pih.pl\/index.php\/product\/pazniak-zianon-bialorus\/","title":{"rendered":"Pa\u017aniak Zianon (Bia\u0142oru\u015b)"},"content":{"rendered":"<p>24 kwietnia 1944 roku w Sobotnikach. <\/p>\n<p>Dzia\u0142acz polityczny, historyk, poeta, archeolog. W czasach sowieckich by\u0142 czo\u0142owym dysydentem na Bia\u0142orusi. Broni\u0142 bia\u0142oruskiej spu\u015bcizny kulturalnej oraz j\u0119zyka bia\u0142oruskiego w trudnych czasach komunistycznego totalitaryzmu i rusyfikacji. Represjonowany przez w\u0142adze komunistyczne, by\u0142 pozbawiony mo\u017cliwo\u015bci pracy w swoim zawodzie. W latach 1986 &#8211; 1988 odkry\u0142 masowe groby ok. 250 tysi\u0119cy ofiar NKWD w Kuropatach w okolicach Mi\u0144ska (w kt\u00f3rych le\u017c\u0105 tak\u017ce Polacy \u2013 ofiary komunistycznego re\u017cimu). Organizowa\u0142 pierwsze wielotysi\u0119czne wiece pami\u0119ci w Kuropatach latem 1988 roku, od kt\u00f3rych rozpocz\u0105\u0142 si\u0119 \u00f3wczesny ruch narodowo-wyzwole\u0144czy na Bia\u0142orusi. W pa\u017adzierniku 1988 roku za\u0142o\u017cy\u0142 Bia\u0142oruski Front Narodowy \u201eAdrad\u017ce\u0144nie\u201d, kt\u00f3remu przewodzi do dnia dzisiejszego. W 1990 zosta\u0142 wybrany na cz\u0142onka Rady Najwy\u017cszej Bia\u0142orusi (Parlamentu Republiki), kandyduj\u0105c w roboczych dzielnicach Mi\u0144ska. Jako przewodnicz\u0105cy Opozycji \u2013 Bia\u0142oruskiego Frontu Narodowego w parlamencie, kierowa\u0142 opracowaniem Deklaracji o Pa\u0144stwowej Suwerenno\u015bci Bia\u0142orusi, przygotowaniu projekt\u00f3w ustaw na nadzwyczajnej sesji Rady Najwy\u017cszej 24 \u2013 25 sierpnia 1991 roku, w czasie kt\u00f3rej og\u0142oszono niepodleg\u0142o\u015b\u0107 Bia\u0142orusi.<br \/>\nW 1990 roku rozpocz\u0105\u0142 wsp\u00f3\u0142prac\u0119 z Solidarno\u015bci\u0105 Walcz\u0105c\u0105.<\/p>\n","protected":false},"excerpt":{"rendered":"<p>24 kwietnia 1944 roku w Sobotnikach. Dzia\u0142acz polityczny, historyk, poeta, archeolog. W czasach sowieckich by\u0142 czo\u0142owym dysydentem na Bia\u0142orusi. Broni\u0142 bia\u0142oruskiej spu\u015bcizny kulturalnej oraz j\u0119zyka bia\u0142oruskiego w trudnych czasach komunistycznego totalitaryzmu i rusyfikacji. Represjonowany przez w\u0142adze komunistyczne, by\u0142 pozbawiony mo\u017cliwo\u015bci pracy w swoim zawodzie. W latach 1986 &#8211; 1988 odkry\u0142 masowe groby ok. 250 tysi\u0119cy [&hellip;]<\/p>\n","protected":false},"featured_media":2942,"template":"","meta":[],"_links":{"self":[{"href":"http:\/\/ludzie.fundacja-pih.pl\/index.php\/wp-json\/wp\/v2\/product\/2941"}],"collection":[{"href":"http:\/\/ludzie.fundacja-pih.pl\/index.php\/wp-json\/wp\/v2\/product"}],"about":[{"href":"http:\/\/ludzie.fundacja-pih.pl\/index.php\/wp-json\/wp\/v2\/types\/product"}],"wp:featuredmedia":[{"embeddable":true,"href":"http:\/\/ludzie.fundacja-pih.pl\/index.php\/wp-json\/wp\/v2\/media\/2942"}],"wp:attachment":[{"href":"http:\/\/ludzie.fundacja-pih.pl\/index.php\/wp-json\/wp\/v2\/media?parent=2941"}],"curies":[{"name":"wp","href":"https:\/\/api.w.org\/{rel}","templated":true}]}}

Paźniak Zianon (Białoruś)

<p>24 kwietnia 1944 roku w Sobotnikach. </p>
<p>Działacz polityczny, historyk, poeta, archeolog. W czasach sowieckich był czołowym dysydentem na Białorusi. Bronił białoruskiej spuścizny kulturalnej oraz języka białoruskiego w trudnych czasach komunistycznego totalitaryzmu i rusyfikacji. Represjonowany przez władze komunistyczne, był pozbawiony możliwości pracy w swoim zawodzie. W latach 1986 &#8211; 1988 odkrył masowe groby ok. 250 tysięcy ofiar NKWD w Kuropatach w okolicach Mińska (w których leżą także Polacy – ofiary komunistycznego reżimu). Organizował pierwsze wielotysięczne wiece pamięci w Kuropatach latem 1988 roku, od których rozpoczął się ówczesny ruch narodowo-wyzwoleńczy na Białorusi. W październiku 1988 roku założył Białoruski Front Narodowy „Adradżeńnie”, któremu przewodzi do dnia dzisiejszego. W 1990 został wybrany na członka Rady Najwyższej Białorusi (Parlamentu Republiki), kandydując w roboczych dzielnicach Mińska. Jako przewodniczący Opozycji – Białoruskiego Frontu Narodowego w parlamencie, kierował opracowaniem Deklaracji o Państwowej Suwerenności Białorusi, przygotowaniu projektów ustaw na nadzwyczajnej sesji Rady Najwyższej 24 – 25 sierpnia 1991 roku, w czasie której ogłoszono niepodległość Białorusi.<br />
W 1990 roku rozpoczął współpracę z Solidarnością Walczącą.</p>

<p>24 kwietnia 1944 roku w Sobotnikach. Działacz polityczny, historyk, poeta, archeolog. W czasach sowieckich był czołowym dysydentem na Białorusi. Bronił białoruskiej spuścizny kulturalnej oraz języka białoruskiego w trudnych czasach komunistycznego totalitaryzmu i rusyfikacji. Represjonowany przez władze komunistyczne, był pozbawiony możliwości pracy w swoim zawodzie. W latach 1986 &#8211; 1988 odkrył masowe groby ok. 250 tysięcy [&hellip;]</p>
