{"id":2948,"date":"2021-04-29T17:44:38","date_gmt":"2021-04-29T17:44:38","guid":{"rendered":"http:\/\/ludzie.fundacja-pih.pl\/?post_type=product&#038;p=2948"},"modified":"2025-05-16T14:20:02","modified_gmt":"2025-05-16T14:20:02","slug":"podrabinek-aleksander-rosja","status":"publish","type":"product","link":"http:\/\/ludzie.fundacja-pih.pl\/index.php\/product\/podrabinek-aleksander-rosja\/","title":{"rendered":"Podrabinek Aleksander (Rosja)"},"content":{"rendered":"<p>Urodzi\u0142 si\u0119 5 sierpnia 1953 roku w Elektrostalu.<\/p>\n<p>Rosyjski dzia\u0142acz demokratyczny, obro\u0144ca praw cz\u0142owieka, dziennikarz Radia Swoboda. W latach siedemdziesi\u0105tych by\u0142 wsp\u00f3\u0142za\u0142o\u017cycielem Komisji Roboczej do Bada\u0144 Wykorzystywania Psychiatrii do Cel\u00f3w Politycznych. Aleksander Podrabinek zosta\u0142 skazany za dzia\u0142alno\u015b\u0107 dysydenck\u0105 na 5 lat zes\u0142ania w Ust&#8217;-Nierze oraz na 5-letni pobyt w \u0142agrach w Jakucji. Uwolniono go w 1983 roku.<br \/>\nBy\u0142 niezale\u017cnym dziennikarzem prasowym i radiowym. W latach 1987 &#8211; 2001 by\u0142 za\u0142o\u017cycielem i redaktorem gazety \u201eEkspriess-Chronika\u201d. Jest przyjacielem \u201eSolidarno\u015bci Walcz\u0105cej\u201d. W marcu 2017 roku Aleksander Podrabinek zosta\u0142 odznaczony Krzy\u017cem Solidarno\u015bci Walcz\u0105cej.<\/p>\n","protected":false},"excerpt":{"rendered":"<p>Urodzi\u0142 si\u0119 5 sierpnia 1953 roku w Elektrostalu. Rosyjski dzia\u0142acz demokratyczny, obro\u0144ca praw cz\u0142owieka, dziennikarz Radia Swoboda. W latach siedemdziesi\u0105tych by\u0142 wsp\u00f3\u0142za\u0142o\u017cycielem Komisji Roboczej do Bada\u0144 Wykorzystywania Psychiatrii do Cel\u00f3w Politycznych. Aleksander Podrabinek zosta\u0142 skazany za dzia\u0142alno\u015b\u0107 dysydenck\u0105 na 5 lat zes\u0142ania w Ust&#8217;-Nierze oraz na 5-letni pobyt w \u0142agrach w Jakucji. Uwolniono go w [&hellip;]<\/p>\n","protected":false},"featured_media":3227,"template":"","meta":[],"_links":{"self":[{"href":"http:\/\/ludzie.fundacja-pih.pl\/index.php\/wp-json\/wp\/v2\/product\/2948"}],"collection":[{"href":"http:\/\/ludzie.fundacja-pih.pl\/index.php\/wp-json\/wp\/v2\/product"}],"about":[{"href":"http:\/\/ludzie.fundacja-pih.pl\/index.php\/wp-json\/wp\/v2\/types\/product"}],"wp:featuredmedia":[{"embeddable":true,"href":"http:\/\/ludzie.fundacja-pih.pl\/index.php\/wp-json\/wp\/v2\/media\/3227"}],"wp:attachment":[{"href":"http:\/\/ludzie.fundacja-pih.pl\/index.php\/wp-json\/wp\/v2\/media?parent=2948"}],"curies":[{"name":"wp","href":"https:\/\/api.w.org\/{rel}","templated":true}]}}

<p>Urodził się 5 sierpnia 1953 roku w Elektrostalu.</p>
<p>Rosyjski działacz demokratyczny, obrońca praw człowieka, dziennikarz Radia Swoboda. W latach siedemdziesiątych był współzałożycielem Komisji Roboczej do Badań Wykorzystywania Psychiatrii do Celów Politycznych. Aleksander Podrabinek został skazany za działalność dysydencką na 5 lat zesłania w Ust&#8217;-Nierze oraz na 5-letni pobyt w łagrach w Jakucji. Uwolniono go w 1983 roku.<br />
Był niezależnym dziennikarzem prasowym i radiowym. W latach 1987 &#8211; 2001 był założycielem i redaktorem gazety „Ekspriess-Chronika”. Jest przyjacielem „Solidarności Walczącej”. W marcu 2017 roku Aleksander Podrabinek został odznaczony Krzyżem Solidarności Walczącej.</p>

<p>Urodził się 5 sierpnia 1953 roku w Elektrostalu. Rosyjski działacz demokratyczny, obrońca praw człowieka, dziennikarz Radia Swoboda. W latach siedemdziesiątych był współzałożycielem Komisji Roboczej do Badań Wykorzystywania Psychiatrii do Celów Politycznych. Aleksander Podrabinek został skazany za działalność dysydencką na 5 lat zesłania w Ust&#8217;-Nierze oraz na 5-letni pobyt w łagrach w Jakucji. Uwolniono go w [&hellip;]</p>
