{"id":2972,"date":"2021-04-30T07:47:09","date_gmt":"2021-04-30T07:47:09","guid":{"rendered":"http:\/\/ludzie.fundacja-pih.pl\/?post_type=product&#038;p=2972"},"modified":"2025-05-16T14:20:06","modified_gmt":"2025-05-16T14:20:06","slug":"soselia-guram-gruzja","status":"publish","type":"product","link":"http:\/\/ludzie.fundacja-pih.pl\/index.php\/product\/soselia-guram-gruzja\/","title":{"rendered":"Soselia Guram (Gruzja)"},"content":{"rendered":"<p>Urodzi\u0142 si\u0119 20 lipca 1935 w Tbilisi. <\/p>\n<p>W 1956 roku uczestniczy\u0142 w burzliwych wydarzeniach w Tbilisi, kiedy to mieszka\u0144cy stolicy na trzy dni znie\u015bli w\u0142adz\u0119 sowieck\u0105 w ramach masowego buntu obywatelskiego. 14 kwietnia 1978 roku uczestniczy\u0142 w masowym marszu protestu przeciwko pr\u00f3bie narzucenia przez Kreml j\u0119zyka rosyjskiego jako j\u0119zyka urz\u0119dowego na terytorium Gruzji, tym samym pozbawiaj\u0105c tego statusu j\u0119zyka gruzi\u0144skiego. W kwietniu 1989 roku bra\u0142 udzia\u0142 w protestach w Tbilisi, kt\u00f3re zako\u0144czy\u0142y si\u0119 masakr\u0105. Po uzyskaniu przez Gruzj\u0119 niepodleg\u0142o\u015bci, uczestniczy\u0142 w utworzeniu spo\u0142ecznej organizacji \u201eMemoria\u0142\u201d, zajmuj\u0105cej si\u0119 obron\u0105 praw os\u00f3b represjonowanych z powod\u00f3w politycznych oraz histori\u0105 komunistycznego terroru poczynaj\u0105c od 1917 roku. Bra\u0142 udzia\u0142 w pracach nad ustaw\u0105 o rehabilitacji represjonowanych. Wsp\u00f3\u0142pracowa\u0142 z \u201eSolidarno\u015bci\u0105 Walcz\u0105c\u0105\u201d.<\/p>\n","protected":false},"excerpt":{"rendered":"<p>Urodzi\u0142 si\u0119 20 lipca 1935 w Tbilisi. W 1956 roku uczestniczy\u0142 w burzliwych wydarzeniach w Tbilisi, kiedy to mieszka\u0144cy stolicy na trzy dni znie\u015bli w\u0142adz\u0119 sowieck\u0105 w ramach masowego buntu obywatelskiego. 14 kwietnia 1978 roku uczestniczy\u0142 w masowym marszu protestu przeciwko pr\u00f3bie narzucenia przez Kreml j\u0119zyka rosyjskiego jako j\u0119zyka urz\u0119dowego na terytorium Gruzji, tym samym [&hellip;]<\/p>\n","protected":false},"featured_media":2973,"template":"","meta":[],"_links":{"self":[{"href":"http:\/\/ludzie.fundacja-pih.pl\/index.php\/wp-json\/wp\/v2\/product\/2972"}],"collection":[{"href":"http:\/\/ludzie.fundacja-pih.pl\/index.php\/wp-json\/wp\/v2\/product"}],"about":[{"href":"http:\/\/ludzie.fundacja-pih.pl\/index.php\/wp-json\/wp\/v2\/types\/product"}],"wp:featuredmedia":[{"embeddable":true,"href":"http:\/\/ludzie.fundacja-pih.pl\/index.php\/wp-json\/wp\/v2\/media\/2973"}],"wp:attachment":[{"href":"http:\/\/ludzie.fundacja-pih.pl\/index.php\/wp-json\/wp\/v2\/media?parent=2972"}],"curies":[{"name":"wp","href":"https:\/\/api.w.org\/{rel}","templated":true}]}}

<p>Urodził się 20 lipca 1935 w Tbilisi. </p>
<p>W 1956 roku uczestniczył w burzliwych wydarzeniach w Tbilisi, kiedy to mieszkańcy stolicy na trzy dni znieśli władzę sowiecką w ramach masowego buntu obywatelskiego. 14 kwietnia 1978 roku uczestniczył w masowym marszu protestu przeciwko próbie narzucenia przez Kreml języka rosyjskiego jako języka urzędowego na terytorium Gruzji, tym samym pozbawiając tego statusu języka gruzińskiego. W kwietniu 1989 roku brał udział w protestach w Tbilisi, które zakończyły się masakrą. Po uzyskaniu przez Gruzję niepodległości, uczestniczył w utworzeniu społecznej organizacji „Memoriał”, zajmującej się obroną praw osób represjonowanych z powodów politycznych oraz historią komunistycznego terroru poczynając od 1917 roku. Brał udział w pracach nad ustawą o rehabilitacji represjonowanych. Współpracował z „Solidarnością Walczącą”.</p>

<p>Urodził się 20 lipca 1935 w Tbilisi. W 1956 roku uczestniczył w burzliwych wydarzeniach w Tbilisi, kiedy to mieszkańcy stolicy na trzy dni znieśli władzę sowiecką w ramach masowego buntu obywatelskiego. 14 kwietnia 1978 roku uczestniczył w masowym marszu protestu przeciwko próbie narzucenia przez Kreml języka rosyjskiego jako języka urzędowego na terytorium Gruzji, tym samym [&hellip;]</p>
