{"id":2995,"date":"2021-04-30T07:59:40","date_gmt":"2021-04-30T07:59:40","guid":{"rendered":"http:\/\/ludzie.fundacja-pih.pl\/?post_type=product&#038;p=2995"},"modified":"2025-05-16T14:20:11","modified_gmt":"2025-05-16T14:20:11","slug":"wisniowska-janina","status":"publish","type":"product","link":"http:\/\/ludzie.fundacja-pih.pl\/index.php\/product\/wisniowska-janina\/","title":{"rendered":"Wi\u015bniowska Janina"},"content":{"rendered":"<p>\u0141\u0105czniczka pracuj\u0105ca w Instytucie Biologii UWr.<\/p>\n","protected":false},"excerpt":{"rendered":"<p>\u0141\u0105czniczka pracuj\u0105ca w Instytucie Biologii UWr.<\/p>\n","protected":false},"featured_media":2996,"template":"","meta":[],"_links":{"self":[{"href":"http:\/\/ludzie.fundacja-pih.pl\/index.php\/wp-json\/wp\/v2\/product\/2995"}],"collection":[{"href":"http:\/\/ludzie.fundacja-pih.pl\/index.php\/wp-json\/wp\/v2\/product"}],"about":[{"href":"http:\/\/ludzie.fundacja-pih.pl\/index.php\/wp-json\/wp\/v2\/types\/product"}],"wp:featuredmedia":[{"embeddable":true,"href":"http:\/\/ludzie.fundacja-pih.pl\/index.php\/wp-json\/wp\/v2\/media\/2996"}],"wp:attachment":[{"href":"http:\/\/ludzie.fundacja-pih.pl\/index.php\/wp-json\/wp\/v2\/media?parent=2995"}],"curies":[{"name":"wp","href":"https:\/\/api.w.org\/{rel}","templated":true}]}}