{"id":3047,"date":"2021-04-30T09:24:49","date_gmt":"2021-04-30T09:24:49","guid":{"rendered":"http:\/\/ludzie.fundacja-pih.pl\/?post_type=product&#038;p=3047"},"modified":"2025-05-16T14:20:23","modified_gmt":"2025-05-16T14:20:23","slug":"szewczyk-elzbieta","status":"publish","type":"product","link":"http:\/\/ludzie.fundacja-pih.pl\/index.php\/product\/szewczyk-elzbieta\/","title":{"rendered":"Szewczyk El\u017cbieta"},"content":{"rendered":"<p>Urodzi\u0142a si\u0119 w 1957 roku w D\u0119biczy.<\/p>\n<p>Od 1982 roku wsp\u00f3\u0142pracowa\u0142a z Kazimierzem Klementowskim. Odpowiada\u0142a r\u00f3wnie\u017c za kontakty z Kotlin\u0105 K\u0142ock\u0105, a konkretnie z Warcis\u0142awem Martynowskim, dok\u0105d przez kolporterk\u0119, Sylwi\u0119 Kozakowsk\u0105, dostarcza\u0142a wydawnictwa bezdebitowe: bibu\u0142\u0119 SW, ksi\u0105\u017cki, broszury itp. 26 marca 1984 roku zosta\u0142a aresztowana. Przebywa\u0142a w Areszcie \u015aledczym na Podwalu, potem wi\u0119zieniu w Krzywa\u0144cu, nast\u0119pnie wi\u0119zieniu na ul. Kleczkowskiej we Wroc\u0142awiu. Zosta\u0142a zwolniona 25 lipca 1984 roku na mocy amnestii. Po wyj\u015bciu z wi\u0119zienia zosta\u0142a przydzielona do grupy Zofii Maciejewskiej, w kt\u00f3rej pe\u0142ni\u0142a funkcj\u0119 kolportera. Kontynuowa\u0142a wsp\u00f3\u0142prac\u0119 z grup\u0105 SW Ziemi K\u0142ockiej, zapewniaj\u0105c \u0142\u0105czno\u015b\u0107, pomagaj\u0105c w pracach poligraficznych, anga\u017cuj\u0105c si\u0119 w akcje protestacyjne. Rozprowadza\u0142a wydawnictwa podziemne na terenie Wroc\u0142awia. Pe\u0142ni\u0142a tak\u017ce rol\u0119 \u0142\u0105czniczki mi\u0119dzy innymi kolporterami, pracowa\u0142a przy sk\u0142adaniu broszur i ksi\u0105\u017cek, bra\u0142a czynny udzia\u0142 w organizowaniu prac i materia\u0142\u00f3w potrzebnych do kolporta\u017cu i druku. Dzia\u0142a\u0142a w SW do 1989 roku.<\/p>\n","protected":false},"excerpt":{"rendered":"<p>Urodzi\u0142a si\u0119 w 1957 roku w D\u0119biczy. Od 1982 roku wsp\u00f3\u0142pracowa\u0142a z Kazimierzem Klementowskim. Odpowiada\u0142a r\u00f3wnie\u017c za kontakty z Kotlin\u0105 K\u0142ock\u0105, a konkretnie z Warcis\u0142awem Martynowskim, dok\u0105d przez kolporterk\u0119, Sylwi\u0119 Kozakowsk\u0105, dostarcza\u0142a wydawnictwa bezdebitowe: bibu\u0142\u0119 SW, ksi\u0105\u017cki, broszury itp. 26 marca 1984 roku zosta\u0142a aresztowana. Przebywa\u0142a w Areszcie \u015aledczym na Podwalu, potem wi\u0119zieniu w Krzywa\u0144cu, [&hellip;]<\/p>\n","protected":false},"featured_media":3048,"template":"","meta":[],"_links":{"self":[{"href":"http:\/\/ludzie.fundacja-pih.pl\/index.php\/wp-json\/wp\/v2\/product\/3047"}],"collection":[{"href":"http:\/\/ludzie.fundacja-pih.pl\/index.php\/wp-json\/wp\/v2\/product"}],"about":[{"href":"http:\/\/ludzie.fundacja-pih.pl\/index.php\/wp-json\/wp\/v2\/types\/product"}],"wp:featuredmedia":[{"embeddable":true,"href":"http:\/\/ludzie.fundacja-pih.pl\/index.php\/wp-json\/wp\/v2\/media\/3048"}],"wp:attachment":[{"href":"http:\/\/ludzie.fundacja-pih.pl\/index.php\/wp-json\/wp\/v2\/media?parent=3047"}],"curies":[{"name":"wp","href":"https:\/\/api.w.org\/{rel}","templated":true}]}}