{"id":3059,"date":"2021-04-30T16:34:37","date_gmt":"2021-04-30T16:34:37","guid":{"rendered":"http:\/\/ludzie.fundacja-pih.pl\/?post_type=product&#038;p=3059"},"modified":"2025-05-16T14:20:27","modified_gmt":"2025-05-16T14:20:27","slug":"rychlik-ryszard-turek","status":"publish","type":"product","link":"http:\/\/ludzie.fundacja-pih.pl\/index.php\/product\/rychlik-ryszard-turek\/","title":{"rendered":"Rychlik Ryszard (Turek)"},"content":{"rendered":"<p>Urodzi\u0142 si\u0119 w 1953 roku w Krotoszynie.<\/p>\n<p>Zaanga\u017cowa\u0142 si\u0119 w dzia\u0142alno\u015b\u0107 NSZZ \u201eSolidarno\u015b\u0107\u201d w Zak\u0142adzie Przemys\u0142u Jedwabniczego \u201eMiranda\u201d w Turku, gdzie pracowa\u0142 jako zast\u0119pca kierownika w dziale Elektronicznego Przetwarzania Danych. By\u0142 autorem odezw i o\u015bwiadcze\u0144 krytykuj\u0105cych sytuacj\u0119 spo\u0142ecznopolityczn\u0105 w PRL. Po wprowadzeniu stanu wojennego, 14 grudnia 1981 roku zosta\u0142 zatrzymany przez SB podczas przygotowywania akcji protestacyjnej w zwi\u0105zku z rocznic\u0105 Grudnia \u201970 i internowany w Zak\u0142adzie Karnym we W\u0142oc\u0142awku, sk\u0105d zwolniono go 20 stycznia 1982 roku. Od 1983 roku kolportowa\u0142 pisma i pras\u0119 podziemn\u0105, w tym \u201eSolidarno\u015b\u0107 Walcz\u0105c\u0105\u201d. W latach 1982 \u2013 1984, Ryszard Rychlik by\u0142 inwigilowany przez SB w ramach operacji \u201ePomoc\u201d. <\/p>\n","protected":false},"excerpt":{"rendered":"<p>Urodzi\u0142 si\u0119 w 1953 roku w Krotoszynie. Zaanga\u017cowa\u0142 si\u0119 w dzia\u0142alno\u015b\u0107 NSZZ \u201eSolidarno\u015b\u0107\u201d w Zak\u0142adzie Przemys\u0142u Jedwabniczego \u201eMiranda\u201d w Turku, gdzie pracowa\u0142 jako zast\u0119pca kierownika w dziale Elektronicznego Przetwarzania Danych. By\u0142 autorem odezw i o\u015bwiadcze\u0144 krytykuj\u0105cych sytuacj\u0119 spo\u0142ecznopolityczn\u0105 w PRL. Po wprowadzeniu stanu wojennego, 14 grudnia 1981 roku zosta\u0142 zatrzymany przez SB podczas przygotowywania akcji [&hellip;]<\/p>\n","protected":false},"featured_media":3533,"template":"","meta":[],"_links":{"self":[{"href":"http:\/\/ludzie.fundacja-pih.pl\/index.php\/wp-json\/wp\/v2\/product\/3059"}],"collection":[{"href":"http:\/\/ludzie.fundacja-pih.pl\/index.php\/wp-json\/wp\/v2\/product"}],"about":[{"href":"http:\/\/ludzie.fundacja-pih.pl\/index.php\/wp-json\/wp\/v2\/types\/product"}],"wp:featuredmedia":[{"embeddable":true,"href":"http:\/\/ludzie.fundacja-pih.pl\/index.php\/wp-json\/wp\/v2\/media\/3533"}],"wp:attachment":[{"href":"http:\/\/ludzie.fundacja-pih.pl\/index.php\/wp-json\/wp\/v2\/media?parent=3059"}],"curies":[{"name":"wp","href":"https:\/\/api.w.org\/{rel}","templated":true}]}}

<p>Urodził się w 1953 roku w Krotoszynie.</p>
<p>Zaangażował się w działalność NSZZ „Solidarność” w Zakładzie Przemysłu Jedwabniczego „Miranda” w Turku, gdzie pracował jako zastępca kierownika w dziale Elektronicznego Przetwarzania Danych. Był autorem odezw i oświadczeń krytykujących sytuację społecznopolityczną w PRL. Po wprowadzeniu stanu wojennego, 14 grudnia 1981 roku został zatrzymany przez SB podczas przygotowywania akcji protestacyjnej w związku z rocznicą Grudnia ’70 i internowany w Zakładzie Karnym we Włocławku, skąd zwolniono go 20 stycznia 1982 roku. Od 1983 roku kolportował pisma i prasę podziemną, w tym „Solidarność Walczącą”. W latach 1982 – 1984, Ryszard Rychlik był inwigilowany przez SB w ramach operacji „Pomoc”. </p>

<p>Urodził się w 1953 roku w Krotoszynie. Zaangażował się w działalność NSZZ „Solidarność” w Zakładzie Przemysłu Jedwabniczego „Miranda” w Turku, gdzie pracował jako zastępca kierownika w dziale Elektronicznego Przetwarzania Danych. Był autorem odezw i oświadczeń krytykujących sytuację społecznopolityczną w PRL. Po wprowadzeniu stanu wojennego, 14 grudnia 1981 roku został zatrzymany przez SB podczas przygotowywania akcji [&hellip;]</p>
