{"id":3070,"date":"2021-04-30T16:44:04","date_gmt":"2021-04-30T16:44:04","guid":{"rendered":"http:\/\/ludzie.fundacja-pih.pl\/?post_type=product&#038;p=3070"},"modified":"2025-05-16T14:20:31","modified_gmt":"2025-05-16T14:20:31","slug":"tumidajewicz-marek-oslo-norwegia","status":"publish","type":"product","link":"http:\/\/ludzie.fundacja-pih.pl\/index.php\/product\/tumidajewicz-marek-oslo-norwegia\/","title":{"rendered":"Tumidajewicz Marek (Oslo, Norwegia)"},"content":{"rendered":"<p>Urodzi\u0142 si\u0119 11 grudnia 1950 roku.<\/p>\n<p>Pe\u0142ni\u0142 funkcj\u0119 redaktora czasopisma NSZZ ,,Solidarno\u015b\u0107\u2019\u2019 SEMAFOR, przy Mi\u0119dzyokr\u0119gowej Komisji Porozumiewawczej Kolejarzy z siedzib\u0105 we Wroc\u0142awiu. Publikowano w nim g\u0142\u00f3wnie teksty o tematyce zwi\u0105zanej z prac\u0105 w PKP, o\u015bwiadczenia, dokumenty kolejarskiej \u201eS\u201d, rozporz\u0105dzenia i decyzje w\u0142adz dotycz\u0105ce kolei. Zamieszczano tak\u017ce teksty historyczne. Pismo by\u0142o kolportowane w ca\u0142ym kraju, zw\u0142aszcza w \u015brodowisku kolejarzy, m.in. przez komisje zak\u0142adowe \u201eS\u201d. Po wprowadzeniu stanu wojennego zosta\u0142 internowany i osadzony w O\u015brodkach Odosobnienia kolejno we Wroc\u0142awiu, w Grodkowie, w Strzelcach Opolskich, w \u0141upkowie, w Rzeszowie-Za\u0142\u0119\u017cu, w Kielcach-Piaskach, ponownie Rzeszowie-Za\u0142\u0119\u017cu i \u0141upkowie. Wyemigrowa\u0142 do Norwegii. Od drugiej po\u0142owy lat 80-tych by\u0142 przedstawicielem m.in. \u201eSolidarno\u015bci Walcz\u0105cej\u201d w Oslo.<\/p>\n","protected":false},"excerpt":{"rendered":"<p>Urodzi\u0142 si\u0119 11 grudnia 1950 roku. Pe\u0142ni\u0142 funkcj\u0119 redaktora czasopisma NSZZ ,,Solidarno\u015b\u0107\u2019\u2019 SEMAFOR, przy Mi\u0119dzyokr\u0119gowej Komisji Porozumiewawczej Kolejarzy z siedzib\u0105 we Wroc\u0142awiu. Publikowano w nim g\u0142\u00f3wnie teksty o tematyce zwi\u0105zanej z prac\u0105 w PKP, o\u015bwiadczenia, dokumenty kolejarskiej \u201eS\u201d, rozporz\u0105dzenia i decyzje w\u0142adz dotycz\u0105ce kolei. Zamieszczano tak\u017ce teksty historyczne. Pismo by\u0142o kolportowane w ca\u0142ym kraju, zw\u0142aszcza [&hellip;]<\/p>\n","protected":false},"featured_media":3071,"template":"","meta":[],"_links":{"self":[{"href":"http:\/\/ludzie.fundacja-pih.pl\/index.php\/wp-json\/wp\/v2\/product\/3070"}],"collection":[{"href":"http:\/\/ludzie.fundacja-pih.pl\/index.php\/wp-json\/wp\/v2\/product"}],"about":[{"href":"http:\/\/ludzie.fundacja-pih.pl\/index.php\/wp-json\/wp\/v2\/types\/product"}],"wp:featuredmedia":[{"embeddable":true,"href":"http:\/\/ludzie.fundacja-pih.pl\/index.php\/wp-json\/wp\/v2\/media\/3071"}],"wp:attachment":[{"href":"http:\/\/ludzie.fundacja-pih.pl\/index.php\/wp-json\/wp\/v2\/media?parent=3070"}],"curies":[{"name":"wp","href":"https:\/\/api.w.org\/{rel}","templated":true}]}}

<p>Urodził się 11 grudnia 1950 roku.</p>
<p>Pełnił funkcję redaktora czasopisma NSZZ ,,Solidarność’’ SEMAFOR, przy Międzyokręgowej Komisji Porozumiewawczej Kolejarzy z siedzibą we Wrocławiu. Publikowano w nim głównie teksty o tematyce związanej z pracą w PKP, oświadczenia, dokumenty kolejarskiej „S”, rozporządzenia i decyzje władz dotyczące kolei. Zamieszczano także teksty historyczne. Pismo było kolportowane w całym kraju, zwłaszcza w środowisku kolejarzy, m.in. przez komisje zakładowe „S”. Po wprowadzeniu stanu wojennego został internowany i osadzony w Ośrodkach Odosobnienia kolejno we Wrocławiu, w Grodkowie, w Strzelcach Opolskich, w Łupkowie, w Rzeszowie-Załężu, w Kielcach-Piaskach, ponownie Rzeszowie-Załężu i Łupkowie. Wyemigrował do Norwegii. Od drugiej połowy lat 80-tych był przedstawicielem m.in. „Solidarności Walczącej” w Oslo.</p>

<p>Urodził się 11 grudnia 1950 roku. Pełnił funkcję redaktora czasopisma NSZZ ,,Solidarność’’ SEMAFOR, przy Międzyokręgowej Komisji Porozumiewawczej Kolejarzy z siedzibą we Wrocławiu. Publikowano w nim głównie teksty o tematyce związanej z pracą w PKP, oświadczenia, dokumenty kolejarskiej „S”, rozporządzenia i decyzje władz dotyczące kolei. Zamieszczano także teksty historyczne. Pismo było kolportowane w całym kraju, zwłaszcza [&hellip;]</p>
