{"id":3073,"date":"2021-04-30T16:47:26","date_gmt":"2021-04-30T16:47:26","guid":{"rendered":"http:\/\/ludzie.fundacja-pih.pl\/?post_type=product&#038;p=3073"},"modified":"2025-05-16T14:20:31","modified_gmt":"2025-05-16T14:20:31","slug":"wasylciow-wieslaw-kozuchow","status":"publish","type":"product","link":"http:\/\/ludzie.fundacja-pih.pl\/index.php\/product\/wasylciow-wieslaw-kozuchow\/","title":{"rendered":"Wasylci\u00f3w Wies\u0142aw (Ko\u017cuch\u00f3w)"},"content":{"rendered":"<p>Urodzi\u0142 si\u0119 17 kwietnia 1954 roku w Ko\u017cuchowie<\/p>\n<p>Uko\u0144czy\u0142 przyzak\u0142adow\u0105 szko\u0142\u0119 przy Zak\u0142adach Sprz\u0119gie\u0142 POLMO w Ko\u017cuchowie oraz wieczorowo \u015arednie Studium Zawodowe w Ko\u017cuchowie jako mechanik maszyn i urz\u0105dze\u0144 przemys\u0142owych. Od 1972 roku pracowa\u0142 w POLMO Ko\u017cuch\u00f3w. W latach 1986 &#8211; 1987 by\u0142 zatrudniony jako traktorzysta w USKOM Ko\u017cuch\u00f3w. Od 1987 roku prowadzi zak\u0142ad fotograficzny w Ko\u017cuchowie. W 1980 roku wst\u0105pi\u0142 do NSZZ \u201eSolidarno\u015b\u0107\u201d w swoim zak\u0142adzie pracy. Po wprowadzeniu stanu wojennego, zbiera\u0142 sk\u0142adki pieni\u0119\u017cne dla rodzin os\u00f3b internowanych w Nowej Soli. Dzia\u0142a\u0142 w podziemnych strukturach \u201eSolidarno\u015bci\u201d oraz podj\u0105\u0142 wsp\u00f3\u0142prac\u0119 z wroc\u0142awskim oddzia\u0142em \u201eSolidarno\u015bci Walcz\u0105cej\u201d. W grudniu 1985 roku zosta\u0142 zatrzymany przez S\u0142u\u017cb\u0119 Bezpiecze\u0144stwa. W 1986 roku, razem z Ryszardem Szablowskim i Januszem Ma\u0142eckim, wyrokiem S\u0105du Rejonowego w Nowej Soli, zosta\u0142 skazany na kar\u0119 jednego roku wi\u0119zienia w zawieszeniu. W tym samym roku zosta\u0142 zaprzysi\u0119\u017conym cz\u0142onkiem \u201eSolidarno\u015bci Walcz\u0105cej\u201d.<\/p>\n","protected":false},"excerpt":{"rendered":"<p>Urodzi\u0142 si\u0119 17 kwietnia 1954 roku w Ko\u017cuchowie Uko\u0144czy\u0142 przyzak\u0142adow\u0105 szko\u0142\u0119 przy Zak\u0142adach Sprz\u0119gie\u0142 POLMO w Ko\u017cuchowie oraz wieczorowo \u015arednie Studium Zawodowe w Ko\u017cuchowie jako mechanik maszyn i urz\u0105dze\u0144 przemys\u0142owych. Od 1972 roku pracowa\u0142 w POLMO Ko\u017cuch\u00f3w. W latach 1986 &#8211; 1987 by\u0142 zatrudniony jako traktorzysta w USKOM Ko\u017cuch\u00f3w. Od 1987 roku prowadzi zak\u0142ad fotograficzny [&hellip;]<\/p>\n","protected":false},"featured_media":3074,"template":"","meta":[],"_links":{"self":[{"href":"http:\/\/ludzie.fundacja-pih.pl\/index.php\/wp-json\/wp\/v2\/product\/3073"}],"collection":[{"href":"http:\/\/ludzie.fundacja-pih.pl\/index.php\/wp-json\/wp\/v2\/product"}],"about":[{"href":"http:\/\/ludzie.fundacja-pih.pl\/index.php\/wp-json\/wp\/v2\/types\/product"}],"wp:featuredmedia":[{"embeddable":true,"href":"http:\/\/ludzie.fundacja-pih.pl\/index.php\/wp-json\/wp\/v2\/media\/3074"}],"wp:attachment":[{"href":"http:\/\/ludzie.fundacja-pih.pl\/index.php\/wp-json\/wp\/v2\/media?parent=3073"}],"curies":[{"name":"wp","href":"https:\/\/api.w.org\/{rel}","templated":true}]}}

Wasylciów Wiesław (Kożuchów)

<p>Urodził się 17 kwietnia 1954 roku w Kożuchowie</p>
<p>Ukończył przyzakładową szkołę przy Zakładach Sprzęgieł POLMO w Kożuchowie oraz wieczorowo Średnie Studium Zawodowe w Kożuchowie jako mechanik maszyn i urządzeń przemysłowych. Od 1972 roku pracował w POLMO Kożuchów. W latach 1986 &#8211; 1987 był zatrudniony jako traktorzysta w USKOM Kożuchów. Od 1987 roku prowadzi zakład fotograficzny w Kożuchowie. W 1980 roku wstąpił do NSZZ „Solidarność” w swoim zakładzie pracy. Po wprowadzeniu stanu wojennego, zbierał składki pieniężne dla rodzin osób internowanych w Nowej Soli. Działał w podziemnych strukturach „Solidarności” oraz podjął współpracę z wrocławskim oddziałem „Solidarności Walczącej”. W grudniu 1985 roku został zatrzymany przez Służbę Bezpieczeństwa. W 1986 roku, razem z Ryszardem Szablowskim i Januszem Małeckim, wyrokiem Sądu Rejonowego w Nowej Soli, został skazany na karę jednego roku więzienia w zawieszeniu. W tym samym roku został zaprzysiężonym członkiem „Solidarności Walczącej”.</p>

<p>Urodził się 17 kwietnia 1954 roku w Kożuchowie Ukończył przyzakładową szkołę przy Zakładach Sprzęgieł POLMO w Kożuchowie oraz wieczorowo Średnie Studium Zawodowe w Kożuchowie jako mechanik maszyn i urządzeń przemysłowych. Od 1972 roku pracował w POLMO Kożuchów. W latach 1986 &#8211; 1987 był zatrudniony jako traktorzysta w USKOM Kożuchów. Od 1987 roku prowadzi zakład fotograficzny [&hellip;]</p>
