{"id":3082,"date":"2021-04-30T16:53:42","date_gmt":"2021-04-30T16:53:42","guid":{"rendered":"http:\/\/ludzie.fundacja-pih.pl\/?post_type=product&#038;p=3082"},"modified":"2025-05-16T14:20:34","modified_gmt":"2025-05-16T14:20:34","slug":"witczak-krzysztof","status":"publish","type":"product","link":"http:\/\/ludzie.fundacja-pih.pl\/index.php\/product\/witczak-krzysztof\/","title":{"rendered":"Witczak Krzysztof"},"content":{"rendered":"<p>Urodzi\u0142 si\u0119 13 marca 1949 roku we Wroc\u0142awiu.<\/p>\n<p>Od m\u0142odych lat interesowa\u0142 si\u0119 elektronik\u0105 i radioamatorstwem. Dzi\u0119ki zez\u0142omowanemu sprz\u0119towi \u0142\u0105czno\u015bciowemu pozyskiwa\u0142 z Milicji przez sw\u00f3j klub radioamatorski SP6PBQ w 1980 roku, po niewielkich przer\u00f3bkach od 1980 roku mia\u0142 mo\u017cliwo\u015b\u0107 pods\u0142uchiwania s\u0142u\u017cb mundurowych z czego cz\u0119sto korzysta\u0142 w domu. W czasie strajk\u00f3w sierpniowych pracowa\u0142 w zak\u0142adzie \u201eSpomasz\u201d we Wroc\u0142awiu, po sierpniu 1980 roku by\u0142 szeregowym cz\u0142onkiem \u201eSolidarno\u015bci\u201d. Po wprowadzeniu stanu wojennego, od stycznia 1982 roku, wsp\u00f3\u0142pracowa\u0142 z RKS Dolny \u015al\u0105sk, zajmuj\u0105c si\u0119 kolporta\u017cem \u201eZ Dnia na Dzie\u0144\u201d oraz innymi wydawnictwami niezale\u017cnymi. W lipcu 1982 roku zosta\u0142 pierwszy raz zabrany z zak\u0142adu pracy przez S\u0142u\u017cb\u0119 Bezpiecze\u0144stwa i po pr\u00f3bach przes\u0142uchania, zatrzymany w areszcie w budynku MO przy Ul. Podwale, potem by\u0142 wielokrotnie zatrzymywany na 48 godzin. W sierpniu 1982 roku wypowiedziano mu prac\u0119 w Spomaszu, a w listopadzie 1982 zosta\u0142 wcielony do jednostki wojskowej nr. 1431 w Rawiczu, gdzie przebywa\u0142 od 6 listopada 1982 roku do 2 lutego 1983 roku. W ww. jednostce pozna\u0142 Jana Krusi\u0144skiego, Janusza Lubkiewicza, Janusza Lewandowskiego, Wiktora Szczeblewskiego z kt\u00f3rymi od ko\u0144ca 1984 do 1990 roku tworzy\u0142 podziemne Radio Solidarno\u015bci Walcz\u0105cej. Od 10 wrze\u015bnia 1984 roku podj\u0105\u0142 prac\u0119 w Instytucie G\u00f3rnictwa Odkrywkowego \u201ePoltegor\u201d we Wroc\u0142awiu. Po wyj\u015bciu z jednostki wojskowej utrzymywa\u0142 kontakty z Janem Krusi\u0144skim i otrzyma\u0142 propozycj\u0119 wej\u015bcia w sk\u0142ad grupy radiowej.   Po pewnym czasie w\u0142\u0105czy\u0142 si\u0119 w dzia\u0142alno\u015b\u0107 Radia Solidarno\u015bci Walcz\u0105cej razem z Janem i Teres\u0105 Krusi\u0144skimi. Pod koniec 1984 roku w obecno\u015bci Teresy i Jana Krusi\u0144skich, oraz Hani \u0141ukowskiej-Karniej z\u0142o\u017cy\u0142 przysi\u0119g\u0119 Solidarno\u015bci Walcz\u0105cej przed Kornelem Morawieckim. W radiu pe\u0142ni\u0142 funkcj\u0119 zast\u0119pcy Krusi\u0144skiego zajmuj\u0105c si\u0119 opr\u00f3cz nadawania audycji r\u00f3wnie\u017c nas\u0142uchem radiowym SB, MO oraz innych s\u0142u\u017cb radiowych. W swoim zak\u0142adzie pracy Poltegor wykonywa\u0142 r\u00f3\u017cne prace mechaniczne na rzecz Radia SW (elementy anten nadawczych, maszty, obudowy metalowe do nadajnik\u00f3w itp.) Od zaprzyja\u017anionych os\u00f3b w Pa\u0144stwowym Gospodarstwie Rolnym \u201eza\u0142atwia\u0142\u201d akumulatory od kombajn\u00f3w, kt\u00f3re po przebudowaniu w specjalistycznym zak\u0142adzie przy Ul.Pomorskiej s\u0142u\u017cy\u0142y do zasilania nadajnik\u00f3w podziemnych. Dzia\u0142alno\u015b\u0107 w SW zako\u0144czy\u0142 w momencie ujawnienia Kornela Morawieckiego na zje\u017adzie w Warszawie 1990 roku.<\/p>\n","protected":false},"excerpt":{"rendered":"<p>Urodzi\u0142 si\u0119 13 marca 1949 roku we Wroc\u0142awiu. Od m\u0142odych lat interesowa\u0142 si\u0119 elektronik\u0105 i radioamatorstwem. Dzi\u0119ki zez\u0142omowanemu sprz\u0119towi \u0142\u0105czno\u015bciowemu pozyskiwa\u0142 z Milicji przez sw\u00f3j klub radioamatorski SP6PBQ w 1980 roku, po niewielkich przer\u00f3bkach od 1980 roku mia\u0142 mo\u017cliwo\u015b\u0107 pods\u0142uchiwania s\u0142u\u017cb mundurowych z czego cz\u0119sto korzysta\u0142 w domu. W czasie strajk\u00f3w sierpniowych pracowa\u0142 w zak\u0142adzie [&hellip;]<\/p>\n","protected":false},"featured_media":3361,"template":"","meta":[],"_links":{"self":[{"href":"http:\/\/ludzie.fundacja-pih.pl\/index.php\/wp-json\/wp\/v2\/product\/3082"}],"collection":[{"href":"http:\/\/ludzie.fundacja-pih.pl\/index.php\/wp-json\/wp\/v2\/product"}],"about":[{"href":"http:\/\/ludzie.fundacja-pih.pl\/index.php\/wp-json\/wp\/v2\/types\/product"}],"wp:featuredmedia":[{"embeddable":true,"href":"http:\/\/ludzie.fundacja-pih.pl\/index.php\/wp-json\/wp\/v2\/media\/3361"}],"wp:attachment":[{"href":"http:\/\/ludzie.fundacja-pih.pl\/index.php\/wp-json\/wp\/v2\/media?parent=3082"}],"curies":[{"name":"wp","href":"https:\/\/api.w.org\/{rel}","templated":true}]}}