{"id":3111,"date":"2021-04-30T17:22:13","date_gmt":"2021-04-30T17:22:13","guid":{"rendered":"http:\/\/ludzie.fundacja-pih.pl\/?post_type=product&#038;p=3111"},"modified":"2025-05-16T14:20:39","modified_gmt":"2025-05-16T14:20:39","slug":"kedra-dariusz","status":"publish","type":"product","link":"http:\/\/ludzie.fundacja-pih.pl\/index.php\/product\/kedra-dariusz\/","title":{"rendered":"K\u0119dra Dariusz"},"content":{"rendered":"<p>Urodzi\u0142 si\u0119 11 wrze\u015bnia 1963 roku we Wroc\u0142awiu.<\/p>\n<p>W 1981 uko\u0144czy\u0142 Technikum Hutnicze we Wroc\u0142awiu. W latach 1981 &#8211; 1983 pracowa\u0142 w Odlewni Centrum Naukowo &#8211; Produkcyjnego Automatyki Energetycznej we Wroc\u0142awiu. W latach 1983 &#8211; 1985 by\u0142 zatrudniony we wroc\u0142awskim przedsi\u0119biorstwie Trans-Mlecz. W latach 1985 &#8211; 1988 by\u0142 pracownikiem wroc\u0142awskiego PKP. W latach 1988 &#8211; 1993 pracowa\u0142 we wroc\u0142awskich Zak\u0142adach Piwowarskich. Od 1993 prowadzi dzia\u0142alno\u015b\u0107 gospodarcz\u0105. Od wrze\u015bnia 1980 roku by\u0142 zaanga\u017cowany w kolporta\u017c wydawnictw niezale\u017cnych. W 1981 roku zosta\u0142 cz\u0142onkiem Zwi\u0105zku M\u0142odzie\u017cy Demokratycznej i zespo\u0142u redakcyjnego niezale\u017cnego czasopisma ZMD \u201eM\u0142ody Demokrata\u201d. W tym samym roku zosta\u0142 tak\u017ce cz\u0142onkiem Klubu Samorz\u0105dnej Rzeczpospolitej Wolno\u015b\u0107-Sprawiedliwo\u015b\u0107-Niepodleg\u0142o\u015b\u0107. W czerwcu 1981 roku wst\u0105pi\u0142 do NSZZ \u201eSolidarno\u015b\u0107\u201d. Po wprowadzeniu stanu wojennego, malowa\u0142 antyre\u017cimowe has\u0142a na murach, drukowa\u0142 i rozkleja\u0142 plakaty oraz ulotki. W 1982 roku wsp\u00f3\u0142organizowa\u0142  &#8211; wraz ze Zbigniewem Jagie\u0142\u0142\u0105 &#8211; M\u0142odzie\u017cowy Ruch Oporu Solidarno\u015b\u0107. Do 1988 roku by\u0142 tak\u017ce cz\u0142onkiem jego Rady. Wsp\u00f3\u0142organizowa\u0142 sie\u0107 kolporta\u017cu prasy niezale\u017cnej, a jesieni\u0105 1982 roku sie\u0107 podziemnych drukarni. Pe\u0142ni\u0142 funkcj\u0119 redaktora i wydawcy czasopisma \u201eWolna Polska\u201d. 8 marca 1983 roku by\u0142 jednym z g\u0142\u00f3wnych organizator\u00f3w antyrz\u0105dowych demonstracji we Wroc\u0142awiu, po czym zosta\u0142 zatrzymywany przez ZOMO. Do 1984 roku wielokrotnie inwigilowany i zatrzymywany. W 1985 roku wszed\u0142 w sk\u0142ad zespo\u0142u redakcyjnego czasopisma \u201eSolidarno\u015b\u0107 M\u0142odzie\u017cy\u201d, by\u0142 tak\u017ce organizatorem jego druku. W 1986 roku, po rewizji w mieszkaniu, Dariusz K\u0119dra zosta\u0142 zatrzymany i przes\u0142uchany. R\u00f3wnie\u017c w 1986 do 1990 roku &#8211; wraz z ca\u0142\u0105 struktur\u0105 MROS \u2013 przy\u0142\u0105czy\u0142 si\u0119 do struktur \u201eSolidarno\u015bci Walcz\u0105cej\u201d. Od 1989 by\u0142 cz\u0142onkiem Rady Oddzia\u0142u Solidarno\u015bci Walcz\u0105cej Dolny \u015al\u0105sk oraz redakcji czasopisma \u201eSolidarno\u015b\u0107 Dolno\u015bl\u0105ska\u201d.<\/p>\n","protected":false},"excerpt":{"rendered":"<p>Urodzi\u0142 si\u0119 11 wrze\u015bnia 1963 roku we Wroc\u0142awiu. W 1981 uko\u0144czy\u0142 Technikum Hutnicze we Wroc\u0142awiu. W latach 1981 &#8211; 1983 pracowa\u0142 w Odlewni Centrum Naukowo &#8211; Produkcyjnego Automatyki Energetycznej we Wroc\u0142awiu. W latach 1983 &#8211; 1985 by\u0142 zatrudniony we wroc\u0142awskim przedsi\u0119biorstwie Trans-Mlecz. W latach 1985 &#8211; 1988 by\u0142 pracownikiem wroc\u0142awskiego PKP. W latach 1988 &#8211; [&hellip;]<\/p>\n","protected":false},"featured_media":3479,"template":"","meta":[],"_links":{"self":[{"href":"http:\/\/ludzie.fundacja-pih.pl\/index.php\/wp-json\/wp\/v2\/product\/3111"}],"collection":[{"href":"http:\/\/ludzie.fundacja-pih.pl\/index.php\/wp-json\/wp\/v2\/product"}],"about":[{"href":"http:\/\/ludzie.fundacja-pih.pl\/index.php\/wp-json\/wp\/v2\/types\/product"}],"wp:featuredmedia":[{"embeddable":true,"href":"http:\/\/ludzie.fundacja-pih.pl\/index.php\/wp-json\/wp\/v2\/media\/3479"}],"wp:attachment":[{"href":"http:\/\/ludzie.fundacja-pih.pl\/index.php\/wp-json\/wp\/v2\/media?parent=3111"}],"curies":[{"name":"wp","href":"https:\/\/api.w.org\/{rel}","templated":true}]}}

Kędra Dariusz

<p>Urodził się 11 września 1963 roku we Wrocławiu.</p>
<p>W 1981 ukończył Technikum Hutnicze we Wrocławiu. W latach 1981 &#8211; 1983 pracował w Odlewni Centrum Naukowo &#8211; Produkcyjnego Automatyki Energetycznej we Wrocławiu. W latach 1983 &#8211; 1985 był zatrudniony we wrocławskim przedsiębiorstwie Trans-Mlecz. W latach 1985 &#8211; 1988 był pracownikiem wrocławskiego PKP. W latach 1988 &#8211; 1993 pracował we wrocławskich Zakładach Piwowarskich. Od 1993 prowadzi działalność gospodarczą. Od września 1980 roku był zaangażowany w kolportaż wydawnictw niezależnych. W 1981 roku został członkiem Związku Młodzieży Demokratycznej i zespołu redakcyjnego niezależnego czasopisma ZMD „Młody Demokrata”. W tym samym roku został także członkiem Klubu Samorządnej Rzeczpospolitej Wolność-Sprawiedliwość-Niepodległość. W czerwcu 1981 roku wstąpił do NSZZ „Solidarność”. Po wprowadzeniu stanu wojennego, malował antyreżimowe hasła na murach, drukował i rozklejał plakaty oraz ulotki. W 1982 roku współorganizował  &#8211; wraz ze Zbigniewem Jagiełłą &#8211; Młodzieżowy Ruch Oporu Solidarność. Do 1988 roku był także członkiem jego Rady. Współorganizował sieć kolportażu prasy niezależnej, a jesienią 1982 roku sieć podziemnych drukarni. Pełnił funkcję redaktora i wydawcy czasopisma „Wolna Polska”. 8 marca 1983 roku był jednym z głównych organizatorów antyrządowych demonstracji we Wrocławiu, po czym został zatrzymywany przez ZOMO. Do 1984 roku wielokrotnie inwigilowany i zatrzymywany. W 1985 roku wszedł w skład zespołu redakcyjnego czasopisma „Solidarność Młodzieży”, był także organizatorem jego druku. W 1986 roku, po rewizji w mieszkaniu, Dariusz Kędra został zatrzymany i przesłuchany. Również w 1986 do 1990 roku &#8211; wraz z całą strukturą MROS – przyłączył się do struktur „Solidarności Walczącej”. Od 1989 był członkiem Rady Oddziału Solidarności Walczącej Dolny Śląsk oraz redakcji czasopisma „Solidarność Dolnośląska”.</p>

<p>Urodził się 11 września 1963 roku we Wrocławiu. W 1981 ukończył Technikum Hutnicze we Wrocławiu. W latach 1981 &#8211; 1983 pracował w Odlewni Centrum Naukowo &#8211; Produkcyjnego Automatyki Energetycznej we Wrocławiu. W latach 1983 &#8211; 1985 był zatrudniony we wrocławskim przedsiębiorstwie Trans-Mlecz. W latach 1985 &#8211; 1988 był pracownikiem wrocławskiego PKP. W latach 1988 &#8211; [&hellip;]</p>
