{"id":3123,"date":"2021-05-01T10:34:08","date_gmt":"2021-05-01T10:34:08","guid":{"rendered":"http:\/\/ludzie.fundacja-pih.pl\/?post_type=product&#038;p=3123"},"modified":"2025-05-16T14:20:41","modified_gmt":"2025-05-16T14:20:41","slug":"kukiela-janusz-konin","status":"publish","type":"product","link":"http:\/\/ludzie.fundacja-pih.pl\/index.php\/product\/kukiela-janusz-konin\/","title":{"rendered":"Kukie\u0142a Janusz (Konin)"},"content":{"rendered":"<p>Urodzi\u0142 si\u0119 8 lipca 1961 roku w Koninie, zm. 7 lutego 2021 roku tam\u017ce<\/p>\n<p>W 1982 roku wsp\u00f3\u0142pracowa\u0142 z Biurem Pomocy Charytatywnej dla internowanych przy ko\u015bciele \u015bw. Wojciecha w Koninie &#8211; Morzys\u0142awiu prowadzonego przez ks. Stanis\u0142awa Waszczy\u0144skiego. W latach 1983 &#8211; 1984 nale\u017ca\u0142 do Konspiracyjnej Grupy M\u0142odzie\u017cowej w Koninie, udost\u0119pnia\u0142 swoje mieszkanie na tzw. skrzynk\u0119 kontaktow\u0105. Wielokrotnie by\u0142 zatrzymywany na 48 godzin i przes\u0142uchiwany. 24 maja 1984 roku, zosta\u0142 zatrzymany, po czym gro\u017abami i biciem by\u0142 zmuszany do podpisania deklaracji wsp\u00f3\u0142pracy, kt\u00f3rej nie podj\u0105\u0142. O zdarzeniu powiadomi\u0142 natychmiast by\u0142ego przewodnicz\u0105cego ZR \u201eS\u201d w Koninie Ryszarda Stachowiaka, swoich koleg\u00f3w oraz prokuratora wojew\u00f3dzkiego w Koninie. W latach 1987 &#8211; 1989 kolportowa\u0142 wydawnictwa podziemne \u2013 w tym m.in. \u201eSolidarni \u2013 Konin\u201d \u2013 uczestniczy\u0142 w akcjach ulotkowych, plakatowych oraz akcjach  malowania antyre\u017cimowych hase\u0142 na murach. W 1989 &#8211; 1990 zak\u0142ada\u0142 i przewodniczy\u0142 koni\u0144skiemu oddzia\u0142owi \u201eSolidarno\u015bci Walcz\u0105cej\u201d. By\u0142 tak\u017ce za\u0142o\u017cycielem i redaktorem naczelnym niezale\u017cnego czasopisma \u201eSolidarno\u015b\u0107 Walcz\u0105ca Oddzia\u0142 Konin\u201d.<\/p>\n","protected":false},"excerpt":{"rendered":"<p>Urodzi\u0142 si\u0119 8 lipca 1961 roku w Koninie, zm. 7 lutego 2021 roku tam\u017ce W 1982 roku wsp\u00f3\u0142pracowa\u0142 z Biurem Pomocy Charytatywnej dla internowanych przy ko\u015bciele \u015bw. Wojciecha w Koninie &#8211; Morzys\u0142awiu prowadzonego przez ks. Stanis\u0142awa Waszczy\u0144skiego. W latach 1983 &#8211; 1984 nale\u017ca\u0142 do Konspiracyjnej Grupy M\u0142odzie\u017cowej w Koninie, udost\u0119pnia\u0142 swoje mieszkanie na tzw. skrzynk\u0119 [&hellip;]<\/p>\n","protected":false},"featured_media":3124,"template":"","meta":[],"_links":{"self":[{"href":"http:\/\/ludzie.fundacja-pih.pl\/index.php\/wp-json\/wp\/v2\/product\/3123"}],"collection":[{"href":"http:\/\/ludzie.fundacja-pih.pl\/index.php\/wp-json\/wp\/v2\/product"}],"about":[{"href":"http:\/\/ludzie.fundacja-pih.pl\/index.php\/wp-json\/wp\/v2\/types\/product"}],"wp:featuredmedia":[{"embeddable":true,"href":"http:\/\/ludzie.fundacja-pih.pl\/index.php\/wp-json\/wp\/v2\/media\/3124"}],"wp:attachment":[{"href":"http:\/\/ludzie.fundacja-pih.pl\/index.php\/wp-json\/wp\/v2\/media?parent=3123"}],"curies":[{"name":"wp","href":"https:\/\/api.w.org\/{rel}","templated":true}]}}

Kukieła Janusz (Konin)

<p>Urodził się 8 lipca 1961 roku w Koninie, zm. 7 lutego 2021 roku tamże</p>
<p>W 1982 roku współpracował z Biurem Pomocy Charytatywnej dla internowanych przy kościele św. Wojciecha w Koninie &#8211; Morzysławiu prowadzonego przez ks. Stanisława Waszczyńskiego. W latach 1983 &#8211; 1984 należał do Konspiracyjnej Grupy Młodzieżowej w Koninie, udostępniał swoje mieszkanie na tzw. skrzynkę kontaktową. Wielokrotnie był zatrzymywany na 48 godzin i przesłuchiwany. 24 maja 1984 roku, został zatrzymany, po czym groźbami i biciem był zmuszany do podpisania deklaracji współpracy, której nie podjął. O zdarzeniu powiadomił natychmiast byłego przewodniczącego ZR „S” w Koninie Ryszarda Stachowiaka, swoich kolegów oraz prokuratora wojewódzkiego w Koninie. W latach 1987 &#8211; 1989 kolportował wydawnictwa podziemne – w tym m.in. „Solidarni – Konin” – uczestniczył w akcjach ulotkowych, plakatowych oraz akcjach  malowania antyreżimowych haseł na murach. W 1989 &#8211; 1990 zakładał i przewodniczył konińskiemu oddziałowi „Solidarności Walczącej”. Był także założycielem i redaktorem naczelnym niezależnego czasopisma „Solidarność Walcząca Oddział Konin”.</p>

<p>Urodził się 8 lipca 1961 roku w Koninie, zm. 7 lutego 2021 roku tamże W 1982 roku współpracował z Biurem Pomocy Charytatywnej dla internowanych przy kościele św. Wojciecha w Koninie &#8211; Morzysławiu prowadzonego przez ks. Stanisława Waszczyńskiego. W latach 1983 &#8211; 1984 należał do Konspiracyjnej Grupy Młodzieżowej w Koninie, udostępniał swoje mieszkanie na tzw. skrzynkę [&hellip;]</p>
