{"id":3178,"date":"2021-05-02T21:20:42","date_gmt":"2021-05-02T21:20:42","guid":{"rendered":"http:\/\/ludzie.fundacja-pih.pl\/?post_type=product&#038;p=3178"},"modified":"2025-05-16T14:20:43","modified_gmt":"2025-05-16T14:20:43","slug":"kaczmarski-boguslaw","status":"publish","type":"product","link":"http:\/\/ludzie.fundacja-pih.pl\/index.php\/product\/kaczmarski-boguslaw\/","title":{"rendered":"Kaczmarski Bogus\u0142aw"},"content":{"rendered":"<p>Urodzi\u0142 si\u0119 si\u0119 30 wrze\u015bnia 1929 roku w Wo\u0142kowysku, zm. 4 listopada 1996 roku we Wroc\u0142awiu, jako czwarte dziecko ma\u0142\u017conk\u00f3w Stanis\u0142awa i Wiktorii. Z domu wyni\u00f3s\u0142 patriotyzm i g\u0142\u0119bok\u0105 religijno\u015b\u0107.<\/p>\n<p>Dzia\u0142a\u0142 pod pseudonimiem \u201eBogu\u015b\u201d. Od 10 wrze\u015bnia 1980 roku pe\u0142ni\u0142 funkcj\u0119 przewodnicz\u0105cego Komitetu Za\u0142o\u017cycielskiego NSZZ \u201eSolidarno\u015b\u0107\u201d przy Oddziale PAN we Wroc\u0142awiu. Od 28 listopada 1981 roku do 3 maja 1989 roku przewodniczy\u0142 Komisji Zak\u0142adowej. Po wprowadzeniu stanu wojennego 13 grudnia 1981 roku, by\u0142 szykanowany w miejscu pracy. By\u0142 zaanga\u017cowany m.in. w tworzenie konspiracyjnych krajowych struktur \u201eSolidarno\u015bci\u201d OKO oraz II Komisji Krajowej, kt\u00f3rej by\u0142 pe\u0142nomocnikiem na IV obszar (po\u0142udniowo-zachodni). Jego wsp\u00f3\u0142pracownikiem w II KK by\u0142 Zbigniew Jakubiec. Pracami II KK kierowa\u0142 z Sopotu Tadeusz Harasimowicz. Bogus\u0142aw Kaczmarski by\u0142 redaktorem czasopisma \u201eWiadomo\u015bci Bie\u017c\u0105ce\u201d (ps. Stefan). W jego mieszkaniu odby\u0142o si\u0119 cz\u0119\u015b\u0107 spotka\u0144 zespo\u0142u redakcyjnego. Od 21 czerwca 1989 roku pe\u0142ni\u0142 funkcj\u0119 przewodnicz\u0105cego Zarz\u0105du Komisji Koordynacyjnej Plac\u00f3wek PAN we Wroc\u0142awiu i delegatem na OKP w PAN. W 1989 dzia\u0142a\u0142 w odrodzonych strukturach krajowych \u201eSolidarno\u015bci\u201d Nauki i w PAN, w ramach kt\u00f3rych by\u0142 cz\u0142onkiem Komisji Organizacyjnej OKPN, inicjatorem Komisji Koordynacyjnej b\u0119d\u0105cej podstaw\u0105 do odtworzenia OKP PAN oraz cz\u0142onkiem Komisji Wyborczej \u201eSolidarno\u015bci\u201d w Regionie Dolny \u015al\u0105sk i delegatem na WZD Dolny \u015al\u0105sk. <\/p>\n","protected":false},"excerpt":{"rendered":"<p>Urodzi\u0142 si\u0119 si\u0119 30 wrze\u015bnia 1929 roku w Wo\u0142kowysku, zm. 4 listopada 1996 roku we Wroc\u0142awiu, jako czwarte dziecko ma\u0142\u017conk\u00f3w Stanis\u0142awa i Wiktorii. Z domu wyni\u00f3s\u0142 patriotyzm i g\u0142\u0119bok\u0105 religijno\u015b\u0107. Dzia\u0142a\u0142 pod pseudonimiem \u201eBogu\u015b\u201d. Od 10 wrze\u015bnia 1980 roku pe\u0142ni\u0142 funkcj\u0119 przewodnicz\u0105cego Komitetu Za\u0142o\u017cycielskiego NSZZ \u201eSolidarno\u015b\u0107\u201d przy Oddziale PAN we Wroc\u0142awiu. Od 28 listopada 1981 [&hellip;]<\/p>\n","protected":false},"featured_media":3179,"template":"","meta":[],"_links":{"self":[{"href":"http:\/\/ludzie.fundacja-pih.pl\/index.php\/wp-json\/wp\/v2\/product\/3178"}],"collection":[{"href":"http:\/\/ludzie.fundacja-pih.pl\/index.php\/wp-json\/wp\/v2\/product"}],"about":[{"href":"http:\/\/ludzie.fundacja-pih.pl\/index.php\/wp-json\/wp\/v2\/types\/product"}],"wp:featuredmedia":[{"embeddable":true,"href":"http:\/\/ludzie.fundacja-pih.pl\/index.php\/wp-json\/wp\/v2\/media\/3179"}],"wp:attachment":[{"href":"http:\/\/ludzie.fundacja-pih.pl\/index.php\/wp-json\/wp\/v2\/media?parent=3178"}],"curies":[{"name":"wp","href":"https:\/\/api.w.org\/{rel}","templated":true}]}}

Kaczmarski Bogusław

<p>Urodził się się 30 września 1929 roku w Wołkowysku, zm. 4 listopada 1996 roku we Wrocławiu, jako czwarte dziecko małżonków Stanisława i Wiktorii. Z domu wyniósł patriotyzm i głęboką religijność.</p>
<p>Działał pod pseudonimiem „Boguś”. Od 10 września 1980 roku pełnił funkcję przewodniczącego Komitetu Założycielskiego NSZZ „Solidarność” przy Oddziale PAN we Wrocławiu. Od 28 listopada 1981 roku do 3 maja 1989 roku przewodniczył Komisji Zakładowej. Po wprowadzeniu stanu wojennego 13 grudnia 1981 roku, był szykanowany w miejscu pracy. Był zaangażowany m.in. w tworzenie konspiracyjnych krajowych struktur „Solidarności” OKO oraz II Komisji Krajowej, której był pełnomocnikiem na IV obszar (południowo-zachodni). Jego współpracownikiem w II KK był Zbigniew Jakubiec. Pracami II KK kierował z Sopotu Tadeusz Harasimowicz. Bogusław Kaczmarski był redaktorem czasopisma „Wiadomości Bieżące” (ps. Stefan). W jego mieszkaniu odbyło się część spotkań zespołu redakcyjnego. Od 21 czerwca 1989 roku pełnił funkcję przewodniczącego Zarządu Komisji Koordynacyjnej Placówek PAN we Wrocławiu i delegatem na OKP w PAN. W 1989 działał w odrodzonych strukturach krajowych „Solidarności” Nauki i w PAN, w ramach których był członkiem Komisji Organizacyjnej OKPN, inicjatorem Komisji Koordynacyjnej będącej podstawą do odtworzenia OKP PAN oraz członkiem Komisji Wyborczej „Solidarności” w Regionie Dolny Śląsk i delegatem na WZD Dolny Śląsk. </p>

<p>Urodził się się 30 września 1929 roku w Wołkowysku, zm. 4 listopada 1996 roku we Wrocławiu, jako czwarte dziecko małżonków Stanisława i Wiktorii. Z domu wyniósł patriotyzm i głęboką religijność. Działał pod pseudonimiem „Boguś”. Od 10 września 1980 roku pełnił funkcję przewodniczącego Komitetu Założycielskiego NSZZ „Solidarność” przy Oddziale PAN we Wrocławiu. Od 28 listopada 1981 [&hellip;]</p>
