{"id":3190,"date":"2021-05-02T22:11:22","date_gmt":"2021-05-02T22:11:22","guid":{"rendered":"http:\/\/ludzie.fundacja-pih.pl\/?post_type=product&#038;p=3190"},"modified":"2025-05-16T14:20:48","modified_gmt":"2025-05-16T14:20:48","slug":"alama-andrzej-jan","status":"publish","type":"product","link":"http:\/\/ludzie.fundacja-pih.pl\/index.php\/product\/alama-andrzej-jan\/","title":{"rendered":"Alama Andrzej Jan"},"content":{"rendered":"<p>Urodzi\u0142 si\u0119 17 kwietnia 1958 roku w Warszawie. <\/p>\n<p>Od 1980 roku by\u0142 cz\u0142onkiem NSZZ \u201eSolidarno\u015b\u0107\u201d w Zak\u0142adach Graficznych \u201eTamka\u201d w Warszawie, gdzie drukowa\u0142 czasopismo \u201eSolidarno\u015b\u0107 \u00abTamka\u00bb ZG\u201d. Po wprowadzeniu stanu wojennego, w marcu 1982 roku, zosta\u0142 cz\u0142onkiem sekcji Grupy Specjalnej Komitetu Porozumienia Mi\u0119dzyzak\u0142adowego \u201eSolidarno\u015bci\u201d (Grupa Waldemara R\u00f3\u017cyckiego ps. \u201eSuchy\u201d &#8211; p\u00f3\u017aniejsze Grupy Oporu \u201eSolidarni\u201d). Bra\u0142 udzia\u0142 w kolportowaniu prasy i wydawnictw podziemnych. Do ko\u0144ca 1983 roku by\u0142 wsp\u00f3\u0142pracownikiem \u015brodowiska Ruchu M\u0142odej Polski. Uczestniczy\u0142 w akcjach antykolaboracyjnych, ulotkowych i transparentowych. Malowa\u0142 na murach i mostach has\u0142a antykomunistyczne, bra\u0142 czynny udzia\u0142 w manifestacjach i demonstracjach antyre\u017cimowych. Na ulicach Warszawy ustawia\u0142 drewniane krzy\u017ce z tabliczkami dedykowanymi m.in. \u201eOfiarom represji w\u0142adzy ludowej\u201d, \u201eOfiarom Katynia\u201d, \u201eOfiarom Grudnia\u201d. By\u0142 zaanga\u017cowany w zamach na teatr \u201eSyrena\u201d, kt\u00f3ry mia\u0142 miejsce 29 pa\u017adziernika 1982 roku. Uko\u0144czy\u0142 specjalny kurs ratownik\u00f3w medycznych. Od jesieni 1983 roku by\u0142 cz\u0142onkiem Grupy Specjalnej \u201eArmenia\u201d (ps. \u201eKolbe\u201d), emitowa\u0142 audycje Radia \u201eSolidarno\u015b\u0107\u201d, uczestniczy\u0142 w akcji \u201eMost-Grobla 1986\u201d. 8 marca 1989 roku bra\u0142 udzia\u0142 w akcji uderzeniowej na kolumn\u0119 ZOMO na ul. Mi\u0119dzyparkowej w Warszawie. Na prze\u0142omie 1986 i 1987 roku wst\u0105pi\u0142 do warszawskiego oddzia\u0142u \u201eSolidarno\u015bci Walcz\u0105cej\u201d. Zosta\u0142 zaprzysi\u0119\u017cony w obecno\u015bci Jadwigi Chmielowskiej i Macieja Frankiewicza. Pe\u0142ni\u0142 funkcj\u0119 kolportera \u201eG\u0142osu Solidarno\u015bci\u201d i \u201eHoryzontu\u201d.  Na podstawie postanowienia Prezydenta RP  nadano mu Krzy\u017c Wolno\u015bci i Solidarno\u015bci. Zosta\u0142 r\u00f3wnie\u017c odznaczony Krzy\u017cem Solidarno\u015bci Walcz\u0105cej, Z\u0142otym Krzy\u017cem Zas\u0142ugi oraz Odznak\u0105 Grup Oporu \u201eSolidarni\u201d.<\/p>\n","protected":false},"excerpt":{"rendered":"<p>Urodzi\u0142 si\u0119 17 kwietnia 1958 roku w Warszawie. Od 1980 roku by\u0142 cz\u0142onkiem NSZZ \u201eSolidarno\u015b\u0107\u201d w Zak\u0142adach Graficznych \u201eTamka\u201d w Warszawie, gdzie drukowa\u0142 czasopismo \u201eSolidarno\u015b\u0107 \u00abTamka\u00bb ZG\u201d. Po wprowadzeniu stanu wojennego, w marcu 1982 roku, zosta\u0142 cz\u0142onkiem sekcji Grupy Specjalnej Komitetu Porozumienia Mi\u0119dzyzak\u0142adowego \u201eSolidarno\u015bci\u201d (Grupa Waldemara R\u00f3\u017cyckiego ps. \u201eSuchy\u201d &#8211; p\u00f3\u017aniejsze Grupy Oporu \u201eSolidarni\u201d). Bra\u0142 [&hellip;]<\/p>\n","protected":false},"featured_media":3191,"template":"","meta":[],"_links":{"self":[{"href":"http:\/\/ludzie.fundacja-pih.pl\/index.php\/wp-json\/wp\/v2\/product\/3190"}],"collection":[{"href":"http:\/\/ludzie.fundacja-pih.pl\/index.php\/wp-json\/wp\/v2\/product"}],"about":[{"href":"http:\/\/ludzie.fundacja-pih.pl\/index.php\/wp-json\/wp\/v2\/types\/product"}],"wp:featuredmedia":[{"embeddable":true,"href":"http:\/\/ludzie.fundacja-pih.pl\/index.php\/wp-json\/wp\/v2\/media\/3191"}],"wp:attachment":[{"href":"http:\/\/ludzie.fundacja-pih.pl\/index.php\/wp-json\/wp\/v2\/media?parent=3190"}],"curies":[{"name":"wp","href":"https:\/\/api.w.org\/{rel}","templated":true}]}}