{"id":3216,"date":"2021-05-03T10:43:00","date_gmt":"2021-05-03T10:43:00","guid":{"rendered":"http:\/\/ludzie.fundacja-pih.pl\/?post_type=product&#038;p=3216"},"modified":"2025-05-16T14:20:53","modified_gmt":"2025-05-16T14:20:53","slug":"awakumowski-jacek","status":"publish","type":"product","link":"http:\/\/ludzie.fundacja-pih.pl\/index.php\/product\/awakumowski-jacek\/","title":{"rendered":"Awakumowski Jacek"},"content":{"rendered":"<p>Jacek Awakumowski ur. 1957 zmar\u0142 w 1999. Fotograf, przygotowywa\u0142 diapozytywy do pierwszych numer\u00f3w Solidarno\u015bci Walcz\u0105cej Oddzia\u0142u Tr\u00f3jmiasto, oraz sporadycznie w p\u00f3\u017aniejszych latach.<\/p>\n","protected":false},"excerpt":{"rendered":"<p>Jacek Awakumowski ur. 1957 zmar\u0142 w 1999. Fotograf, przygotowywa\u0142 diapozytywy do pierwszych numer\u00f3w Solidarno\u015bci Walcz\u0105cej Oddzia\u0142u Tr\u00f3jmiasto, oraz sporadycznie w p\u00f3\u017aniejszych latach.<\/p>\n","protected":false},"featured_media":3217,"template":"","meta":[],"_links":{"self":[{"href":"http:\/\/ludzie.fundacja-pih.pl\/index.php\/wp-json\/wp\/v2\/product\/3216"}],"collection":[{"href":"http:\/\/ludzie.fundacja-pih.pl\/index.php\/wp-json\/wp\/v2\/product"}],"about":[{"href":"http:\/\/ludzie.fundacja-pih.pl\/index.php\/wp-json\/wp\/v2\/types\/product"}],"wp:featuredmedia":[{"embeddable":true,"href":"http:\/\/ludzie.fundacja-pih.pl\/index.php\/wp-json\/wp\/v2\/media\/3217"}],"wp:attachment":[{"href":"http:\/\/ludzie.fundacja-pih.pl\/index.php\/wp-json\/wp\/v2\/media?parent=3216"}],"curies":[{"name":"wp","href":"https:\/\/api.w.org\/{rel}","templated":true}]}}