{"id":3218,"date":"2021-05-03T10:44:15","date_gmt":"2021-05-03T10:44:15","guid":{"rendered":"http:\/\/ludzie.fundacja-pih.pl\/?post_type=product&#038;p=3218"},"modified":"2025-05-16T14:20:54","modified_gmt":"2025-05-16T14:20:54","slug":"gasimov-tofig-masim-azerbejdzan","status":"publish","type":"product","link":"http:\/\/ludzie.fundacja-pih.pl\/index.php\/product\/gasimov-tofig-masim-azerbejdzan\/","title":{"rendered":"Gasimov Tofig Masim (Azerbejd\u017can)"},"content":{"rendered":"<p>GASIMOV Tofig Masim ur. 10 kwietnia 1938 zmar\u0142 29 stycznia 2020 r.<br \/>\nAzerbejd\u017ca\u0144ski polityk i dyplomata.<br \/>\nGasimov urodzi\u0142 si\u0119 w miejscowo\u015bci Leki w Agdash Rayon w Azerbejd\u017canie. W latach 1945\u20131955 uczy\u0142 si\u0119 w szkole miejskiej Agstafa. W latach 1955\u20131960 studiowa\u0142 na Pa\u0144stwowym Uniwersytecie Azerbejd\u017canu i uzyska\u0142 dyplom z fizyki i matematyki, uzyskuj\u0105c stypendium Stalina. Po uko\u0144czeniu studi\u00f3w pracowa\u0142 w Instytucie Fizyki Azerbejd\u017ca\u0144skiej Narodowej Akademii Nauk. G\u0105simow kontynuowa\u0142 studia podyplomowe w Instytucie Fizyki Akademii Nauk ZSRR i w 1969 roku uzyska\u0142 stopie\u0144 doktora. Nast\u0119pnie od 1970 roku pracowa\u0142 jako naukowiec w National Academy of Sciences w Baku.<\/p>\n<p>Kariera polityczna<br \/>\nOd 1987 Gasimov rozpocz\u0105\u0142 polityczn\u0105 karier\u0119. Bra\u0142 udzia\u0142 w opracowaniu statutu Narodowego Frontu Azerbejd\u017canu w okresie od marca do maja 1988 r. By\u0142 jednym z cz\u0142onk\u00f3w zarz\u0105du tej organizacji w latach 1989\u20131990. Na nadzwyczajnym posiedzeniu zosta\u0142 wybrany na cz\u0142onka Komisji \u015aledczej Azerbejd\u017ca\u0144skiej Rady Najwy\u017cszej Parlamentu w dniu 22 stycznia 1990 r. w celu zbadania pogrom\u00f3w \u201eCzarnego Stycznia\u201d z 20 stycznia 1990 r. Z ramienia Narodowego Frontu Azerbejd\u017canu Gasimow zosta\u0142 wys\u0142any do Moskwy w celu wsp\u00f3\u0142pracy z deputowanymi Azerbejd\u017ca\u0144skiej SRR. Gasimov nag\u0142o\u015bni\u0142 prawd\u0119 o Czarnym Styczniu oraz o uchod\u017acach w ponad 100 kana\u0142ach telewizyjnych, radiowych i mi\u0119dzynarodowych mediach. Na pocz\u0105tku lat 90. Autonomiczny Wydzia\u0142 Wschodni nawi\u0105zuje kontakty i wsp\u00f3\u0142prac\u0119 polityczno \u2013 informacyjn\u0105 z Tofigiem Gasimovem, Is\u0105 Gambarem oraz pierwszym niezale\u017cnym prezydentem Azerbejd\u017canu &#8211; Elczibejem. W maju 1992 r. zosta\u0142 mianowany ministrem spraw zagranicznych Azerbejd\u017canu i pe\u0142ni\u0142 t\u0119 funkcj\u0119 do kwietnia 1993 r. Gasimow odegra\u0142 wa\u017cn\u0105 rol\u0119 w nawi\u0105zywaniu kontakt\u00f3w z innymi krajami podczas sprawowania urz\u0119du. Podczas swojej kadencji podpisa\u0142 porozumienie z przedstawicielstwem ONZ, kt\u00f3re doprowadzi\u0142o do powo\u0142ania sta\u0142ej misji Azerbejd\u017canu przy ONZ. Po usuni\u0119ciu ze stanowiska, Gasimow kandydowa\u0142 do parlamentu Azerbejd\u017canu jako pose\u0142 Musavat podczas wybor\u00f3w parlamentarnych w listopadzie 1995 r., lecz jeszcze przed wyborami zosta\u0142 aresztowany i uwi\u0119ziony.<\/p>\n<p>Gasimov jest autorem prawie 100 publikacji naukowych, by\u0142 r\u00f3wnie\u017c wsp\u00f3\u0142za\u0142o\u017cycielem Baku Scientists Club. Od ko\u0144ca lat 90. wyk\u0142ada\u0142 na r\u00f3\u017cnych uniwersytetach w Turcji i kontynuowa\u0142 prac\u0119 naukowo-badawcz\u0105.<\/p>\n<p>By\u0142 \u017conaty i mia\u0142 dwoje dzieci. M\u00f3wi\u0142 biegle po angielsku, rosyjsku i turecku.<\/p>\n","protected":false},"excerpt":{"rendered":"<p>GASIMOV Tofig Masim ur. 10 kwietnia 1938 zmar\u0142 29 stycznia 2020 r. Azerbejd\u017ca\u0144ski polityk i dyplomata. Gasimov urodzi\u0142 si\u0119 w miejscowo\u015bci Leki w Agdash Rayon w Azerbejd\u017canie. W latach 1945\u20131955 uczy\u0142 si\u0119 w szkole miejskiej Agstafa. W latach 1955\u20131960 studiowa\u0142 na Pa\u0144stwowym Uniwersytecie Azerbejd\u017canu i uzyska\u0142 dyplom z fizyki i matematyki, uzyskuj\u0105c stypendium Stalina. Po [&hellip;]<\/p>\n","protected":false},"featured_media":3219,"template":"","meta":[],"_links":{"self":[{"href":"http:\/\/ludzie.fundacja-pih.pl\/index.php\/wp-json\/wp\/v2\/product\/3218"}],"collection":[{"href":"http:\/\/ludzie.fundacja-pih.pl\/index.php\/wp-json\/wp\/v2\/product"}],"about":[{"href":"http:\/\/ludzie.fundacja-pih.pl\/index.php\/wp-json\/wp\/v2\/types\/product"}],"wp:featuredmedia":[{"embeddable":true,"href":"http:\/\/ludzie.fundacja-pih.pl\/index.php\/wp-json\/wp\/v2\/media\/3219"}],"wp:attachment":[{"href":"http:\/\/ludzie.fundacja-pih.pl\/index.php\/wp-json\/wp\/v2\/media?parent=3218"}],"curies":[{"name":"wp","href":"https:\/\/api.w.org\/{rel}","templated":true}]}}

Gasimov Tofig Masim (Azerbejdżan)

<p>GASIMOV Tofig Masim ur. 10 kwietnia 1938 zmarł 29 stycznia 2020 r.<br />
Azerbejdżański polityk i dyplomata.<br />
Gasimov urodził się w miejscowości Leki w Agdash Rayon w Azerbejdżanie. W latach 1945–1955 uczył się w szkole miejskiej Agstafa. W latach 1955–1960 studiował na Państwowym Uniwersytecie Azerbejdżanu i uzyskał dyplom z fizyki i matematyki, uzyskując stypendium Stalina. Po ukończeniu studiów pracował w Instytucie Fizyki Azerbejdżańskiej Narodowej Akademii Nauk. Gąsimow kontynuował studia podyplomowe w Instytucie Fizyki Akademii Nauk ZSRR i w 1969 roku uzyskał stopień doktora. Następnie od 1970 roku pracował jako naukowiec w National Academy of Sciences w Baku.</p>
<p>Kariera polityczna<br />
Od 1987 Gasimov rozpoczął polityczną karierę. Brał udział w opracowaniu statutu Narodowego Frontu Azerbejdżanu w okresie od marca do maja 1988 r. Był jednym z członków zarządu tej organizacji w latach 1989–1990. Na nadzwyczajnym posiedzeniu został wybrany na członka Komisji Śledczej Azerbejdżańskiej Rady Najwyższej Parlamentu w dniu 22 stycznia 1990 r. w celu zbadania pogromów „Czarnego Stycznia” z 20 stycznia 1990 r. Z ramienia Narodowego Frontu Azerbejdżanu Gasimow został wysłany do Moskwy w celu współpracy z deputowanymi Azerbejdżańskiej SRR. Gasimov nagłośnił prawdę o Czarnym Styczniu oraz o uchodźcach w ponad 100 kanałach telewizyjnych, radiowych i międzynarodowych mediach. Na początku lat 90. Autonomiczny Wydział Wschodni nawiązuje kontakty i współpracę polityczno – informacyjną z Tofigiem Gasimovem, Isą Gambarem oraz pierwszym niezależnym prezydentem Azerbejdżanu &#8211; Elczibejem. W maju 1992 r. został mianowany ministrem spraw zagranicznych Azerbejdżanu i pełnił tę funkcję do kwietnia 1993 r. Gasimow odegrał ważną rolę w nawiązywaniu kontaktów z innymi krajami podczas sprawowania urzędu. Podczas swojej kadencji podpisał porozumienie z przedstawicielstwem ONZ, które doprowadziło do powołania stałej misji Azerbejdżanu przy ONZ. Po usunięciu ze stanowiska, Gasimow kandydował do parlamentu Azerbejdżanu jako poseł Musavat podczas wyborów parlamentarnych w listopadzie 1995 r., lecz jeszcze przed wyborami został aresztowany i uwięziony.</p>
<p>Gasimov jest autorem prawie 100 publikacji naukowych, był również współzałożycielem Baku Scientists Club. Od końca lat 90. wykładał na różnych uniwersytetach w Turcji i kontynuował pracę naukowo-badawczą.</p>
<p>Był żonaty i miał dwoje dzieci. Mówił biegle po angielsku, rosyjsku i turecku.</p>

<p>GASIMOV Tofig Masim ur. 10 kwietnia 1938 zmarł 29 stycznia 2020 r. Azerbejdżański polityk i dyplomata. Gasimov urodził się w miejscowości Leki w Agdash Rayon w Azerbejdżanie. W latach 1945–1955 uczył się w szkole miejskiej Agstafa. W latach 1955–1960 studiował na Państwowym Uniwersytecie Azerbejdżanu i uzyskał dyplom z fizyki i matematyki, uzyskując stypendium Stalina. Po [&hellip;]</p>
