{"id":3225,"date":"2021-05-03T16:49:10","date_gmt":"2021-05-03T16:49:10","guid":{"rendered":"http:\/\/ludzie.fundacja-pih.pl\/?post_type=product&#038;p=3225"},"modified":"2025-05-16T14:20:55","modified_gmt":"2025-05-16T14:20:55","slug":"harutyunyan-vardan-ludwikowicz-armenia","status":"publish","type":"product","link":"http:\/\/ludzie.fundacja-pih.pl\/index.php\/product\/harutyunyan-vardan-ludwikowicz-armenia\/","title":{"rendered":"Harutyunyan Vardan Ludwikowicz (Armenia)"},"content":{"rendered":"<p>Urodzi\u0142 si\u0119 3 lutego 1961 roku w Sers.<\/p>\n<p>Obro\u0144ca praw cz\u0142owieka, publicysta oraz sowiecki wi\u0119zie\u0144 polityczny. Uko\u0144czy\u0142 Instytut Architektury i Budownictwa w Erewaniu. W latach 1978 \u2013 1980 by\u0142 zaanga\u017cowany w dzia\u0142alno\u015b\u0107 antykomunistyczn\u0105 w podziemnych organizacjach. By\u0142 cz\u0142onkiem skrzyd\u0142a m\u0142odzie\u017cowego \u201eZwi\u0105zku M\u0142odych Ormian\u201d (NOP). W 1980 roku zosta\u0142 aresztowany za antysowieck\u0105 dzia\u0142alno\u015b\u0107 i skazany na 5 lat \u0142agru oraz 3 lata zsy\u0142ki. Kar\u0119 odbywa\u0142 na Uralu, a zsy\u0142k\u0119 \u2013 w Magadanie. Po odbyciu kary wr\u00f3ci\u0142 do Armenii i kontynuowa\u0142 sw\u0105 dzia\u0142alno\u015b\u0107 w szeregach Ruchu Narodowego Armenii. W latatch 1991 \u2013 1995 zajmowa\u0142 si\u0119 wymian\u0105 je\u0144c\u00f3w i zak\u0142adnik\u00f3w wzi\u0119tych do niewoli w czasie wojny pomi\u0119dzy Armeni\u0105 i Azerbejd\u017canem. Uczestniczy\u0142 w procesie tworzenia si\u0119 tzw. obywatelskiego dialogu ormia\u0144sko \u2013 azerbejd\u017ca\u0144skiego, by\u0142 zaanga\u017cowany w problemy ormia\u0144skich uchod\u017ac\u00f3w, kt\u00f3rzy w wyniku konflikt\u00f3w musieli opu\u015bci\u0107 Czeczeni\u0119, Gruzj\u0119 i Azerbejd\u017can. Przewodniczy\u0142 klubu \u201eKaukaz\u201d, skupiaj\u0105cemu znawc\u00f3w problem\u00f3w kaukaskich i dzia\u0142aczy spo\u0142eczno-politycznych. Pracowa\u0142 r\u00f3wnie\u017c w redakcji gazety \u201eKanteh\u201d (\u201ePochodnia\u201d). By\u0142 przewodnicz\u0105cym organizacji \u201eAr\u017canapatwutjun\u201d (\u201eGodno\u015b\u0107\u201d). W roku 1990 razem z Paruyrem Hayrikyanem nawi\u0105za\u0142 kontakt z \u201eSolidarno\u015bci\u0105 Walcz\u0105c\u0105\u201d. W 2017 roku otrzyma\u0142 Krzy\u017c Solidarno\u015bci Walcz\u0105cej. Harutyunyan Vardan Ludwikowicz jest autorem dw\u00f3ch ksi\u0105\u017cek po\u015bwi\u0119conych opozycji ormia\u0144skiej i tematyce \u0142agrowej: \u201e\u0418\u043d\u0430\u043a\u043e\u043c\u044b\u0441\u043b\u0438\u0435 \u0432 \u0441\u043e\u0432\u0435\u0442\u0441\u043a\u043e\u0439 \u0410\u0440\u043c\u0435\u043d\u0438\u0438\u201d (\u201eBunt w sowieckiej Armenii\u201d) wydanej w 2014 roku, oraz \u201e\u0418\u0441\u0442\u043e\u0440\u0438\u044f \u043f\u043e\u043b\u0438\u0442\u0437\u0430\u043a\u043b\u044e\u0447\u0451\u043d\u043d\u043e\u0433\u043e\u201d (\u201eHistoria wi\u0119\u017ania politycznego\u201d) wydanej w 2018 roku.<\/p>\n","protected":false},"excerpt":{"rendered":"<p>Urodzi\u0142 si\u0119 3 lutego 1961 roku w Sers. Obro\u0144ca praw cz\u0142owieka, publicysta oraz sowiecki wi\u0119zie\u0144 polityczny. Uko\u0144czy\u0142 Instytut Architektury i Budownictwa w Erewaniu. W latach 1978 \u2013 1980 by\u0142 zaanga\u017cowany w dzia\u0142alno\u015b\u0107 antykomunistyczn\u0105 w podziemnych organizacjach. By\u0142 cz\u0142onkiem skrzyd\u0142a m\u0142odzie\u017cowego \u201eZwi\u0105zku M\u0142odych Ormian\u201d (NOP). W 1980 roku zosta\u0142 aresztowany za antysowieck\u0105 dzia\u0142alno\u015b\u0107 i skazany na [&hellip;]<\/p>\n","protected":false},"featured_media":3226,"template":"","meta":[],"_links":{"self":[{"href":"http:\/\/ludzie.fundacja-pih.pl\/index.php\/wp-json\/wp\/v2\/product\/3225"}],"collection":[{"href":"http:\/\/ludzie.fundacja-pih.pl\/index.php\/wp-json\/wp\/v2\/product"}],"about":[{"href":"http:\/\/ludzie.fundacja-pih.pl\/index.php\/wp-json\/wp\/v2\/types\/product"}],"wp:featuredmedia":[{"embeddable":true,"href":"http:\/\/ludzie.fundacja-pih.pl\/index.php\/wp-json\/wp\/v2\/media\/3226"}],"wp:attachment":[{"href":"http:\/\/ludzie.fundacja-pih.pl\/index.php\/wp-json\/wp\/v2\/media?parent=3225"}],"curies":[{"name":"wp","href":"https:\/\/api.w.org\/{rel}","templated":true}]}}

<p>Urodził się 3 lutego 1961 roku w Sers.</p>
<p>Obrońca praw człowieka, publicysta oraz sowiecki więzień polityczny. Ukończył Instytut Architektury i Budownictwa w Erewaniu. W latach 1978 – 1980 był zaangażowany w działalność antykomunistyczną w podziemnych organizacjach. Był członkiem skrzydła młodzieżowego „Związku Młodych Ormian” (NOP). W 1980 roku został aresztowany za antysowiecką działalność i skazany na 5 lat łagru oraz 3 lata zsyłki. Karę odbywał na Uralu, a zsyłkę – w Magadanie. Po odbyciu kary wrócił do Armenii i kontynuował swą działalność w szeregach Ruchu Narodowego Armenii. W latatch 1991 – 1995 zajmował się wymianą jeńców i zakładników wziętych do niewoli w czasie wojny pomiędzy Armenią i Azerbejdżanem. Uczestniczył w procesie tworzenia się tzw. obywatelskiego dialogu ormiańsko – azerbejdżańskiego, był zaangażowany w problemy ormiańskich uchodźców, którzy w wyniku konfliktów musieli opuścić Czeczenię, Gruzję i Azerbejdżan. Przewodniczył klubu „Kaukaz”, skupiającemu znawców problemów kaukaskich i działaczy społeczno-politycznych. Pracował również w redakcji gazety „Kanteh” („Pochodnia”). Był przewodniczącym organizacji „Arżanapatwutjun” („Godność”). W roku 1990 razem z Paruyrem Hayrikyanem nawiązał kontakt z „Solidarnością Walczącą”. W 2017 roku otrzymał Krzyż Solidarności Walczącej. Harutyunyan Vardan Ludwikowicz jest autorem dwóch książek poświęconych opozycji ormiańskiej i tematyce łagrowej: „Инакомыслие в советской Армении” („Bunt w sowieckiej Armenii”) wydanej w 2014 roku, oraz „История политзаключённого” („Historia więźnia politycznego”) wydanej w 2018 roku.</p>

<p>Urodził się 3 lutego 1961 roku w Sers. Obrońca praw człowieka, publicysta oraz sowiecki więzień polityczny. Ukończył Instytut Architektury i Budownictwa w Erewaniu. W latach 1978 – 1980 był zaangażowany w działalność antykomunistyczną w podziemnych organizacjach. Był członkiem skrzydła młodzieżowego „Związku Młodych Ormian” (NOP). W 1980 roku został aresztowany za antysowiecką działalność i skazany na [&hellip;]</p>
