{"id":3236,"date":"2021-05-03T21:10:08","date_gmt":"2021-05-03T21:10:08","guid":{"rendered":"http:\/\/ludzie.fundacja-pih.pl\/?post_type=product&#038;p=3236"},"modified":"2025-05-16T14:20:57","modified_gmt":"2025-05-16T14:20:57","slug":"kula-henryk","status":"publish","type":"product","link":"http:\/\/ludzie.fundacja-pih.pl\/index.php\/product\/kula-henryk\/","title":{"rendered":"Kula Henryk"},"content":{"rendered":"<p>Urodzi\u0142 si\u0119 w 1960 roku <\/p>\n<p>Uko\u0144czy\u0142 studia na Akademii Rolniczej we Wroc\u0142awiu. Dzia\u0142a\u0142 w strukturach Niezale\u017cnego Zrzeszenia Student\u00f3w. Od czerwca do grudnia 1987 roku, bra\u0142 udzia\u0142 w happeningach Pomara\u0144czowej Alternatywy. Od 1983 roku by\u0142 zaprzysi\u0119\u017conym cz\u0142onkiem \u201eSolidarno\u015bci Walcz\u0105cej\u201d. W ramach dzia\u0142alno\u015bci w jej strukturach pe\u0142ni\u0142 rol\u0119 kuriera, drukarza wydawnictw podziemnych i ich kolportera. Uczestniczy\u0142 w wielu antyre\u017cimowych manifestacjach i akcjach protestacyjnych. By\u0142 kilkakrotnie zatrzymywany. Wsp\u00f3\u0142zak\u0142ada\u0142, wydawa\u0142 i szefowa\u0142 redkacji periodyka spo\u0142eczno-kulturalnego \u201eSumienie\u201d. Zosta\u0142 odznaczony Krzy\u017cem Solidarno\u015bci Walcz\u0105cej<\/p>\n","protected":false},"excerpt":{"rendered":"<p>Urodzi\u0142 si\u0119 w 1960 roku Uko\u0144czy\u0142 studia na Akademii Rolniczej we Wroc\u0142awiu. Dzia\u0142a\u0142 w strukturach Niezale\u017cnego Zrzeszenia Student\u00f3w. Od czerwca do grudnia 1987 roku, bra\u0142 udzia\u0142 w happeningach Pomara\u0144czowej Alternatywy. Od 1983 roku by\u0142 zaprzysi\u0119\u017conym cz\u0142onkiem \u201eSolidarno\u015bci Walcz\u0105cej\u201d. W ramach dzia\u0142alno\u015bci w jej strukturach pe\u0142ni\u0142 rol\u0119 kuriera, drukarza wydawnictw podziemnych i ich kolportera. Uczestniczy\u0142 w [&hellip;]<\/p>\n","protected":false},"featured_media":3253,"template":"","meta":[],"_links":{"self":[{"href":"http:\/\/ludzie.fundacja-pih.pl\/index.php\/wp-json\/wp\/v2\/product\/3236"}],"collection":[{"href":"http:\/\/ludzie.fundacja-pih.pl\/index.php\/wp-json\/wp\/v2\/product"}],"about":[{"href":"http:\/\/ludzie.fundacja-pih.pl\/index.php\/wp-json\/wp\/v2\/types\/product"}],"wp:featuredmedia":[{"embeddable":true,"href":"http:\/\/ludzie.fundacja-pih.pl\/index.php\/wp-json\/wp\/v2\/media\/3253"}],"wp:attachment":[{"href":"http:\/\/ludzie.fundacja-pih.pl\/index.php\/wp-json\/wp\/v2\/media?parent=3236"}],"curies":[{"name":"wp","href":"https:\/\/api.w.org\/{rel}","templated":true}]}}

<p>Urodził się w 1960 roku </p>
<p>Ukończył studia na Akademii Rolniczej we Wrocławiu. Działał w strukturach Niezależnego Zrzeszenia Studentów. Od czerwca do grudnia 1987 roku, brał udział w happeningach Pomarańczowej Alternatywy. Od 1983 roku był zaprzysiężonym członkiem „Solidarności Walczącej”. W ramach działalności w jej strukturach pełnił rolę kuriera, drukarza wydawnictw podziemnych i ich kolportera. Uczestniczył w wielu antyreżimowych manifestacjach i akcjach protestacyjnych. Był kilkakrotnie zatrzymywany. Współzakładał, wydawał i szefował redkacji periodyka społeczno-kulturalnego „Sumienie”. Został odznaczony Krzyżem Solidarności Walczącej</p>

<p>Urodził się w 1960 roku Ukończył studia na Akademii Rolniczej we Wrocławiu. Działał w strukturach Niezależnego Zrzeszenia Studentów. Od czerwca do grudnia 1987 roku, brał udział w happeningach Pomarańczowej Alternatywy. Od 1983 roku był zaprzysiężonym członkiem „Solidarności Walczącej”. W ramach działalności w jej strukturach pełnił rolę kuriera, drukarza wydawnictw podziemnych i ich kolportera. Uczestniczył w [&hellip;]</p>
