{"id":3238,"date":"2021-05-03T21:14:18","date_gmt":"2021-05-03T21:14:18","guid":{"rendered":"http:\/\/ludzie.fundacja-pih.pl\/?post_type=product&#038;p=3238"},"modified":"2025-05-16T14:20:57","modified_gmt":"2025-05-16T14:20:57","slug":"kowalczyk-jan-walbrzych","status":"publish","type":"product","link":"http:\/\/ludzie.fundacja-pih.pl\/index.php\/product\/kowalczyk-jan-walbrzych\/","title":{"rendered":"Kowalczyk Jan (Wa\u0142brzych)"},"content":{"rendered":"<p>Urodzi\u0142 si\u0119 w 1956 roku w Wa\u0142brzychu. <\/p>\n<p>Drukarz, kolporter, uczestnik manifestacji antyre\u017cimowych. Po wprowadzeniu stanu wojennego przy\u0142\u0105czy\u0142 si\u0119 do konspiracji. By\u0142 wielokrotnie zatrzymywany, karany przez kolegia i rozpracowywany przez SB. Wsp\u00f3\u0142pracowa\u0142 z \u201eSolidarno\u015bci\u0105 Walcz\u0105c\u0105\u201d i Ruchem M\u0142odzie\u017cy Niezale\u017cnej. Dzia\u0142a\u0142 w podziemnej \u201eSolidarno\u015bci\u201d w Zak\u0142adzie Rob\u00f3t G\u00f3rniczych w Wa\u0142brzychu. Kolportowa\u0142 i drukowa\u0142 podziemne wydawnictwa \u201eSolidarno\u015bci Walcz\u0105cej\u201d. By\u0142 r\u00f3wnie\u017c kurierem. Uczestniczy\u0142 w antyre\u017cimowych demonstracjach, g\u0142od\u00f3wkach i pielgrzymkach Nale\u017ca\u0142 do Duszpasterstwa Ludzi Pracy. U\u017cycza\u0142 swego mieszkania dla cel\u00f3w dzia\u0142alno\u015bci podziemnej.<\/p>\n","protected":false},"excerpt":{"rendered":"<p>Urodzi\u0142 si\u0119 w 1956 roku w Wa\u0142brzychu. Drukarz, kolporter, uczestnik manifestacji antyre\u017cimowych. Po wprowadzeniu stanu wojennego przy\u0142\u0105czy\u0142 si\u0119 do konspiracji. By\u0142 wielokrotnie zatrzymywany, karany przez kolegia i rozpracowywany przez SB. Wsp\u00f3\u0142pracowa\u0142 z \u201eSolidarno\u015bci\u0105 Walcz\u0105c\u0105\u201d i Ruchem M\u0142odzie\u017cy Niezale\u017cnej. Dzia\u0142a\u0142 w podziemnej \u201eSolidarno\u015bci\u201d w Zak\u0142adzie Rob\u00f3t G\u00f3rniczych w Wa\u0142brzychu. Kolportowa\u0142 i drukowa\u0142 podziemne wydawnictwa \u201eSolidarno\u015bci Walcz\u0105cej\u201d. [&hellip;]<\/p>\n","protected":false},"featured_media":3768,"template":"","meta":[],"_links":{"self":[{"href":"http:\/\/ludzie.fundacja-pih.pl\/index.php\/wp-json\/wp\/v2\/product\/3238"}],"collection":[{"href":"http:\/\/ludzie.fundacja-pih.pl\/index.php\/wp-json\/wp\/v2\/product"}],"about":[{"href":"http:\/\/ludzie.fundacja-pih.pl\/index.php\/wp-json\/wp\/v2\/types\/product"}],"wp:featuredmedia":[{"embeddable":true,"href":"http:\/\/ludzie.fundacja-pih.pl\/index.php\/wp-json\/wp\/v2\/media\/3768"}],"wp:attachment":[{"href":"http:\/\/ludzie.fundacja-pih.pl\/index.php\/wp-json\/wp\/v2\/media?parent=3238"}],"curies":[{"name":"wp","href":"https:\/\/api.w.org\/{rel}","templated":true}]}}

Kowalczyk Jan (Wałbrzych)

<p>Urodził się w 1956 roku w Wałbrzychu. </p>
<p>Drukarz, kolporter, uczestnik manifestacji antyreżimowych. Po wprowadzeniu stanu wojennego przyłączył się do konspiracji. Był wielokrotnie zatrzymywany, karany przez kolegia i rozpracowywany przez SB. Współpracował z „Solidarnością Walczącą” i Ruchem Młodzieży Niezależnej. Działał w podziemnej „Solidarności” w Zakładzie Robót Górniczych w Wałbrzychu. Kolportował i drukował podziemne wydawnictwa „Solidarności Walczącej”. Był również kurierem. Uczestniczył w antyreżimowych demonstracjach, głodówkach i pielgrzymkach Należał do Duszpasterstwa Ludzi Pracy. Użyczał swego mieszkania dla celów działalności podziemnej.</p>

<p>Urodził się w 1956 roku w Wałbrzychu. Drukarz, kolporter, uczestnik manifestacji antyreżimowych. Po wprowadzeniu stanu wojennego przyłączył się do konspiracji. Był wielokrotnie zatrzymywany, karany przez kolegia i rozpracowywany przez SB. Współpracował z „Solidarnością Walczącą” i Ruchem Młodzieży Niezależnej. Działał w podziemnej „Solidarności” w Zakładzie Robót Górniczych w Wałbrzychu. Kolportował i drukował podziemne wydawnictwa „Solidarności Walczącej”. [&hellip;]</p>
