{"id":3255,"date":"2021-05-04T22:40:25","date_gmt":"2021-05-04T22:40:25","guid":{"rendered":"http:\/\/ludzie.fundacja-pih.pl\/?post_type=product&#038;p=3255"},"modified":"2025-05-16T14:21:00","modified_gmt":"2025-05-16T14:21:00","slug":"kuczynska-elzbieta","status":"publish","type":"product","link":"http:\/\/ludzie.fundacja-pih.pl\/index.php\/product\/kuczynska-elzbieta\/","title":{"rendered":"Kuczy\u0144ska El\u017cbieta"},"content":{"rendered":"<p>El\u017cbieta Kuczy\u0144ska: ur.1964 r., absolwent Uniwersytetu Wroc\u0142awskiego wydzia\u0142u matematyki, dzia\u0142acz NZS, zwi\u0105zana te\u017c z Solidarno\u015bc\u0105 Walcz\u0105c\u0105c\u0105, z grup\u0105 \u201eCzarnego\u201d we Wroc\u0142awiu od 1985r.,<\/p>\n<p>Zatrzymana podczas akcji liczenia g\u0142osuj\u0105cych na wyborach w 1985r., uczestnik licznych manifestacji \u201eS\u201d, SW i happening\u00f3w Pomara\u0144czowej Alternatywy.<\/p>\n<p>Redaktor i autor artyku\u0142\u00f3w w pi\u015bmie \u201eSumienie\u201d.<\/p>\n<p>&nbsp;<\/p>\n","protected":false},"excerpt":{"rendered":"<p>El\u017cbieta Kuczy\u0144ska: ur.1964 r., absolwent Uniwersytetu Wroc\u0142awskiego wydzia\u0142u matematyki, dzia\u0142acz NZS, zwi\u0105zana te\u017c z Solidarno\u015bc\u0105 Walcz\u0105c\u0105c\u0105, z grup\u0105 \u201eCzarnego\u201d we Wroc\u0142awiu od 1985r., Zatrzymana podczas akcji liczenia g\u0142osuj\u0105cych na wyborach w 1985r., uczestnik licznych manifestacji \u201eS\u201d, SW i happening\u00f3w Pomara\u0144czowej Alternatywy. Redaktor i autor artyku\u0142\u00f3w w pi\u015bmie \u201eSumienie\u201d. &nbsp;<\/p>\n","protected":false},"featured_media":3256,"template":"","meta":[],"_links":{"self":[{"href":"http:\/\/ludzie.fundacja-pih.pl\/index.php\/wp-json\/wp\/v2\/product\/3255"}],"collection":[{"href":"http:\/\/ludzie.fundacja-pih.pl\/index.php\/wp-json\/wp\/v2\/product"}],"about":[{"href":"http:\/\/ludzie.fundacja-pih.pl\/index.php\/wp-json\/wp\/v2\/types\/product"}],"wp:featuredmedia":[{"embeddable":true,"href":"http:\/\/ludzie.fundacja-pih.pl\/index.php\/wp-json\/wp\/v2\/media\/3256"}],"wp:attachment":[{"href":"http:\/\/ludzie.fundacja-pih.pl\/index.php\/wp-json\/wp\/v2\/media?parent=3255"}],"curies":[{"name":"wp","href":"https:\/\/api.w.org\/{rel}","templated":true}]}}

Kuczyńska Elżbieta

<p>Elżbieta Kuczyńska: ur.1964 r., absolwent Uniwersytetu Wrocławskiego wydziału matematyki, działacz NZS, związana też z Solidarnoścą Walczącącą, z grupą „Czarnego” we Wrocławiu od 1985r.,</p>
<p>Zatrzymana podczas akcji liczenia głosujących na wyborach w 1985r., uczestnik licznych manifestacji „S”, SW i happeningów Pomarańczowej Alternatywy.</p>
<p>Redaktor i autor artykułów w piśmie „Sumienie”.</p>
<p>&nbsp;</p>

<p>Elżbieta Kuczyńska: ur.1964 r., absolwent Uniwersytetu Wrocławskiego wydziału matematyki, działacz NZS, związana też z Solidarnoścą Walczącącą, z grupą „Czarnego” we Wrocławiu od 1985r., Zatrzymana podczas akcji liczenia głosujących na wyborach w 1985r., uczestnik licznych manifestacji „S”, SW i happeningów Pomarańczowej Alternatywy. Redaktor i autor artykułów w piśmie „Sumienie”. &nbsp;</p>
