{"id":3283,"date":"2021-05-07T12:23:14","date_gmt":"2021-05-07T12:23:14","guid":{"rendered":"http:\/\/ludzie.fundacja-pih.pl\/?post_type=product&#038;p=3283"},"modified":"2025-05-16T14:21:07","modified_gmt":"2025-05-16T14:21:07","slug":"daruk-teresa","status":"publish","type":"product","link":"http:\/\/ludzie.fundacja-pih.pl\/index.php\/product\/daruk-teresa\/","title":{"rendered":"Daruk Teresa (Wa\u0142brzych)"},"content":{"rendered":"<p>W \u201eS\u201d od 1980 roku. W stanie wojennym jako nieliczni ca\u0142y czas zbierali\u015bmy sk\u0142adki zwi\u0105zkowe. Cz\u0142onek w\u0142adz podziemnej \u201eS\u201d w Zak\u0142adach Koksowniczych \u201eWa\u0142brzych\u201d. Udost\u0119pni\u0142a mieszkanie na skrzynk\u0119 kolporta\u017cow\u0105 podziemnych wydawnictw \u201eS\u201d i \u201eSW\u201d. Wsp\u00f3\u0142pracownik Solidarno\u015bci Walcz\u0105cej. Dostarcza\u0142a podziemne wydawnictwa do Huty Szk\u0142a i innych zak\u0142ad\u00f3w pracy.<\/p>\n","protected":false},"excerpt":{"rendered":"<p>W \u201eS\u201d od 1980 roku. W stanie wojennym jako nieliczni ca\u0142y czas zbierali\u015bmy sk\u0142adki zwi\u0105zkowe. Cz\u0142onek w\u0142adz podziemnej \u201eS\u201d w Zak\u0142adach Koksowniczych \u201eWa\u0142brzych\u201d. Udost\u0119pni\u0142a mieszkanie na skrzynk\u0119 kolporta\u017cow\u0105 podziemnych wydawnictw \u201eS\u201d i \u201eSW\u201d. Wsp\u00f3\u0142pracownik Solidarno\u015bci Walcz\u0105cej. Dostarcza\u0142a podziemne wydawnictwa do Huty Szk\u0142a i innych zak\u0142ad\u00f3w pracy.<\/p>\n","protected":false},"featured_media":906,"template":"","meta":[],"_links":{"self":[{"href":"http:\/\/ludzie.fundacja-pih.pl\/index.php\/wp-json\/wp\/v2\/product\/3283"}],"collection":[{"href":"http:\/\/ludzie.fundacja-pih.pl\/index.php\/wp-json\/wp\/v2\/product"}],"about":[{"href":"http:\/\/ludzie.fundacja-pih.pl\/index.php\/wp-json\/wp\/v2\/types\/product"}],"wp:featuredmedia":[{"embeddable":true,"href":"http:\/\/ludzie.fundacja-pih.pl\/index.php\/wp-json\/wp\/v2\/media\/906"}],"wp:attachment":[{"href":"http:\/\/ludzie.fundacja-pih.pl\/index.php\/wp-json\/wp\/v2\/media?parent=3283"}],"curies":[{"name":"wp","href":"https:\/\/api.w.org\/{rel}","templated":true}]}}