{"id":3292,"date":"2021-05-07T12:33:05","date_gmt":"2021-05-07T12:33:05","guid":{"rendered":"http:\/\/ludzie.fundacja-pih.pl\/?post_type=product&#038;p=3292"},"modified":"2025-05-16T14:21:13","modified_gmt":"2025-05-16T14:21:13","slug":"kaminski-romuald","status":"publish","type":"product","link":"http:\/\/ludzie.fundacja-pih.pl\/index.php\/product\/kaminski-romuald\/","title":{"rendered":"Kami\u0144ski Romuald (Wa\u0142brzych)"},"content":{"rendered":"<p>Urodzi\u0142 si\u0119 13 marca 1933 roku w Chorzowie.<\/p>\n<p>W 1980 roku zosta\u0142 cz\u0142onkiem NSZZ \u201eSolidarno\u015b\u0107\u201d w Zak\u0142adach Koksowniczych w Wa\u0142brzychu. Po wprowadzeniu stanu wojennego kontynuowa\u0142 dzia\u0142alno\u015b\u0107 w podziemnych strukturach Zwi\u0105zku. Kolportowa\u0142 wydawnictwa podziemne sygnowane przez \u201eSolidarno\u015b\u0107\u201d i \u201eSolidarno\u015b\u0107 Walcz\u0105c\u0105\u201d. Zbiera\u0142 fundusze na dzia\u0142alno\u015b\u0107 zwi\u0105zkow\u0105. W 1987 roku zaanga\u017cowa\u0142 si\u0119 w dzia\u0142ania maj\u0105ce na celu reaktywacj\u0119 Zwi\u0105zku w ZK w Wa\u0142brzychu. Zosta\u0142 wybrany przewodnicz\u0105cym Komitetu Za\u0142o\u017cycielskiego. Nale\u017ca\u0142 do grupy os\u00f3b podejmuj\u0105cych pr\u00f3by ponownej rejestracji \u201eSolidarno\u015bci\u201d, oraz organizowa\u0142 struktury ko\u0142a Polskiej Partii Socjalistycznej w tym mie\u015bcie. Wchodzi\u0142 w sk\u0142ad podziemnego zarz\u0105du zak\u0142adowych struktur \u201eSolidarno\u015bci\u201d. W 2013 roku na podstawie postanowienia Prezydenta RP \u2013 nr 410\/2013 &#8211;  nadano mu Krzy\u017c Wolno\u015bci i Solidarno\u015bci.<\/p>\n","protected":false},"excerpt":{"rendered":"<p>Urodzi\u0142 si\u0119 13 marca 1933 roku w Chorzowie. W 1980 roku zosta\u0142 cz\u0142onkiem NSZZ \u201eSolidarno\u015b\u0107\u201d w Zak\u0142adach Koksowniczych w Wa\u0142brzychu. Po wprowadzeniu stanu wojennego kontynuowa\u0142 dzia\u0142alno\u015b\u0107 w podziemnych strukturach Zwi\u0105zku. Kolportowa\u0142 wydawnictwa podziemne sygnowane przez \u201eSolidarno\u015b\u0107\u201d i \u201eSolidarno\u015b\u0107 Walcz\u0105c\u0105\u201d. Zbiera\u0142 fundusze na dzia\u0142alno\u015b\u0107 zwi\u0105zkow\u0105. W 1987 roku zaanga\u017cowa\u0142 si\u0119 w dzia\u0142ania maj\u0105ce na celu reaktywacj\u0119 [&hellip;]<\/p>\n","protected":false},"featured_media":3754,"template":"","meta":[],"_links":{"self":[{"href":"http:\/\/ludzie.fundacja-pih.pl\/index.php\/wp-json\/wp\/v2\/product\/3292"}],"collection":[{"href":"http:\/\/ludzie.fundacja-pih.pl\/index.php\/wp-json\/wp\/v2\/product"}],"about":[{"href":"http:\/\/ludzie.fundacja-pih.pl\/index.php\/wp-json\/wp\/v2\/types\/product"}],"wp:featuredmedia":[{"embeddable":true,"href":"http:\/\/ludzie.fundacja-pih.pl\/index.php\/wp-json\/wp\/v2\/media\/3754"}],"wp:attachment":[{"href":"http:\/\/ludzie.fundacja-pih.pl\/index.php\/wp-json\/wp\/v2\/media?parent=3292"}],"curies":[{"name":"wp","href":"https:\/\/api.w.org\/{rel}","templated":true}]}}

Kamiński Romuald (Wałbrzych)

<p>Urodził się 13 marca 1933 roku w Chorzowie.</p>
<p>W 1980 roku został członkiem NSZZ „Solidarność” w Zakładach Koksowniczych w Wałbrzychu. Po wprowadzeniu stanu wojennego kontynuował działalność w podziemnych strukturach Związku. Kolportował wydawnictwa podziemne sygnowane przez „Solidarność” i „Solidarność Walczącą”. Zbierał fundusze na działalność związkową. W 1987 roku zaangażował się w działania mające na celu reaktywację Związku w ZK w Wałbrzychu. Został wybrany przewodniczącym Komitetu Założycielskiego. Należał do grupy osób podejmujących próby ponownej rejestracji „Solidarności”, oraz organizował struktury koła Polskiej Partii Socjalistycznej w tym mieście. Wchodził w skład podziemnego zarządu zakładowych struktur „Solidarności”. W 2013 roku na podstawie postanowienia Prezydenta RP – nr 410/2013 &#8211;  nadano mu Krzyż Wolności i Solidarności.</p>

<p>Urodził się 13 marca 1933 roku w Chorzowie. W 1980 roku został członkiem NSZZ „Solidarność” w Zakładach Koksowniczych w Wałbrzychu. Po wprowadzeniu stanu wojennego kontynuował działalność w podziemnych strukturach Związku. Kolportował wydawnictwa podziemne sygnowane przez „Solidarność” i „Solidarność Walczącą”. Zbierał fundusze na działalność związkową. W 1987 roku zaangażował się w działania mające na celu reaktywację [&hellip;]</p>
