{"id":3293,"date":"2021-05-07T12:35:26","date_gmt":"2021-05-07T12:35:26","guid":{"rendered":"http:\/\/ludzie.fundacja-pih.pl\/?post_type=product&#038;p=3293"},"modified":"2025-05-16T14:21:13","modified_gmt":"2025-05-16T14:21:13","slug":"kirszenstein-jan-walbrzych","status":"publish","type":"product","link":"http:\/\/ludzie.fundacja-pih.pl\/index.php\/product\/kirszenstein-jan-walbrzych\/","title":{"rendered":"Kirszenstein Jan (Wa\u0142brzych)"},"content":{"rendered":"<p>W grudniu 1981 roku zamieszkiwa\u0142 w Gda\u0144sku. Po wprowadzeniu stanu wojennego, bra\u0142 udzia\u0142 w starciach ulicznych z ZOMO. Po przeprowadzce do Wa\u0142brzycha wst\u0105pi\u0142 do \u201eSolidarno\u015bci Walcz\u0105cej\u201d. W 1988 roku zosta\u0142 jej zaprzysi\u0119\u017conym cz\u0142onkiem. Szefowa\u0142 grupie \u201eSW\u201d w Kopalni W\u0119gla Kamiennego \u201eWa\u0142brzych\u201d. Redagowa\u0142 podziemny biuletyn \u201eRadyka\u0142\u201d, by\u0142 autorem artyku\u0142\u00f3w w \u201eW\u0119gielkach Wa\u0142brzyskich\u201d. Kolportowa\u0142 podziemnych wydawnictwa \u201eSolidarno\u015bci\u201d i \u201eSolidarno\u015bci Walcz\u0105cej\u201d. W 1988 roku zosta\u0142 jawnym przedstawicielem \u201eSW\u201d na terenie Wa\u0142brzycha.<\/p>\n","protected":false},"excerpt":{"rendered":"<p>W grudniu 1981 roku zamieszkiwa\u0142 w Gda\u0144sku. Po wprowadzeniu stanu wojennego, bra\u0142 udzia\u0142 w starciach ulicznych z ZOMO. Po przeprowadzce do Wa\u0142brzycha wst\u0105pi\u0142 do \u201eSolidarno\u015bci Walcz\u0105cej\u201d. W 1988 roku zosta\u0142 jej zaprzysi\u0119\u017conym cz\u0142onkiem. Szefowa\u0142 grupie \u201eSW\u201d w Kopalni W\u0119gla Kamiennego \u201eWa\u0142brzych\u201d. Redagowa\u0142 podziemny biuletyn \u201eRadyka\u0142\u201d, by\u0142 autorem artyku\u0142\u00f3w w \u201eW\u0119gielkach Wa\u0142brzyskich\u201d. Kolportowa\u0142 podziemnych wydawnictwa \u201eSolidarno\u015bci\u201d [&hellip;]<\/p>\n","protected":false},"featured_media":3623,"template":"","meta":[],"_links":{"self":[{"href":"http:\/\/ludzie.fundacja-pih.pl\/index.php\/wp-json\/wp\/v2\/product\/3293"}],"collection":[{"href":"http:\/\/ludzie.fundacja-pih.pl\/index.php\/wp-json\/wp\/v2\/product"}],"about":[{"href":"http:\/\/ludzie.fundacja-pih.pl\/index.php\/wp-json\/wp\/v2\/types\/product"}],"wp:featuredmedia":[{"embeddable":true,"href":"http:\/\/ludzie.fundacja-pih.pl\/index.php\/wp-json\/wp\/v2\/media\/3623"}],"wp:attachment":[{"href":"http:\/\/ludzie.fundacja-pih.pl\/index.php\/wp-json\/wp\/v2\/media?parent=3293"}],"curies":[{"name":"wp","href":"https:\/\/api.w.org\/{rel}","templated":true}]}}

Kirszenstein Jan (Wałbrzych)

<p>W grudniu 1981 roku zamieszkiwał w Gdańsku. Po wprowadzeniu stanu wojennego, brał udział w starciach ulicznych z ZOMO. Po przeprowadzce do Wałbrzycha wstąpił do „Solidarności Walczącej”. W 1988 roku został jej zaprzysiężonym członkiem. Szefował grupie „SW” w Kopalni Węgla Kamiennego „Wałbrzych”. Redagował podziemny biuletyn „Radykał”, był autorem artykułów w „Węgielkach Wałbrzyskich”. Kolportował podziemnych wydawnictwa „Solidarności” i „Solidarności Walczącej”. W 1988 roku został jawnym przedstawicielem „SW” na terenie Wałbrzycha.</p>

<p>W grudniu 1981 roku zamieszkiwał w Gdańsku. Po wprowadzeniu stanu wojennego, brał udział w starciach ulicznych z ZOMO. Po przeprowadzce do Wałbrzycha wstąpił do „Solidarności Walczącej”. W 1988 roku został jej zaprzysiężonym członkiem. Szefował grupie „SW” w Kopalni Węgla Kamiennego „Wałbrzych”. Redagował podziemny biuletyn „Radykał”, był autorem artykułów w „Węgielkach Wałbrzyskich”. Kolportował podziemnych wydawnictwa „Solidarności” [&hellip;]</p>
