{"id":3294,"date":"2021-05-07T12:36:12","date_gmt":"2021-05-07T12:36:12","guid":{"rendered":"http:\/\/ludzie.fundacja-pih.pl\/?post_type=product&#038;p=3294"},"modified":"2025-05-16T14:21:14","modified_gmt":"2025-05-16T14:21:14","slug":"kolczykiewicz-eugeniusz","status":"publish","type":"product","link":"http:\/\/ludzie.fundacja-pih.pl\/index.php\/product\/kolczykiewicz-eugeniusz\/","title":{"rendered":"Ko\u0142czykiewicz Eugeniusz (Wa\u0142brzych)"},"content":{"rendered":"<p>Urodzi\u0142 si\u0119 w\u00a01935\u00a0roku w m.\u00a0Strza\u0142kowice<\/p>\n<p>W latach 1984 \u2013 1989 dzia\u0142a\u0142 w podziemnych strukturach NSZZ \u201eSolidarno\u015b\u0107\u201d na terenie Wa\u0142brzycha. W swoim mieszkaniu organizowa\u0142 nielegalne spotkania, kolportowa\u0142 wydawnictwa podziemne \u201eSolidarno\u015bci\u201d i \u201eSolidarno\u015bci Walcz\u0105cej\u201d, a tak\u017ce znaczki z kt\u00f3rych doch\u00f3d by\u0142 przeznaczony na cele zwi\u0105zkowe. Wsp\u00f3\u0142organizowa\u0142 akcje protestacyjne. Dzia\u0142a\u0142 w Duszpasterstwie Ludzi Pracy w Wa\u0142brzychu. Wsp\u00f3\u0142organizowa\u0142 pielgrzymki dzia\u0142aczy NSZZ \u201eSolidarno\u015b\u0107\u201d do Cz\u0119stochowy, na spotkania z Janem Paw\u0142em II oraz do grobu ks. Jerzego Popie\u0142uszki. W 2017 roku na podstawie postanowienia Prezydenta RP \u2013 131\/2017 \u2013 nadano mu Krzy\u017c Wolno\u015bci i Solidarno\u015bci.<\/p>\n","protected":false},"excerpt":{"rendered":"<p>Urodzi\u0142 si\u0119 w\u00a01935\u00a0roku w m.\u00a0Strza\u0142kowice W latach 1984 \u2013 1989 dzia\u0142a\u0142 w podziemnych strukturach NSZZ \u201eSolidarno\u015b\u0107\u201d na terenie Wa\u0142brzycha. W swoim mieszkaniu organizowa\u0142 nielegalne spotkania, kolportowa\u0142 wydawnictwa podziemne \u201eSolidarno\u015bci\u201d i \u201eSolidarno\u015bci Walcz\u0105cej\u201d, a tak\u017ce znaczki z kt\u00f3rych doch\u00f3d by\u0142 przeznaczony na cele zwi\u0105zkowe. Wsp\u00f3\u0142organizowa\u0142 akcje protestacyjne. Dzia\u0142a\u0142 w Duszpasterstwie Ludzi Pracy w Wa\u0142brzychu. Wsp\u00f3\u0142organizowa\u0142 pielgrzymki [&hellip;]<\/p>\n","protected":false},"featured_media":3776,"template":"","meta":[],"_links":{"self":[{"href":"http:\/\/ludzie.fundacja-pih.pl\/index.php\/wp-json\/wp\/v2\/product\/3294"}],"collection":[{"href":"http:\/\/ludzie.fundacja-pih.pl\/index.php\/wp-json\/wp\/v2\/product"}],"about":[{"href":"http:\/\/ludzie.fundacja-pih.pl\/index.php\/wp-json\/wp\/v2\/types\/product"}],"wp:featuredmedia":[{"embeddable":true,"href":"http:\/\/ludzie.fundacja-pih.pl\/index.php\/wp-json\/wp\/v2\/media\/3776"}],"wp:attachment":[{"href":"http:\/\/ludzie.fundacja-pih.pl\/index.php\/wp-json\/wp\/v2\/media?parent=3294"}],"curies":[{"name":"wp","href":"https:\/\/api.w.org\/{rel}","templated":true}]}}

Kołczykiewicz Eugeniusz (Wałbrzych)

<p>Urodził się w 1935 roku w m. Strzałkowice</p>
<p>W latach 1984 – 1989 działał w podziemnych strukturach NSZZ „Solidarność” na terenie Wałbrzycha. W swoim mieszkaniu organizował nielegalne spotkania, kolportował wydawnictwa podziemne „Solidarności” i „Solidarności Walczącej”, a także znaczki z których dochód był przeznaczony na cele związkowe. Współorganizował akcje protestacyjne. Działał w Duszpasterstwie Ludzi Pracy w Wałbrzychu. Współorganizował pielgrzymki działaczy NSZZ „Solidarność” do Częstochowy, na spotkania z Janem Pawłem II oraz do grobu ks. Jerzego Popiełuszki. W 2017 roku na podstawie postanowienia Prezydenta RP – 131/2017 – nadano mu Krzyż Wolności i Solidarności.</p>

<p>Urodził się w 1935 roku w m. Strzałkowice W latach 1984 – 1989 działał w podziemnych strukturach NSZZ „Solidarność” na terenie Wałbrzycha. W swoim mieszkaniu organizował nielegalne spotkania, kolportował wydawnictwa podziemne „Solidarności” i „Solidarności Walczącej”, a także znaczki z których dochód był przeznaczony na cele związkowe. Współorganizował akcje protestacyjne. Działał w Duszpasterstwie Ludzi Pracy w Wałbrzychu. Współorganizował pielgrzymki [&hellip;]</p>
