{"id":3295,"date":"2021-05-07T12:38:29","date_gmt":"2021-05-07T12:38:29","guid":{"rendered":"http:\/\/ludzie.fundacja-pih.pl\/?post_type=product&#038;p=3295"},"modified":"2025-05-16T14:21:14","modified_gmt":"2025-05-16T14:21:14","slug":"koscinski-marek","status":"publish","type":"product","link":"http:\/\/ludzie.fundacja-pih.pl\/index.php\/product\/koscinski-marek\/","title":{"rendered":"Ko\u015bci\u0144ski Marek (Wa\u0142brzych-Kamienna G\u00f3ra)"},"content":{"rendered":"<p>Redaktor biuletynu \u201eStra\u017ca\u201d. Kolporter podziemnych wydawnictw \u201eS\u201d i Solidarno\u015bci Walcz\u0105cej. Obecnie ksi\u0105dz.<\/p>\n","protected":false},"excerpt":{"rendered":"<p>Redaktor biuletynu \u201eStra\u017ca\u201d. Kolporter podziemnych wydawnictw \u201eS\u201d i Solidarno\u015bci Walcz\u0105cej. Obecnie ksi\u0105dz.<\/p>\n","protected":false},"featured_media":3480,"template":"","meta":[],"_links":{"self":[{"href":"http:\/\/ludzie.fundacja-pih.pl\/index.php\/wp-json\/wp\/v2\/product\/3295"}],"collection":[{"href":"http:\/\/ludzie.fundacja-pih.pl\/index.php\/wp-json\/wp\/v2\/product"}],"about":[{"href":"http:\/\/ludzie.fundacja-pih.pl\/index.php\/wp-json\/wp\/v2\/types\/product"}],"wp:featuredmedia":[{"embeddable":true,"href":"http:\/\/ludzie.fundacja-pih.pl\/index.php\/wp-json\/wp\/v2\/media\/3480"}],"wp:attachment":[{"href":"http:\/\/ludzie.fundacja-pih.pl\/index.php\/wp-json\/wp\/v2\/media?parent=3295"}],"curies":[{"name":"wp","href":"https:\/\/api.w.org\/{rel}","templated":true}]}}

Kościński Marek (Wałbrzych-Kamienna Góra)

<p>Redaktor biuletynu „Straża”. Kolporter podziemnych wydawnictw „S” i Solidarności Walczącej. Obecnie ksiądz.</p>
