{"id":3297,"date":"2021-05-07T12:42:23","date_gmt":"2021-05-07T12:42:23","guid":{"rendered":"http:\/\/ludzie.fundacja-pih.pl\/?post_type=product&#038;p=3297"},"modified":"2025-05-16T14:21:15","modified_gmt":"2025-05-16T14:21:15","slug":"kujawa-tadeusz","status":"publish","type":"product","link":"http:\/\/ludzie.fundacja-pih.pl\/index.php\/product\/kujawa-tadeusz\/","title":{"rendered":"Kujawa Tadeusz (Wa\u0142brzych)"},"content":{"rendered":"<p>W NSZZ \u201eS\u201d od 1980 roku. Od 13 XII zbiera\u0142 sk\u0142adki na internowanych. Kolporter podziemnych wydawnictw \u201eS\u201d i Solidarno\u015bci Walcz\u0105cej 1982-1989. W 1988 organizator strajku w KWK \u201eVictoria\u201d. Przes\u0142uchiwany przez prokuratur\u0119. Cz\u0142onek Komitetu za\u0142o\u017cycielskiego NSZZ \u201eS\u201d 1988 roku.<\/p>\n","protected":false},"excerpt":{"rendered":"<p>W NSZZ \u201eS\u201d od 1980 roku. Od 13 XII zbiera\u0142 sk\u0142adki na internowanych. Kolporter podziemnych wydawnictw \u201eS\u201d i Solidarno\u015bci Walcz\u0105cej 1982-1989. W 1988 organizator strajku w KWK \u201eVictoria\u201d. Przes\u0142uchiwany przez prokuratur\u0119. Cz\u0142onek Komitetu za\u0142o\u017cycielskiego NSZZ \u201eS\u201d 1988 roku.<\/p>\n","protected":false},"featured_media":906,"template":"","meta":[],"_links":{"self":[{"href":"http:\/\/ludzie.fundacja-pih.pl\/index.php\/wp-json\/wp\/v2\/product\/3297"}],"collection":[{"href":"http:\/\/ludzie.fundacja-pih.pl\/index.php\/wp-json\/wp\/v2\/product"}],"about":[{"href":"http:\/\/ludzie.fundacja-pih.pl\/index.php\/wp-json\/wp\/v2\/types\/product"}],"wp:featuredmedia":[{"embeddable":true,"href":"http:\/\/ludzie.fundacja-pih.pl\/index.php\/wp-json\/wp\/v2\/media\/906"}],"wp:attachment":[{"href":"http:\/\/ludzie.fundacja-pih.pl\/index.php\/wp-json\/wp\/v2\/media?parent=3297"}],"curies":[{"name":"wp","href":"https:\/\/api.w.org\/{rel}","templated":true}]}}

Kujawa Tadeusz (Wałbrzych)

<p>W NSZZ „S” od 1980 roku. Od 13 XII zbierał składki na internowanych. Kolporter podziemnych wydawnictw „S” i Solidarności Walczącej 1982-1989. W 1988 organizator strajku w KWK „Victoria”. Przesłuchiwany przez prokuraturę. Członek Komitetu założycielskiego NSZZ „S” 1988 roku.</p>
