{"id":3311,"date":"2021-05-07T12:55:42","date_gmt":"2021-05-07T12:55:42","guid":{"rendered":"http:\/\/ludzie.fundacja-pih.pl\/?post_type=product&#038;p=3311"},"modified":"2025-05-16T14:21:24","modified_gmt":"2025-05-16T14:21:24","slug":"skrupski-jan","status":"publish","type":"product","link":"http:\/\/ludzie.fundacja-pih.pl\/index.php\/product\/skrupski-jan\/","title":{"rendered":"Skrupski Jan (Wa\u0142brzych)"},"content":{"rendered":"<p>Urodzi\u0142 si\u0119 11 listopada 1952 roku w Bierzwniku.<\/p>\n<p>Od lutego 1982 roku zbiera\u0142 fundusze dla os\u00f3b internowanych. Kolportowa\u0142 wydawnictwa podziemnej  Solidarno\u015bci i \u201eSolidarno\u015bci Walcz\u0105cej\u201d. W 1986 roku wsp\u00f3\u0142organizowa\u0142 strajk w Kopalni W\u0119gla Kamiennego \u201eVictoria\u201d. By\u0142 przes\u0142uchiwany przez SB. Zbiera\u0142  \u015brodki pieni\u0119\u017cne na w\u0119giel dla matki ks. Jerzego Popie\u0142uszki oraz dla strajkuj\u0105cej Nowej Huty. Bra\u0142 udzia\u0142 w sprowadzeniu sprz\u0119tu poligraficznego z Nowej Huty do Wa\u0142brzycha. W 1988 roku wsp\u00f3\u0142organizowa\u0142 strajk w KWK \u201eVictoria\u201d. By\u0142 cz\u0142onkiem \u201eSolidarno\u015bci Walcz\u0105cej\u201d i przewodzi\u0142 jej grupie zak\u0142adowej w KWK \u201eVictoria\u201d. Razem z Krzysztofem Miedziakiem i Januszem Szeszko nale\u017ca\u0142 do Rady wa\u0142brzyskiego oddzia\u0142u \u201eSW\u201d. R\u00f3wnie\u017c w roku 1988 pe\u0142ni\u0142 funkcj\u0119 wiceprzewodnicz\u0105cego NSZZ \u201eS\u201d w KWK \u201cVICTORIA\u201d. Redagowa\u0142 biuletyn KWK\u201dVICTORIA\u201d <\/p>\n","protected":false},"excerpt":{"rendered":"<p>Urodzi\u0142 si\u0119 11 listopada 1952 roku w Bierzwniku. Od lutego 1982 roku zbiera\u0142 fundusze dla os\u00f3b internowanych. Kolportowa\u0142 wydawnictwa podziemnej Solidarno\u015bci i \u201eSolidarno\u015bci Walcz\u0105cej\u201d. W 1986 roku wsp\u00f3\u0142organizowa\u0142 strajk w Kopalni W\u0119gla Kamiennego \u201eVictoria\u201d. By\u0142 przes\u0142uchiwany przez SB. Zbiera\u0142 \u015brodki pieni\u0119\u017cne na w\u0119giel dla matki ks. Jerzego Popie\u0142uszki oraz dla strajkuj\u0105cej Nowej Huty. Bra\u0142 udzia\u0142 [&hellip;]<\/p>\n","protected":false},"featured_media":3749,"template":"","meta":[],"_links":{"self":[{"href":"http:\/\/ludzie.fundacja-pih.pl\/index.php\/wp-json\/wp\/v2\/product\/3311"}],"collection":[{"href":"http:\/\/ludzie.fundacja-pih.pl\/index.php\/wp-json\/wp\/v2\/product"}],"about":[{"href":"http:\/\/ludzie.fundacja-pih.pl\/index.php\/wp-json\/wp\/v2\/types\/product"}],"wp:featuredmedia":[{"embeddable":true,"href":"http:\/\/ludzie.fundacja-pih.pl\/index.php\/wp-json\/wp\/v2\/media\/3749"}],"wp:attachment":[{"href":"http:\/\/ludzie.fundacja-pih.pl\/index.php\/wp-json\/wp\/v2\/media?parent=3311"}],"curies":[{"name":"wp","href":"https:\/\/api.w.org\/{rel}","templated":true}]}}