{"id":3345,"date":"2021-05-07T14:35:03","date_gmt":"2021-05-07T14:35:03","guid":{"rendered":"http:\/\/ludzie.fundacja-pih.pl\/?post_type=product&#038;p=3345"},"modified":"2025-05-16T14:21:43","modified_gmt":"2025-05-16T14:21:43","slug":"luczak-mariusz","status":"publish","type":"product","link":"http:\/\/ludzie.fundacja-pih.pl\/index.php\/product\/luczak-mariusz\/","title":{"rendered":"\u0141uczak Mariusz"},"content":{"rendered":"<p>Koordynator druku pism Agencja Informacyjna Solidarno\u015bci Walcz\u0105cej\/Agencja Wydawnicza Solidarno\u015bci Walcz\u0105cej<\/p>\n","protected":false},"excerpt":{"rendered":"<p>Koordynator druku pism Agencja Informacyjna Solidarno\u015bci Walcz\u0105cej\/Agencja Wydawnicza Solidarno\u015bci Walcz\u0105cej<\/p>\n","protected":false},"featured_media":906,"template":"","meta":[],"_links":{"self":[{"href":"http:\/\/ludzie.fundacja-pih.pl\/index.php\/wp-json\/wp\/v2\/product\/3345"}],"collection":[{"href":"http:\/\/ludzie.fundacja-pih.pl\/index.php\/wp-json\/wp\/v2\/product"}],"about":[{"href":"http:\/\/ludzie.fundacja-pih.pl\/index.php\/wp-json\/wp\/v2\/types\/product"}],"wp:featuredmedia":[{"embeddable":true,"href":"http:\/\/ludzie.fundacja-pih.pl\/index.php\/wp-json\/wp\/v2\/media\/906"}],"wp:attachment":[{"href":"http:\/\/ludzie.fundacja-pih.pl\/index.php\/wp-json\/wp\/v2\/media?parent=3345"}],"curies":[{"name":"wp","href":"https:\/\/api.w.org\/{rel}","templated":true}]}}