{"id":3384,"date":"2021-05-11T07:37:49","date_gmt":"2021-05-11T07:37:49","guid":{"rendered":"http:\/\/ludzie.fundacja-pih.pl\/?post_type=product&#038;p=3384"},"modified":"2025-05-16T14:21:56","modified_gmt":"2025-05-16T14:21:56","slug":"mickiewicz-adam-wincenty-lubin","status":"publish","type":"product","link":"http:\/\/ludzie.fundacja-pih.pl\/index.php\/product\/mickiewicz-adam-wincenty-lubin\/","title":{"rendered":"Mickiewicz Adam Wincenty (Lubin)"},"content":{"rendered":"<p>Urodzi\u0142 si\u0119 21 stycznia 1953 w Kalinowcach.<\/p>\n<p>Z zawodu g\u00f3rnik operator g\u00f3rnictwa podziemnego. We wrze\u015bniu 1980 roku wst\u0105pi\u0142 do NSZZ \u201eSolidarno\u015b\u0107\u201d. Po wprowadzeniu stanu wojennego, w dniach 14 &#8211; 17 grudnia 1981 roku uczestniczy\u0142 w strajku okupacyjnym w KGHM Zak\u0142ady G\u00f3rnicze Rudna. W latach 1982 \u2013 1989 dzia\u0142a\u0142 w nast\u0119puj\u0105cych strukturach konspiracyjnych: w latach 1983 &#8211; 1989 cz\u0142onek \u201eSolidarno\u015bci Walcz\u0105cej\u201d. Od 1982 do 1989, cz\u0142onek podziemnej Tymczasowej Komisji Zak\u0142adowej NSZZ Solidarno\u015b\u0107 KGHM Zak\u0142adu Rob\u00f3t G\u00f3rniczych w Lubinie. W latach 1983 &#8211; 1989 kolportowa\u0142 wydawnictwa podziemnych, w tym m.in.: \u201eSolidarno\u015b\u0107 Walcz\u0105c\u0105\u201d. Wsp\u00f3\u0142redagowa\u0142 \u201eBiuletyn Informacyjnego TKZ NSZZ Solidarno\u015b\u0107 ZRG Lubin\u201d. W okresie 1984 \u2013 1989 w ramach dzia\u0142alno\u015bci w TKZ NSZZ Solidarno\u015b\u0107 ZRG Lubin i w \u201eSolidarno\u015bci Walcz\u0105cej\u201d by\u0142 odpowiedzialny za organizacj\u0119 struktur konspiracyjnych na ternie Kombinatu G\u00f3rniczo \u2013 Hutniczego Miedzi w Lubinie. By\u0142 jednym z najbardziej zas\u0142u\u017conych organizator\u00f3w struktur konspiracyjnych \u201eSolidarno\u015bci Walcz\u0105cej\u201d na terenie KGHM. W 1984 roku zosta\u0142 wyznaczony przez \u201eSolidarno\u015b\u0107 Walcz\u0105c\u0105\u201d w Lubinie oraz TKZ NSZZ Solidarno\u015b\u0107 ZRG Lubin, jako kandydat do wybor\u00f3w przedstawiciela za\u0142ogi do Rady Pracowniczej, w kt\u00f3rych zosta\u0142 wybrany na cz\u0142onka Rady Pracowniczej Zak\u0142adu Rob\u00f3t G\u00f3rniczych w Lubinie. W maju 1988 roku wsp\u00f3\u0142organizowa\u0142 strajk w Zak\u0142adzie Rob\u00f3t G\u00f3rniczych Lubin, w sierpniu tego samego roku wsp\u00f3\u0142organizowa\u0142 strajk w KGHM Lubin oraz zosta\u0142 cz\u0142onkiem Komitetu Organizacyjnego NSZZ Solidarno\u015b\u0107 w Zak\u0142adzie Rob\u00f3t G\u00f3rniczych Lubin.<\/p>\n","protected":false},"excerpt":{"rendered":"<p>Urodzi\u0142 si\u0119 21 stycznia 1953 w Kalinowcach. Z zawodu g\u00f3rnik operator g\u00f3rnictwa podziemnego. We wrze\u015bniu 1980 roku wst\u0105pi\u0142 do NSZZ \u201eSolidarno\u015b\u0107\u201d. Po wprowadzeniu stanu wojennego, w dniach 14 &#8211; 17 grudnia 1981 roku uczestniczy\u0142 w strajku okupacyjnym w KGHM Zak\u0142ady G\u00f3rnicze Rudna. W latach 1982 \u2013 1989 dzia\u0142a\u0142 w nast\u0119puj\u0105cych strukturach konspiracyjnych: w latach 1983 [&hellip;]<\/p>\n","protected":false},"featured_media":906,"template":"","meta":[],"_links":{"self":[{"href":"http:\/\/ludzie.fundacja-pih.pl\/index.php\/wp-json\/wp\/v2\/product\/3384"}],"collection":[{"href":"http:\/\/ludzie.fundacja-pih.pl\/index.php\/wp-json\/wp\/v2\/product"}],"about":[{"href":"http:\/\/ludzie.fundacja-pih.pl\/index.php\/wp-json\/wp\/v2\/types\/product"}],"wp:featuredmedia":[{"embeddable":true,"href":"http:\/\/ludzie.fundacja-pih.pl\/index.php\/wp-json\/wp\/v2\/media\/906"}],"wp:attachment":[{"href":"http:\/\/ludzie.fundacja-pih.pl\/index.php\/wp-json\/wp\/v2\/media?parent=3384"}],"curies":[{"name":"wp","href":"https:\/\/api.w.org\/{rel}","templated":true}]}}