{"id":3421,"date":"2021-05-12T16:43:16","date_gmt":"2021-05-12T16:43:16","guid":{"rendered":"http:\/\/ludzie.fundacja-pih.pl\/?post_type=product&#038;p=3421"},"modified":"2025-05-16T14:22:00","modified_gmt":"2025-05-16T14:22:00","slug":"gaca-jan-lubin","status":"publish","type":"product","link":"http:\/\/ludzie.fundacja-pih.pl\/index.php\/product\/gaca-jan-lubin\/","title":{"rendered":"Gaca Jan (Lubin)"},"content":{"rendered":"<p>Urodzi\u0142 si\u0119 23 czerwca 1949 roku w Tomaszowie Mazowieckim.<\/p>\n<p>Po wprowadzeniu stanu wojennego, w dniach 13 &#8211; 15 grudnia 1981 roku, by\u0142 cz\u0142onkiem Zak\u0142adowego KS w ZG Polkowice. W latach 1982 &#8211; 1988 wsp\u00f3\u0142organizowa\u0142, a nast\u0119pnie osobi\u015bcie tak\u017ce dzia\u0142a\u0142 w Komitecie Pomocy Aresztowanym w Lubinie i G\u0142ogowie. By\u0142 cz\u0142onkiem Tymczasowej Podziemnej KZ w ZG Polkowice. Od 1983 roku nale\u017ca\u0142 do Mi\u0119dzyzak\u0142adowej Komisji Wykonawczej \u201eSolidarno\u015b\u0107\u201d Zag\u0142\u0119bie Miedziowe. Zajmowa\u0142 si\u0119 kolporta\u017cem, drukiem, organizowa\u0142 dostawy sprz\u0119tu i materia\u0142\u00f3w poligraficznych, transport oraz lokale na potrzeby czasopism podziemnych takich jak: \u201eZag\u0142\u0119bie Miedziowe\u201d, \u201eZ Dnia na Dzie\u0144\u201d i \u201eSolidarno\u015b\u0107 Walcz\u0105ca\u201d. W 1987 roku wsp\u00f3\u0142zak\u0142ada\u0142 niezale\u017cne czasopismo \u201eBiuletyn Informacyjny TPKZ \u00abS\u00bb Kopalni Polkowice\u201d. Redagowa\u0142 i pisa\u0142 teksty. Uczestniczy\u0142 w akcjach ulotkowych, akcjach malowania antyre\u017cimowych hase\u0142 na murach, manifestacjach w G\u0142ogowie i Lubinie oraz zbi\u00f3rkach na cele zwi\u0105zkowe, pomocy dla represjonowanych i ich rodzin. W latach 1983 &#8211; 1989 wsp\u00f3\u0142pracowa\u0142 z \u201eSolidarno\u015bci\u0105 Walcz\u0105c\u0105\u201d. W latach 1984 &#8211; 1988 by\u0142 kilkana\u015bcie razy zatrzymywany. 13 maja 1984 roku zosta\u0142 aresztowany. Osadzono go w Areszcie \u015aledczym we Wroc\u0142awiu, 10 sierpnia tego samego roku, zwolniono na mocy amnestii. 11 pa\u017adziernika 1987 roku Jan Gaca wsp\u00f3\u0142zak\u0142ada\u0142 Komitet Organizacyjny \u201eSolidarno\u015bci\u201d w ZG Polkowice i do 1989 roku by\u0142 jego cz\u0142onkiem. W sierpniu 1988 roku wsp\u00f3\u0142organizowa\u0142 strajk w ZG Polkowice. 23 sierpnia 1988 roku zosta\u0142 zwolniony z pracy, w listopadzie tego samego roku przyj\u0119to go do niej ponownie. W latatch 1986 &#8211; 1989 nale\u017ca\u0142 do Polskiej Partii Niepodleg\u0142o\u015bciowej. 25 stycznia 1989 roku wsp\u00f3\u0142tworzy\u0142 MKO \u201eS\u201d wojew\u00f3dztwa legnickiego, od 25 lutego tego samego roku by\u0142 cz\u0142onkiem jego Prezydium. Zosta\u0142 odznaczony: Krzy\u017cem Wolno\u015bci i Solidarno\u015bci, Odznak\u0105 Honorow\u0105 \u201eDzia\u0142acza opozycji antykomunistycznej i osoby represjonowanej z powod\u00f3w politycznych\u201d. <\/p>\n","protected":false},"excerpt":{"rendered":"<p>Urodzi\u0142 si\u0119 23 czerwca 1949 roku w Tomaszowie Mazowieckim. Po wprowadzeniu stanu wojennego, w dniach 13 &#8211; 15 grudnia 1981 roku, by\u0142 cz\u0142onkiem Zak\u0142adowego KS w ZG Polkowice. W latach 1982 &#8211; 1988 wsp\u00f3\u0142organizowa\u0142, a nast\u0119pnie osobi\u015bcie tak\u017ce dzia\u0142a\u0142 w Komitecie Pomocy Aresztowanym w Lubinie i G\u0142ogowie. By\u0142 cz\u0142onkiem Tymczasowej Podziemnej KZ w ZG Polkowice. [&hellip;]<\/p>\n","protected":false},"featured_media":3422,"template":"","meta":[],"_links":{"self":[{"href":"http:\/\/ludzie.fundacja-pih.pl\/index.php\/wp-json\/wp\/v2\/product\/3421"}],"collection":[{"href":"http:\/\/ludzie.fundacja-pih.pl\/index.php\/wp-json\/wp\/v2\/product"}],"about":[{"href":"http:\/\/ludzie.fundacja-pih.pl\/index.php\/wp-json\/wp\/v2\/types\/product"}],"wp:featuredmedia":[{"embeddable":true,"href":"http:\/\/ludzie.fundacja-pih.pl\/index.php\/wp-json\/wp\/v2\/media\/3422"}],"wp:attachment":[{"href":"http:\/\/ludzie.fundacja-pih.pl\/index.php\/wp-json\/wp\/v2\/media?parent=3421"}],"curies":[{"name":"wp","href":"https:\/\/api.w.org\/{rel}","templated":true}]}}