{"id":3429,"date":"2021-05-13T13:54:32","date_gmt":"2021-05-13T13:54:32","guid":{"rendered":"http:\/\/ludzie.fundacja-pih.pl\/?post_type=product&#038;p=3429"},"modified":"2025-05-16T14:22:01","modified_gmt":"2025-05-16T14:22:01","slug":"suszynski-kazimierz","status":"publish","type":"product","link":"http:\/\/ludzie.fundacja-pih.pl\/index.php\/product\/suszynski-kazimierz\/","title":{"rendered":"Suszy\u0144ski Kazimierz"},"content":{"rendered":"<p>Urodzi\u0142 si\u0119 10 marca 1954 roku we Wroc\u0142awiu.<\/p>\n<p>Od 1979 roku wsp\u00f3\u0142pracowa\u0142 ze \u015brodowiskami opozycyjnymi na terenie Wroc\u0142awia. W grudniu tego samego roku, przez znajomo\u015b\u0107 z Kornelem Morawieckim wszed\u0142 do redakcji \u201eBiuletynu Dolno\u015bl\u0105skiego\u201d oraz  Kooperatywy Wydawniczej \u201eWyzwolnie\u201d i by\u0142 ich cz\u0142onkiem do wrze\u015bnia 1980 roku. Organizowa\u0142 r\u00f3wnie\u017c druk i kolporta\u017c wydawnictw niezale\u017cnych. By\u0142 czynnie zaanga\u017cowany w pomoc strajkuj\u0105cym zak\u0142adom w sierpniu 1980 roku. Nale\u017ca\u0142 do  NSZZ \u201eSolidarno\u015b\u0107\u201d. Po wprowadzeniu stanu wojennego, 14 grudnia  1981 roku zosta\u0142 zatrzymany, pobity a nast\u0119pnie internowany i osadzony w wi\u0119zieniu przy Kleczkowskiej we Wroc\u0142awiu, a nast\u0119pnie w Zak\u0142adzie Karnym w Nysie. Po wyj\u015bciu na wolno\u015b\u0107 wspiera\u0142 kolporta\u017c i zaanga\u017cowa\u0142 si\u0119 w rozpoznawanie metod pracy SB.<br \/>\nOd drugiej po\u0142owy 1982 roku wspomaga\u0142 struktur\u0119 kontrwywiadu \u201eSolidarno\u015bci Walcz\u0105cej\u201d \u015bci\u015ble wsp\u00f3\u0142pracuj\u0105c z Janem Paw\u0142owskim. Prowadzi\u0142 obserwacj\u0119, weryfikowa\u0142 dane z nas\u0142uch\u00f3w cz\u0119stotliwo\u015bci radiowych wykorzystywanych przez SB. Zlokalizowa\u0142 zakonspirowane lokale operacyjne SB i WSW.<br \/>\nSporz\u0105dza\u0142 analizy, rozpracowywa\u0142 i prowadzi\u0142 wykazy funkcjonariuszy, pojazd\u00f3w, przetwarza\u0142 informacje o donosicielach, nap\u0142ywaj\u0105ce od cz\u0142onk\u00f3w \u201eSolidarno\u015bci\u201d i \u201eSolidarno\u015bci Walcz\u0105cej\u201d.<\/p>\n","protected":false},"excerpt":{"rendered":"<p>Urodzi\u0142 si\u0119 10 marca 1954 roku we Wroc\u0142awiu. Od 1979 roku wsp\u00f3\u0142pracowa\u0142 ze \u015brodowiskami opozycyjnymi na terenie Wroc\u0142awia. W grudniu tego samego roku, przez znajomo\u015b\u0107 z Kornelem Morawieckim wszed\u0142 do redakcji \u201eBiuletynu Dolno\u015bl\u0105skiego\u201d oraz Kooperatywy Wydawniczej \u201eWyzwolnie\u201d i by\u0142 ich cz\u0142onkiem do wrze\u015bnia 1980 roku. Organizowa\u0142 r\u00f3wnie\u017c druk i kolporta\u017c wydawnictw niezale\u017cnych. By\u0142 czynnie zaanga\u017cowany [&hellip;]<\/p>\n","protected":false},"featured_media":3430,"template":"","meta":[],"_links":{"self":[{"href":"http:\/\/ludzie.fundacja-pih.pl\/index.php\/wp-json\/wp\/v2\/product\/3429"}],"collection":[{"href":"http:\/\/ludzie.fundacja-pih.pl\/index.php\/wp-json\/wp\/v2\/product"}],"about":[{"href":"http:\/\/ludzie.fundacja-pih.pl\/index.php\/wp-json\/wp\/v2\/types\/product"}],"wp:featuredmedia":[{"embeddable":true,"href":"http:\/\/ludzie.fundacja-pih.pl\/index.php\/wp-json\/wp\/v2\/media\/3430"}],"wp:attachment":[{"href":"http:\/\/ludzie.fundacja-pih.pl\/index.php\/wp-json\/wp\/v2\/media?parent=3429"}],"curies":[{"name":"wp","href":"https:\/\/api.w.org\/{rel}","templated":true}]}}