{"id":3470,"date":"2021-05-16T12:13:37","date_gmt":"2021-05-16T12:13:37","guid":{"rendered":"http:\/\/ludzie.fundacja-pih.pl\/?post_type=product&#038;p=3470"},"modified":"2025-05-16T14:22:03","modified_gmt":"2025-05-16T14:22:03","slug":"frankiewicz-joanna-bentkowska","status":"publish","type":"product","link":"http:\/\/ludzie.fundacja-pih.pl\/index.php\/product\/frankiewicz-joanna-bentkowska\/","title":{"rendered":"Frankiewicz Joanna (Bentkowska)"},"content":{"rendered":"<p>Zaanga\u017cowana w dzia\u0142alno\u015b\u0107 SW Pozna\u0144. Poczatkowo kolporterka, wsp\u00f3lnie z El\u0105 Ruta i Krzysztofem Cnotalskim materia\u0142\u00f3w SW. Uczestniczka pozna\u0144skich manifestacji organizowanych przez SW. \u0141\u0105czniczka Macieja Frankiewicza do RFN. Przewozi\u0142a materia\u0142y SW dla przedstawicieli zagranicznych SW i w drodze powrotnej przemyca\u0142a do kraju wydawnictwa emigracyjne.<\/p>\n<p>Wsp\u00f3redagowa\u0142a i przygotowywa\u0142a do druku biuletyn Solidarno\u015b\u0107 Walczaca Oddzia\u0142 Pozna\u0144.<\/p>\n<p>W 1991 roku wysz\u0142a za Macieja Frankiewicza, wsp\u00f3lnie utworzyli Wydawnictwo WiS.<\/p>\n","protected":false},"excerpt":{"rendered":"<p>Zaanga\u017cowana w dzia\u0142alno\u015b\u0107 SW Pozna\u0144. Poczatkowo kolporterka, wsp\u00f3lnie z El\u0105 Ruta i Krzysztofem Cnotalskim materia\u0142\u00f3w SW. Uczestniczka pozna\u0144skich manifestacji organizowanych przez SW. \u0141\u0105czniczka Macieja Frankiewicza do RFN. Przewozi\u0142a materia\u0142y SW dla przedstawicieli zagranicznych SW i w drodze powrotnej przemyca\u0142a do kraju wydawnictwa emigracyjne. Wsp\u00f3redagowa\u0142a i przygotowywa\u0142a do druku biuletyn Solidarno\u015b\u0107 Walczaca Oddzia\u0142 Pozna\u0144. W 1991 [&hellip;]<\/p>\n","protected":false},"featured_media":3471,"template":"","meta":[],"_links":{"self":[{"href":"http:\/\/ludzie.fundacja-pih.pl\/index.php\/wp-json\/wp\/v2\/product\/3470"}],"collection":[{"href":"http:\/\/ludzie.fundacja-pih.pl\/index.php\/wp-json\/wp\/v2\/product"}],"about":[{"href":"http:\/\/ludzie.fundacja-pih.pl\/index.php\/wp-json\/wp\/v2\/types\/product"}],"wp:featuredmedia":[{"embeddable":true,"href":"http:\/\/ludzie.fundacja-pih.pl\/index.php\/wp-json\/wp\/v2\/media\/3471"}],"wp:attachment":[{"href":"http:\/\/ludzie.fundacja-pih.pl\/index.php\/wp-json\/wp\/v2\/media?parent=3470"}],"curies":[{"name":"wp","href":"https:\/\/api.w.org\/{rel}","templated":true}]}}

<p>Zaangażowana w działalność SW Poznań. Poczatkowo kolporterka, wspólnie z Elą Ruta i Krzysztofem Cnotalskim materiałów SW. Uczestniczka poznańskich manifestacji organizowanych przez SW. Łączniczka Macieja Frankiewicza do RFN. Przewoziła materiały SW dla przedstawicieli zagranicznych SW i w drodze powrotnej przemycała do kraju wydawnictwa emigracyjne.</p>
<p>Wspóredagowała i przygotowywała do druku biuletyn Solidarność Walczaca Oddział Poznań.</p>
<p>W 1991 roku wyszła za Macieja Frankiewicza, wspólnie utworzyli Wydawnictwo WiS.</p>

<p>Zaangażowana w działalność SW Poznań. Poczatkowo kolporterka, wspólnie z Elą Ruta i Krzysztofem Cnotalskim materiałów SW. Uczestniczka poznańskich manifestacji organizowanych przez SW. Łączniczka Macieja Frankiewicza do RFN. Przewoziła materiały SW dla przedstawicieli zagranicznych SW i w drodze powrotnej przemycała do kraju wydawnictwa emigracyjne. Wspóredagowała i przygotowywała do druku biuletyn Solidarność Walczaca Oddział Poznań. W 1991 [&hellip;]</p>
