{"id":3488,"date":"2021-05-16T19:08:44","date_gmt":"2021-05-16T19:08:44","guid":{"rendered":"http:\/\/ludzie.fundacja-pih.pl\/?post_type=product&#038;p=3488"},"modified":"2025-05-16T14:22:09","modified_gmt":"2025-05-16T14:22:09","slug":"sobolewski-piotr","status":"publish","type":"product","link":"http:\/\/ludzie.fundacja-pih.pl\/index.php\/product\/sobolewski-piotr\/","title":{"rendered":"Sobolewski Piotr"},"content":{"rendered":"<p>Urodzi\u0142 si\u0119 w 1962 roku w m. Sul\u0119cinie<\/p>\n<p>Dzia\u0142a\u0142 w Grupie Specjalnej \u201eArmenia\u201d w ekipie Jacka Juzwy \u201eGrzegorza\u201d. W 1983 roku zosta\u0142 szefem Sekcji Praskiej. W latach 1983 &#8211; 1988 bra\u0142 udzia\u0142 w akcjach ulotkowych, plakatowych i transparentowych. Uczestniczy\u0142 r\u00f3wnie\u017c w manifestacjach ulicznych oraz propagandowych akcjach kompromitowania \u00f3wczesnych w\u0142adz.  Wsp\u00f3\u0142pracowa\u0142 z Radiem Solidarno\u015b\u0107. Nale\u017ca\u0142 do warszawskiego oddzia\u0142u \u201eSolidarno\u015bci Walcz\u0105cej\u201d utworzonej w 1988 roku przez dzia\u0142aczy wywodz\u0105cych si\u0119 z \u201eArmenii\u201d, zakonspirowanego zaplecza techniczno-organizacyjnego Regionalnego Komitetu Wykonawczego NSZZ \u201eSolidarno\u015b\u0107\u201d Mazowsze. W ramach dzia\u0142alno\u015bci w SW zajmowa\u0142 si\u0119 kolporta\u017cem, akcjami ulotkowymi i malowaniem antyre\u017cimowych napis\u00f3w na murach. W 2018 roku  na podstawie postanowienia Prezydenta RP \u2013 nr 172\/2018 &#8211;  nadano mu Krzy\u017c Wolno\u015bci i Solidarno\u015bci.<\/p>\n","protected":false},"excerpt":{"rendered":"<p>Urodzi\u0142 si\u0119 w 1962 roku w m. Sul\u0119cinie Dzia\u0142a\u0142 w Grupie Specjalnej \u201eArmenia\u201d w ekipie Jacka Juzwy \u201eGrzegorza\u201d. W 1983 roku zosta\u0142 szefem Sekcji Praskiej. W latach 1983 &#8211; 1988 bra\u0142 udzia\u0142 w akcjach ulotkowych, plakatowych i transparentowych. Uczestniczy\u0142 r\u00f3wnie\u017c w manifestacjach ulicznych oraz propagandowych akcjach kompromitowania \u00f3wczesnych w\u0142adz. Wsp\u00f3\u0142pracowa\u0142 z Radiem Solidarno\u015b\u0107. Nale\u017ca\u0142 do [&hellip;]<\/p>\n","protected":false},"featured_media":5118,"template":"","meta":[],"_links":{"self":[{"href":"http:\/\/ludzie.fundacja-pih.pl\/index.php\/wp-json\/wp\/v2\/product\/3488"}],"collection":[{"href":"http:\/\/ludzie.fundacja-pih.pl\/index.php\/wp-json\/wp\/v2\/product"}],"about":[{"href":"http:\/\/ludzie.fundacja-pih.pl\/index.php\/wp-json\/wp\/v2\/types\/product"}],"wp:featuredmedia":[{"embeddable":true,"href":"http:\/\/ludzie.fundacja-pih.pl\/index.php\/wp-json\/wp\/v2\/media\/5118"}],"wp:attachment":[{"href":"http:\/\/ludzie.fundacja-pih.pl\/index.php\/wp-json\/wp\/v2\/media?parent=3488"}],"curies":[{"name":"wp","href":"https:\/\/api.w.org\/{rel}","templated":true}]}}