{"id":3595,"date":"2021-05-26T15:48:01","date_gmt":"2021-05-26T15:48:01","guid":{"rendered":"http:\/\/ludzie.fundacja-pih.pl\/?post_type=product&#038;p=3595"},"modified":"2025-05-16T14:22:33","modified_gmt":"2025-05-16T14:22:33","slug":"mysliwiec-wieslaw","status":"publish","type":"product","link":"http:\/\/ludzie.fundacja-pih.pl\/index.php\/product\/mysliwiec-wieslaw\/","title":{"rendered":"My\u015bliwiec Wies\u0142aw"},"content":{"rendered":"<p>Urodzi\u0142 si\u0119 1963 roku w Rzeszowie, zm. w 2017 roku na Cyprze.<\/p>\n<p>Od 1982 roku dzia\u0142a\u0142 w podziemnych strukturach Niezale\u017cnego Zrzeszenia Student\u00f3w na Politechnice Rzeszowskiej, a tak\u017ce w \u201eSolidarno\u015bci Walcz\u0105cej\u201d. Organizowa\u0142 punkty kolporta\u017cowe oraz osobi\u015bcie kolportowa\u0142 i drukowa\u0142 pras\u0119 podziemn\u0105. 16 wrze\u015bnia 1985 roku zosta\u0142 aresztowany przez Wydzia\u0142 \u015aledczy SB WUSW w Rzeszowie i 18 wrze\u015bnia tego samego roku, wyrokiem S\u0105du Rejonowego w Rzeszowie skazany na kar\u0119 1,5 roku pozbawienia wolno\u015bci. 23 pa\u017adziernika 1985 roku, S\u0105d Wojew\u00f3dzki w Rzeszowie utrzyma\u0142 w mocy wyrok s\u0105du I instancji. Na podstawie uchwa\u0142y Rady Pa\u0144stwa z 26 lutego 1986 roku, po zastosowaniu wobec Wies\u0142awa My\u015bliwca prawa \u0142aski, kar\u0119 zawieszono na 3 lata, a 6 marca 1986 roku zosta\u0142 on zwolniony z wi\u0119zienia. Wies\u0142aw My\u015bliwiec zosta\u0142 te\u017c relegowany z uczelni i przywr\u00f3cony na studia dopiero we wrze\u015bniu 1986 roku. Po wyj\u015bciu na wolno\u015b\u0107 nadal dzia\u0142a\u0142 w \u201eSolidarno\u015bci Walcz\u0105cej\u201d, kolportowa\u0142 pras\u0119 i niezale\u017cne wydawnictwa podziemne, r\u00f3wnie\u017c we wsp\u00f3\u0142pracy z Regionaln\u0105 Komisj\u0105 Wykonawcz\u0105 NSZZ \u201eSolidarno\u015b\u0107\u201d w Rzeszowie. W zwi\u0105zku z prowadzon\u0105 dzia\u0142alno\u015bci\u0105 opozycyjn\u0105 mia\u0142 zakaz wyjazdu do wszystkich kraj\u00f3w \u015bwiata w latach 1985 &#8211; 1989. Od lutego 1989 roku dzia\u0142a\u0142 w Komitecie Obywatelskim przy RKW NSZZ \u201eSolidarno\u015b\u0107\u201d w Rzeszowie, przekszta\u0142conym, w kwietniu 1989 roku w Rzeszowski Komitet Obywatelski \u201eSolidarno\u015b\u0107\u201d. Podczas wybor\u00f3w w 1989 roku odpowiada\u0142 za dystrybucj\u0119 i kolporta\u017c prasy niezale\u017cnej w regionie rzeszowskim. W 2016  roku na podstawie postanowienia Prezydenta RP \u2013 131\/2016 \u2013 nadano mu Krzy\u017c Wolno\u015bci i Solidarno\u015bci.<\/p>\n","protected":false},"excerpt":{"rendered":"<p>Urodzi\u0142 si\u0119 1963 roku w Rzeszowie, zm. w 2017 roku na Cyprze. Od 1982 roku dzia\u0142a\u0142 w podziemnych strukturach Niezale\u017cnego Zrzeszenia Student\u00f3w na Politechnice Rzeszowskiej, a tak\u017ce w \u201eSolidarno\u015bci Walcz\u0105cej\u201d. Organizowa\u0142 punkty kolporta\u017cowe oraz osobi\u015bcie kolportowa\u0142 i drukowa\u0142 pras\u0119 podziemn\u0105. 16 wrze\u015bnia 1985 roku zosta\u0142 aresztowany przez Wydzia\u0142 \u015aledczy SB WUSW w Rzeszowie i 18 [&hellip;]<\/p>\n","protected":false},"featured_media":3596,"template":"","meta":[],"_links":{"self":[{"href":"http:\/\/ludzie.fundacja-pih.pl\/index.php\/wp-json\/wp\/v2\/product\/3595"}],"collection":[{"href":"http:\/\/ludzie.fundacja-pih.pl\/index.php\/wp-json\/wp\/v2\/product"}],"about":[{"href":"http:\/\/ludzie.fundacja-pih.pl\/index.php\/wp-json\/wp\/v2\/types\/product"}],"wp:featuredmedia":[{"embeddable":true,"href":"http:\/\/ludzie.fundacja-pih.pl\/index.php\/wp-json\/wp\/v2\/media\/3596"}],"wp:attachment":[{"href":"http:\/\/ludzie.fundacja-pih.pl\/index.php\/wp-json\/wp\/v2\/media?parent=3595"}],"curies":[{"name":"wp","href":"https:\/\/api.w.org\/{rel}","templated":true}]}}