{"id":3679,"date":"2021-06-09T08:52:39","date_gmt":"2021-06-09T08:52:39","guid":{"rendered":"http:\/\/ludzie.fundacja-pih.pl\/?post_type=product&#038;p=3679"},"modified":"2025-05-16T14:22:41","modified_gmt":"2025-05-16T14:22:41","slug":"kordasz-stanislaw","status":"publish","type":"product","link":"http:\/\/ludzie.fundacja-pih.pl\/index.php\/product\/kordasz-stanislaw\/","title":{"rendered":"Kordasz Stanis\u0142aw"},"content":{"rendered":"<p>Urodzi\u0142 si\u0119 27 stycznia 1965 roku w Bogatyni.<\/p>\n<p>W 1990 roku uko\u0144czy\u0142 studia na Wydziale Mechanicznym Politechniki Wroc\u0142awskiej. W latach 1984 \u2013 1989 nale\u017ca\u0142 do podziemnych struktur Niezale\u017cnego Zrzeszenia Student\u00f3w na Politechnice Wroc\u0142awskiej. W latach 1986 &#8211; 1988 by\u0142 przewodnicz\u0105cym podziemnego NZS. W dniach 9 &#8211; 10 wrze\u015bnia 1988 roku, by\u0142 delegatem na III Krajowy Zjazd NZS w Gda\u0144sku. W latach 1985 &#8211; 1989 wsp\u00f3\u0142pracowa\u0142 z RKS \u201eS\u201d Dolny \u015al\u0105sk i z \u201eSolidarno\u015bci\u0105 Walcz\u0105c\u0105\u201d. Uczestniczy\u0142 i wsp\u00f3\u0142organizowa\u0142 akcje ulotkowe, akcje  plakatowe, akcje malowania antyre\u017cimowych hase\u0142 na murach i tramwajach. Bra\u0142 udzia\u0142 w happeningach Pomara\u0144czowej Alternatywy, wsp\u00f3\u0142organizowa\u0142 manifestacje. W latach 1986 &#8211; 1989 wsp\u00f3\u0142organizowa\u0142 emisje audycji podziemnego Radia NZS. Od 1984 roku nale\u017ca\u0142 do Duszpasterstwa Akademickiego Wawrzyny przy ko\u015bciele \u015bw. Wawrzy\u0144ca we Wroc\u0142awiu. W latach 1986 &#8211; 1989 wsp\u00f3\u0142zak\u0142ada\u0142 i opiekowa\u0142 si\u0119 bibliotek\u0105 wydawnictw podziemnych. Tak\u017ce w latach 1986 &#8211; 1989 wsp\u00f3\u0142redagowa\u0142 podziemne czasopismo \u201eNa Indeksie. Pisma Cz\u0142onk\u00f3w i Sympatyk\u00f3w NZS\u201d. W latach 1985 &#8211; 1989 by\u0142 organizatorem prowadzonego na szerok\u0105 skal\u0119 kolporta\u017cu wydawnictw podziemnych m.in. pism: \u201eNa Indeksie\u201d, \u201eGazety Ulicznej\u201d, \u201eZ Dnia na Dzie\u0144\u201d, \u201eSolidarno\u015bci Walcz\u0105cej\u201d, ksi\u0105\u017cek i ulotek. Od kwietnia do wrze\u015bnia 1988 roku wsp\u00f3\u0142redagowa\u0142 i odpowiada\u0142 za kolporta\u017c \u201eGazety Ulicznej\u201d. W maju 1988 roku by\u0142 wsp\u00f3\u0142organizatorem i uczestnikiem strajku studenckiego na Politechnice Wroc\u0142awskiej. By\u0142 \u0142\u0105cznikiem z Duszpasterstwem Ludzi Pracy w Dzier\u017coniowie. <\/p>\n","protected":false},"excerpt":{"rendered":"<p>Urodzi\u0142 si\u0119 27 stycznia 1965 roku w Bogatyni. W 1990 roku uko\u0144czy\u0142 studia na Wydziale Mechanicznym Politechniki Wroc\u0142awskiej. W latach 1984 \u2013 1989 nale\u017ca\u0142 do podziemnych struktur Niezale\u017cnego Zrzeszenia Student\u00f3w na Politechnice Wroc\u0142awskiej. W latach 1986 &#8211; 1988 by\u0142 przewodnicz\u0105cym podziemnego NZS. W dniach 9 &#8211; 10 wrze\u015bnia 1988 roku, by\u0142 delegatem na III Krajowy [&hellip;]<\/p>\n","protected":false},"featured_media":906,"template":"","meta":[],"_links":{"self":[{"href":"http:\/\/ludzie.fundacja-pih.pl\/index.php\/wp-json\/wp\/v2\/product\/3679"}],"collection":[{"href":"http:\/\/ludzie.fundacja-pih.pl\/index.php\/wp-json\/wp\/v2\/product"}],"about":[{"href":"http:\/\/ludzie.fundacja-pih.pl\/index.php\/wp-json\/wp\/v2\/types\/product"}],"wp:featuredmedia":[{"embeddable":true,"href":"http:\/\/ludzie.fundacja-pih.pl\/index.php\/wp-json\/wp\/v2\/media\/906"}],"wp:attachment":[{"href":"http:\/\/ludzie.fundacja-pih.pl\/index.php\/wp-json\/wp\/v2\/media?parent=3679"}],"curies":[{"name":"wp","href":"https:\/\/api.w.org\/{rel}","templated":true}]}}

Kordasz Stanisław

<p>Urodził się 27 stycznia 1965 roku w Bogatyni.</p>
<p>W 1990 roku ukończył studia na Wydziale Mechanicznym Politechniki Wrocławskiej. W latach 1984 – 1989 należał do podziemnych struktur Niezależnego Zrzeszenia Studentów na Politechnice Wrocławskiej. W latach 1986 &#8211; 1988 był przewodniczącym podziemnego NZS. W dniach 9 &#8211; 10 września 1988 roku, był delegatem na III Krajowy Zjazd NZS w Gdańsku. W latach 1985 &#8211; 1989 współpracował z RKS „S” Dolny Śląsk i z „Solidarnością Walczącą”. Uczestniczył i współorganizował akcje ulotkowe, akcje  plakatowe, akcje malowania antyreżimowych haseł na murach i tramwajach. Brał udział w happeningach Pomarańczowej Alternatywy, współorganizował manifestacje. W latach 1986 &#8211; 1989 współorganizował emisje audycji podziemnego Radia NZS. Od 1984 roku należał do Duszpasterstwa Akademickiego Wawrzyny przy kościele św. Wawrzyńca we Wrocławiu. W latach 1986 &#8211; 1989 współzakładał i opiekował się biblioteką wydawnictw podziemnych. Także w latach 1986 &#8211; 1989 współredagował podziemne czasopismo „Na Indeksie. Pisma Członków i Sympatyków NZS”. W latach 1985 &#8211; 1989 był organizatorem prowadzonego na szeroką skalę kolportażu wydawnictw podziemnych m.in. pism: „Na Indeksie”, „Gazety Ulicznej”, „Z Dnia na Dzień”, „Solidarności Walczącej”, książek i ulotek. Od kwietnia do września 1988 roku współredagował i odpowiadał za kolportaż „Gazety Ulicznej”. W maju 1988 roku był współorganizatorem i uczestnikiem strajku studenckiego na Politechnice Wrocławskiej. Był łącznikiem z Duszpasterstwem Ludzi Pracy w Dzierżoniowie. </p>

<p>Urodził się 27 stycznia 1965 roku w Bogatyni. W 1990 roku ukończył studia na Wydziale Mechanicznym Politechniki Wrocławskiej. W latach 1984 – 1989 należał do podziemnych struktur Niezależnego Zrzeszenia Studentów na Politechnice Wrocławskiej. W latach 1986 &#8211; 1988 był przewodniczącym podziemnego NZS. W dniach 9 &#8211; 10 września 1988 roku, był delegatem na III Krajowy [&hellip;]</p>
