{"id":3680,"date":"2021-06-09T08:53:29","date_gmt":"2021-06-09T08:53:29","guid":{"rendered":"http:\/\/ludzie.fundacja-pih.pl\/?post_type=product&#038;p=3680"},"modified":"2025-05-16T14:22:42","modified_gmt":"2025-05-16T14:22:42","slug":"kutowska-aleksandra","status":"publish","type":"product","link":"http:\/\/ludzie.fundacja-pih.pl\/index.php\/product\/kutowska-aleksandra\/","title":{"rendered":"Kutowska Aleksandra"},"content":{"rendered":"<p>Dzia\u0142alno\u015b\u0107 podziemn\u0105 rozpocz\u0119\u0142a po wprowadzeniu stanu wojennego. W 1982 roku, w trakcie studi\u00f3w na Politechnice Wroc\u0142awskiej, wsp\u00f3\u0142pracowa\u0142a z Regionalnym Komitetem Strajkowym NSZZ \u201eSolidarno\u015b\u0107\u201d Dolny \u015al\u0105sk. Pe\u0142ni\u0142a w\u00f3wczas  funkcj\u0119 \u0142\u0105czniczki oraz przechowywa\u0142a i dostarcza\u0142a podziemne wydawnictwa. W po\u0142owie 1982 roku przy\u0142\u0105czy\u0142a si\u0119 do \u201eSolidarno\u015bci Walcz\u0105cej\u201d. Znajomo\u015b\u0107 j\u0119zyk\u00f3w obcych pozwala\u0142a Aleksandrze Kutowskiej na utrzymywanie kontakt\u00f3w z cudzoziemcami wspieraj\u0105cymi dzia\u0142alno\u015b\u0107 opozycji. Przekazywa\u0142a im podziemne materia\u0142y prasowe i fotograficzne, dzi\u0119ki kt\u00f3rym zagraniczna prasa by\u0142a informowana o sytuacji w Polsce. W ramach swojej dzia\u0142alno\u015bci zagranicznej wsp\u00f3\u0142pracowa\u0142a z Biurem Informacyjnym Solidarno\u015bci w Amsterdamie. Jej praca w tzw. pionie wsp\u00f3\u0142pracy z zagranic\u0105 \u201eSolidarno\u015bci Walcz\u0105cej\u201d, dotyczy\u0142a g\u0142\u00f3wnie obs\u0142ugi kana\u0142u przerzutowego z Holandii do Polski, kt\u00f3rym transportowano m. in. sprz\u0119t poligraficzny, elektronik\u0119 i podziemne wydawnictwa. Otrzymane z zagranicy materia\u0142y by\u0142y sk\u0142adowane w mieszkaniu  Aleksandry Kutowskiej, kt\u00f3re do 1989 roku by\u0142o r\u00f3wnie\u017c cz\u0119stym miejscem spotka\u0144 dzia\u0142aczy podziemia. Aleksandra Kutowska wsp\u00f3\u0142uczestniczy\u0142a tak\u017ce w przygotowywaniu druku podziemnego pisma \u201eReplika\u201d. Za swoj\u0105 dzia\u0142alno\u015b\u0107 decyzj\u0105 Prezydenta RP nr 223\/2017 otrzyma\u0142a Z\u0142oty Krzy\u017c Zas\u0142ugi.<\/p>\n","protected":false},"excerpt":{"rendered":"<p>Dzia\u0142alno\u015b\u0107 podziemn\u0105 rozpocz\u0119\u0142a po wprowadzeniu stanu wojennego. W 1982 roku, w trakcie studi\u00f3w na Politechnice Wroc\u0142awskiej, wsp\u00f3\u0142pracowa\u0142a z Regionalnym Komitetem Strajkowym NSZZ \u201eSolidarno\u015b\u0107\u201d Dolny \u015al\u0105sk. Pe\u0142ni\u0142a w\u00f3wczas funkcj\u0119 \u0142\u0105czniczki oraz przechowywa\u0142a i dostarcza\u0142a podziemne wydawnictwa. W po\u0142owie 1982 roku przy\u0142\u0105czy\u0142a si\u0119 do \u201eSolidarno\u015bci Walcz\u0105cej\u201d. Znajomo\u015b\u0107 j\u0119zyk\u00f3w obcych pozwala\u0142a Aleksandrze Kutowskiej na utrzymywanie kontakt\u00f3w z cudzoziemcami [&hellip;]<\/p>\n","protected":false},"featured_media":906,"template":"","meta":[],"_links":{"self":[{"href":"http:\/\/ludzie.fundacja-pih.pl\/index.php\/wp-json\/wp\/v2\/product\/3680"}],"collection":[{"href":"http:\/\/ludzie.fundacja-pih.pl\/index.php\/wp-json\/wp\/v2\/product"}],"about":[{"href":"http:\/\/ludzie.fundacja-pih.pl\/index.php\/wp-json\/wp\/v2\/types\/product"}],"wp:featuredmedia":[{"embeddable":true,"href":"http:\/\/ludzie.fundacja-pih.pl\/index.php\/wp-json\/wp\/v2\/media\/906"}],"wp:attachment":[{"href":"http:\/\/ludzie.fundacja-pih.pl\/index.php\/wp-json\/wp\/v2\/media?parent=3680"}],"curies":[{"name":"wp","href":"https:\/\/api.w.org\/{rel}","templated":true}]}}

<p>Działalność podziemną rozpoczęła po wprowadzeniu stanu wojennego. W 1982 roku, w trakcie studiów na Politechnice Wrocławskiej, współpracowała z Regionalnym Komitetem Strajkowym NSZZ „Solidarność” Dolny Śląsk. Pełniła wówczas  funkcję łączniczki oraz przechowywała i dostarczała podziemne wydawnictwa. W połowie 1982 roku przyłączyła się do „Solidarności Walczącej”. Znajomość języków obcych pozwalała Aleksandrze Kutowskiej na utrzymywanie kontaktów z cudzoziemcami wspierającymi działalność opozycji. Przekazywała im podziemne materiały prasowe i fotograficzne, dzięki którym zagraniczna prasa była informowana o sytuacji w Polsce. W ramach swojej działalności zagranicznej współpracowała z Biurem Informacyjnym Solidarności w Amsterdamie. Jej praca w tzw. pionie współpracy z zagranicą „Solidarności Walczącej”, dotyczyła głównie obsługi kanału przerzutowego z Holandii do Polski, którym transportowano m. in. sprzęt poligraficzny, elektronikę i podziemne wydawnictwa. Otrzymane z zagranicy materiały były składowane w mieszkaniu  Aleksandry Kutowskiej, które do 1989 roku było również częstym miejscem spotkań działaczy podziemia. Aleksandra Kutowska współuczestniczyła także w przygotowywaniu druku podziemnego pisma „Replika”. Za swoją działalność decyzją Prezydenta RP nr 223/2017 otrzymała Złoty Krzyż Zasługi.</p>

<p>Działalność podziemną rozpoczęła po wprowadzeniu stanu wojennego. W 1982 roku, w trakcie studiów na Politechnice Wrocławskiej, współpracowała z Regionalnym Komitetem Strajkowym NSZZ „Solidarność” Dolny Śląsk. Pełniła wówczas funkcję łączniczki oraz przechowywała i dostarczała podziemne wydawnictwa. W połowie 1982 roku przyłączyła się do „Solidarności Walczącej”. Znajomość języków obcych pozwalała Aleksandrze Kutowskiej na utrzymywanie kontaktów z cudzoziemcami [&hellip;]</p>
