{"id":3684,"date":"2021-06-09T08:59:18","date_gmt":"2021-06-09T08:59:18","guid":{"rendered":"http:\/\/ludzie.fundacja-pih.pl\/?post_type=product&#038;p=3684"},"modified":"2025-05-16T14:22:44","modified_gmt":"2025-05-16T14:22:44","slug":"klimek-stanislaw","status":"publish","type":"product","link":"http:\/\/ludzie.fundacja-pih.pl\/index.php\/product\/klimek-stanislaw\/","title":{"rendered":"Klimek Stanis\u0142aw"},"content":{"rendered":"<p>By\u0142 cz\u0142onkiem NSZZ \u201eSolidarno\u015b\u0107\u201d w Przedsi\u0119biorstwie Geofizyki Morskiej i L\u0105dowej G\u00f3rnictwa Naftowego \u201eGeofizyka\u201d w Toruniu. Po przeniesieniu si\u0119 do Wroc\u0142awia w 1983 roku, wraz z \u017con\u0105 El\u017cbiet\u0105, w\u0142\u0105czy\u0142 si\u0119 w dzia\u0142alno\u015b\u0107 Agencji Fotograficznej Solidarno\u015bci Walcz\u0105cej. W swoim mieszkaniu projektowa\u0142 i wykonywa\u0142 liczne fotomonta\u017ce, kt\u00f3re nast\u0119pnie by\u0142y kolportowane w drugim obiegu wydawniczym w nak\u0142adach si\u0119gaj\u0105cych 10000 egzemplarzy. Za swoj\u0105 dzia\u0142alno\u015b\u0107 w 2017 roku otrzyma\u0142 Z\u0142oty Krzy\u017c Zas\u0142ugi oraz Krzy\u017c Wolno\u015bci i Solidarno\u015bci.<\/p>\n","protected":false},"excerpt":{"rendered":"<p>By\u0142 cz\u0142onkiem NSZZ \u201eSolidarno\u015b\u0107\u201d w Przedsi\u0119biorstwie Geofizyki Morskiej i L\u0105dowej G\u00f3rnictwa Naftowego \u201eGeofizyka\u201d w Toruniu. Po przeniesieniu si\u0119 do Wroc\u0142awia w 1983 roku, wraz z \u017con\u0105 El\u017cbiet\u0105, w\u0142\u0105czy\u0142 si\u0119 w dzia\u0142alno\u015b\u0107 Agencji Fotograficznej Solidarno\u015bci Walcz\u0105cej. W swoim mieszkaniu projektowa\u0142 i wykonywa\u0142 liczne fotomonta\u017ce, kt\u00f3re nast\u0119pnie by\u0142y kolportowane w drugim obiegu wydawniczym w nak\u0142adach si\u0119gaj\u0105cych 10000 [&hellip;]<\/p>\n","protected":false},"featured_media":906,"template":"","meta":[],"_links":{"self":[{"href":"http:\/\/ludzie.fundacja-pih.pl\/index.php\/wp-json\/wp\/v2\/product\/3684"}],"collection":[{"href":"http:\/\/ludzie.fundacja-pih.pl\/index.php\/wp-json\/wp\/v2\/product"}],"about":[{"href":"http:\/\/ludzie.fundacja-pih.pl\/index.php\/wp-json\/wp\/v2\/types\/product"}],"wp:featuredmedia":[{"embeddable":true,"href":"http:\/\/ludzie.fundacja-pih.pl\/index.php\/wp-json\/wp\/v2\/media\/906"}],"wp:attachment":[{"href":"http:\/\/ludzie.fundacja-pih.pl\/index.php\/wp-json\/wp\/v2\/media?parent=3684"}],"curies":[{"name":"wp","href":"https:\/\/api.w.org\/{rel}","templated":true}]}}

Klimek Stanisław

<p>Był członkiem NSZZ „Solidarność” w Przedsiębiorstwie Geofizyki Morskiej i Lądowej Górnictwa Naftowego „Geofizyka” w Toruniu. Po przeniesieniu się do Wrocławia w 1983 roku, wraz z żoną Elżbietą, włączył się w działalność Agencji Fotograficznej Solidarności Walczącej. W swoim mieszkaniu projektował i wykonywał liczne fotomontaże, które następnie były kolportowane w drugim obiegu wydawniczym w nakładach sięgających 10000 egzemplarzy. Za swoją działalność w 2017 roku otrzymał Złoty Krzyż Zasługi oraz Krzyż Wolności i Solidarności.</p>

<p>Był członkiem NSZZ „Solidarność” w Przedsiębiorstwie Geofizyki Morskiej i Lądowej Górnictwa Naftowego „Geofizyka” w Toruniu. Po przeniesieniu się do Wrocławia w 1983 roku, wraz z żoną Elżbietą, włączył się w działalność Agencji Fotograficznej Solidarności Walczącej. W swoim mieszkaniu projektował i wykonywał liczne fotomontaże, które następnie były kolportowane w drugim obiegu wydawniczym w nakładach sięgających 10000 [&hellip;]</p>
